{"id":688,"date":"2020-01-14T13:59:57","date_gmt":"2020-01-14T12:59:57","guid":{"rendered":"http:\/\/www.aaesor721.fr\/?page_id=688"},"modified":"2020-11-01T17:45:48","modified_gmt":"2020-11-01T16:45:48","slug":"sommaire-mille-pattes-n-34-decembre-2019","status":"publish","type":"page","link":"http:\/\/www.aaesor721.fr\/index.php\/sommaire-mille-pattes-n-34-decembre-2019\/","title":{"rendered":"Sommaire Mille Pattes n\u00b0 34 \/ D\u00e9cembre 2019"},"content":{"rendered":"<p style=\"text-align: left;\"><span style=\"font-family: arial, helvetica, sans-serif; font-size: 10pt; color: #000000;\">Le mot du Pr\u00e9sident<\/span><\/p>\n<p style=\"text-align: left;\"><span style=\"font-family: arial, helvetica, sans-serif; font-size: 10pt; color: #000000;\">La biographie du G\u00e9n\u00e9ral<\/span><\/p>\n<p style=\"text-align: left;\"><span style=\"font-family: arial, helvetica, sans-serif; font-size: 10pt; color: #000000;\"><strong>ASSEMBL\u00c9ES, CONSEILS, R\u00c9UNIONS<\/strong><\/span><\/p>\n<p style=\"text-align: left;\"><span style=\"font-family: arial, helvetica, sans-serif; font-size: 10pt; color: #000000;\">AG et CA des 5 et 6 juin 2019<\/span><\/p>\n<p style=\"text-align: left;\"><span style=\"font-family: arial, helvetica, sans-serif; font-size: 10pt; color: #000000;\">Visite du Bunker de La Rochelle le 7 juin<\/span><\/p>\n<p style=\"text-align: left;\"><span style=\"font-family: arial, helvetica, sans-serif; font-size: 10pt; color: #000000;\"><strong>ACTIVIT\u00c9S DANS LES R\u00c9GIONS<\/strong><\/span><\/p>\n<p style=\"text-align: left;\"><span style=\"font-family: arial, helvetica, sans-serif; font-size: 10pt; color: #000000;\">Centre Val de Loire<\/span><\/p>\n<p style=\"text-align: left;\"><span style=\"font-family: arial, helvetica, sans-serif; font-size: 10pt; color: #000000;\">&#8211; Remise de brevets de pilote \u00e0 Avord<\/span><\/p>\n<p style=\"text-align: left;\"><span style=\"font-family: arial, helvetica, sans-serif; font-size: 10pt; color: #000000;\">&#8211; Prise de commandement et macaronage \u00e0 Avord<\/span><\/p>\n<p style=\"text-align: left;\"><span style=\"font-family: arial, helvetica, sans-serif; font-size: 10pt; color: #000000;\">&#8211; Prise de commandement d&rsquo;unit\u00e9s \u00e0 Avord<\/span><\/p>\n<p style=\"text-align: left;\"><a href=\"http:\/\/www.aaesor721.fr\/wp-content\/uploads\/2020\/05\/h4_prises_de_commandement_orleans.pdf\" target=\"_blank\" rel=\"noopener noreferrer\"><span style=\"font-family: arial, helvetica, sans-serif; font-size: 10pt; color: #000000;\">&#8211; Prise de commandement BA 123 Orl\u00e9ans<\/span><\/a><\/p>\n<p style=\"text-align: left;\"><span style=\"font-family: arial, helvetica, sans-serif; font-size: 10pt; color: #000000;\">Nouvelle Aquitaine<\/span><\/p>\n<p style=\"text-align: left;\"><span style=\"font-family: arial, helvetica, sans-serif; font-size: 10pt; color: #000000;\">&#8211; Congr\u00e8s de l&rsquo;ANTAM<\/span><\/p>\n<p style=\"text-align: left;\"><a href=\"http:\/\/www.aaesor721.fr\/wp-content\/uploads\/2020\/10\/M2.-Bapteme-de-la-promotion-2018-de-lEFSOAA-min.pdf\" target=\"_blank\" rel=\"noopener noreferrer\"><span style=\"background-color: yellow; font-family: arial, helvetica, sans-serif; font-size: 10pt; color: #000000;\">&#8211; Bapt\u00eame de la promotion 2018 de l&rsquo;EFSOAA<\/span><\/a><\/p>\n<p style=\"text-align: left;\"><span style=\"font-family: arial, helvetica, sans-serif; font-size: 10pt; color: #000000;\">&#8211; Meeting de l&rsquo;air sur la BA 120 de Cazaux<\/span><\/p>\n<p style=\"text-align: left;\"><a href=\"http:\/\/www.aaesor721.fr\/wp-content\/uploads\/2020\/02\/M4.-Prise-de-commandement-BA-et-EFSOAA.pdf\" target=\"_blank\" rel=\"noopener noreferrer\"><span style=\"font-family: arial, helvetica, sans-serif; font-size: 10pt; color: #000000;\">&#8211; Prise de commandement de l&rsquo;EFSOAA<\/span><\/a><\/p>\n<p style=\"text-align: left;\"><span style=\"font-family: arial, helvetica, sans-serif; font-size: 10pt; color: #000000;\">Paris &#8211; \u00cele de France<\/span><\/p>\n<p style=\"text-align: left;\"><span style=\"font-family: arial, helvetica, sans-serif; font-size: 10pt; color: #000000;\">&#8211; Hommage au M\u00e9decin capitaine Laycuras<\/span><\/p>\n<p style=\"text-align: left;\"><span style=\"font-family: arial, helvetica, sans-serif; font-size: 10pt; color: #000000;\">&#8211; Centenaire de la mort de Jules V\u00e9drines<\/span><\/p>\n<p style=\"text-align: left;\"><span style=\"font-family: arial, helvetica, sans-serif; font-size: 10pt; color: #000000;\">&#8211; Journ\u00e9e du souvenir de la d\u00e9portation<\/span><\/p>\n<p style=\"text-align: left;\"><span style=\"font-family: arial, helvetica, sans-serif; font-size: 10pt; color: #000000;\">&#8211; Hommage aux pionniers du La Fayette<\/span><\/p>\n<p style=\"text-align: left;\"><span style=\"font-family: arial, helvetica, sans-serif; font-size: 10pt; color: #000000;\">&#8211; 77\u00b0 anniversaire de la sortie de Bir-Hakeim<\/span><\/p>\n<p style=\"text-align: left;\"><span style=\"font-family: arial, helvetica, sans-serif; font-size: 10pt; color: #000000;\">&#8211; Comm\u00e9moration du 18 juin 1940<\/span><\/p>\n<p style=\"text-align: left;\"><span style=\"font-family: arial, helvetica, sans-serif; font-size: 10pt; color: #000000;\">&#8211; Centenaire du Trait\u00e9 de Versailles<\/span><\/p>\n<p style=\"text-align: left;\"><span style=\"font-family: arial, helvetica, sans-serif; font-size: 10pt; color: #000000;\">&#8211; Comm\u00e9moration de la rafle du Vel d&rsquo;Hiv<\/span><\/p>\n<p style=\"text-align: left;\"><span style=\"font-family: arial, helvetica, sans-serif; font-size: 10pt; color: #000000;\">&#8211; C\u00e9r\u00e9monie \u00e0 la cascade du Bois de Boulogne<\/span><\/p>\n<p style=\"text-align: left;\"><a href=\"http:\/\/www.aaesor721.fr\/wp-content\/uploads\/2020\/05\/o10_acte_reddition_troupes_allemandes.pdf\" target=\"_blank\" rel=\"noopener noreferrer\"><span style=\"font-family: arial, helvetica, sans-serif; font-size: 10pt; color: #000000;\">&#8211; Acte de reddition des troupes allemandes \u00e0 Paris<\/span><\/a><\/p>\n<p style=\"text-align: left;\"><span style=\"font-family: arial, helvetica, sans-serif; font-size: 10pt; color: #000000;\">&#8211; 75\u00b0 anniversaire de la lib\u00e9ration de Paris<\/span><\/p>\n<p style=\"text-align: left;\"><a href=\"http:\/\/www.aaesor721.fr\/wp-content\/uploads\/2020\/10\/O12.-Hommage-\u00e0-Rene-Mouchotte-min.pdf\" target=\"_blank\" rel=\"noopener noreferrer\"><span style=\"background-color: yellow; font-family: arial, helvetica, sans-serif; font-size: 10pt; color: #000000;\">&#8211; Hommage \u00e0 Ren\u00e9 Mouchotte<\/span><\/a><\/p>\n<p style=\"text-align: left;\"><span style=\"font-family: arial, helvetica, sans-serif; font-size: 10pt; color: #000000;\">&#8211; Rendez vous avec C\u00e9lestin P\u00e9goud<\/span><\/p>\n<p style=\"text-align: left;\"><span style=\"font-family: arial, helvetica, sans-serif; font-size: 10pt; color: #000000;\">&#8211; Visite guid\u00e9e du Mont Val\u00e9rien<\/span><\/p>\n<p style=\"text-align: left;\"><span style=\"font-family: arial, helvetica, sans-serif; font-size: 10pt; color: #000000;\">Provence-Alpes-C\u00f4te d&rsquo;Azur<\/span><\/p>\n<p style=\"text-align: left;\"><a href=\"http:\/\/www.aaesor721.fr\/wp-content\/uploads\/2020\/02\/Q1.-M\u00e9daille-a\u00e9ro-bien-m\u00e9rit\u00e9e.pdf\" target=\"_blank\" rel=\"noopener noreferrer\"><span style=\"font-family: arial, helvetica, sans-serif; font-size: 10pt; color: #000000;\">&#8211; Une m\u00e9daille de l&rsquo;A\u00e9ronautique bien m\u00e9rit\u00e9e<\/span><\/a><\/p>\n<p style=\"text-align: left;\"><span style=\"font-family: arial, helvetica, sans-serif; font-size: 10pt; color: #000000;\"><strong>HISTOIRE<\/strong><\/span><\/p>\n<p style=\"text-align: left;\"><span style=\"font-family: arial, helvetica, sans-serif; font-size: 10pt; color: #000000;\">Les ailes fran\u00e7aises dans les d\u00e9barquements de 1944<\/span><\/p>\n<p style=\"text-align: left;\"><span style=\"font-family: arial, helvetica, sans-serif; font-size: 10pt; color: #000000;\">31 juillet 1944, disparition de Saint \u00c9xup\u00e9ry<\/span><\/p>\n<p style=\"text-align: left;\"><span style=\"font-family: arial, helvetica, sans-serif; font-size: 10pt; color: #000000;\"><strong>DIVERS<\/strong><\/span><\/p>\n<p style=\"text-align: left;\"><span style=\"font-family: arial, helvetica, sans-serif; font-size: 10pt; color: #000000;\">N\u00e9crologie<\/span><\/p>\n<p style=\"text-align: left;\"><span style=\"font-family: arial, helvetica, sans-serif; font-size: 10pt; color: #000000;\">Nouveaux adh\u00e9rents<\/span><\/p>\n<p style=\"text-align: left;\"><span style=\"font-family: arial, helvetica, sans-serif; font-size: 10pt; color: #000000;\">Informations aux adh\u00e9rents<\/span><\/p>\n<p style=\"text-align: left;\"><span style=\"font-family: arial, helvetica, sans-serif; font-size: 10pt; color: #000000;\">La boutique<\/span><\/p>\n<p style=\"text-align: left;\"><span style=\"font-family: arial, helvetica, sans-serif; font-size: 10pt; color: #000000;\">Coordonn\u00e9es du tr\u00e9sorier<\/span><\/p>\n","protected":false},"excerpt":{"rendered":"<p>Le mot du Pr\u00e9sident La biographie du G\u00e9n\u00e9ral ASSEMBL\u00c9ES, CONSEILS, R\u00c9UNIONS AG et CA des 5 et 6 juin 2019 Visite du Bunker de La Rochelle le 7 juin ACTIVIT\u00c9S DANS LES R\u00c9GIONS Centre Val de Loire &#8211; Remise de brevets de pilote \u00e0 Avord &#8211; Prise de commandement et macaronage \u00e0 Avord &#8211; Prise [&hellip;]<\/p>\n","protected":false},"author":4,"featured_media":0,"parent":0,"menu_order":0,"comment_status":"closed","ping_status":"closed","template":"","meta":[],"_links":{"self":[{"href":"http:\/\/www.aaesor721.fr\/index.php\/wp-json\/wp\/v2\/pages\/688"}],"collection":[{"href":"http:\/\/www.aaesor721.fr\/index.php\/wp-json\/wp\/v2\/pages"}],"about":[{"href":"http:\/\/www.aaesor721.fr\/index.php\/wp-json\/wp\/v2\/types\/page"}],"author":[{"embeddable":true,"href":"http:\/\/www.aaesor721.fr\/index.php\/wp-json\/wp\/v2\/users\/4"}],"replies":[{"embeddable":true,"href":"http:\/\/www.aaesor721.fr\/index.php\/wp-json\/wp\/v2\/comments?post=688"}],"version-history":[{"count":6,"href":"http:\/\/www.aaesor721.fr\/index.php\/wp-json\/wp\/v2\/pages\/688\/revisions"}],"predecessor-version":[{"id":1415,"href":"http:\/\/www.aaesor721.fr\/index.php\/wp-json\/wp\/v2\/pages\/688\/revisions\/1415"}],"wp:attachment":[{"href":"http:\/\/www.aaesor721.fr\/index.php\/wp-json\/wp\/v2\/media?parent=688"}],"curies":[{"name":"wp","href":"https:\/\/api.w.org\/{rel}","templated":true}]}}

Sommaire Mille Pattes n° 34 / Décembre 2019

<p style="text-align: left;"><span style="font-family: arial, helvetica, sans-serif; font-size: 10pt; color: #000000;">Le mot du Président</span></p>
<p style="text-align: left;"><span style="font-family: arial, helvetica, sans-serif; font-size: 10pt; color: #000000;">La biographie du Général</span></p>
<p style="text-align: left;"><span style="font-family: arial, helvetica, sans-serif; font-size: 10pt; color: #000000;"><strong>ASSEMBLÉES, CONSEILS, RÉUNIONS</strong></span></p>
<p style="text-align: left;"><span style="font-family: arial, helvetica, sans-serif; font-size: 10pt; color: #000000;">AG et CA des 5 et 6 juin 2019</span></p>
<p style="text-align: left;"><span style="font-family: arial, helvetica, sans-serif; font-size: 10pt; color: #000000;">Visite du Bunker de La Rochelle le 7 juin</span></p>
<p style="text-align: left;"><span style="font-family: arial, helvetica, sans-serif; font-size: 10pt; color: #000000;"><strong>ACTIVITÉS DANS LES RÉGIONS</strong></span></p>
<p style="text-align: left;"><span style="font-family: arial, helvetica, sans-serif; font-size: 10pt; color: #000000;">Centre Val de Loire</span></p>
<p style="text-align: left;"><span style="font-family: arial, helvetica, sans-serif; font-size: 10pt; color: #000000;">&#8211; Remise de brevets de pilote à Avord</span></p>
<p style="text-align: left;"><span style="font-family: arial, helvetica, sans-serif; font-size: 10pt; color: #000000;">&#8211; Prise de commandement et macaronage à Avord</span></p>
<p style="text-align: left;"><span style="font-family: arial, helvetica, sans-serif; font-size: 10pt; color: #000000;">&#8211; Prise de commandement d&rsquo;unités à Avord</span></p>
<p style="text-align: left;"><a href="http://www.aaesor721.fr/wp-content/uploads/2020/05/h4_prises_de_commandement_orleans.pdf" target="_blank" rel="noopener noreferrer"><span style="font-family: arial, helvetica, sans-serif; font-size: 10pt; color: #000000;">&#8211; Prise de commandement BA 123 Orléans</span></a></p>
<p style="text-align: left;"><span style="font-family: arial, helvetica, sans-serif; font-size: 10pt; color: #000000;">Nouvelle Aquitaine</span></p>
<p style="text-align: left;"><span style="font-family: arial, helvetica, sans-serif; font-size: 10pt; color: #000000;">&#8211; Congrès de l&rsquo;ANTAM</span></p>
<p style="text-align: left;"><a href="http://www.aaesor721.fr/wp-content/uploads/2020/10/M2.-Bapteme-de-la-promotion-2018-de-lEFSOAA-min.pdf" target="_blank" rel="noopener noreferrer"><span style="background-color: yellow; font-family: arial, helvetica, sans-serif; font-size: 10pt; color: #000000;">&#8211; Baptême de la promotion 2018 de l&rsquo;EFSOAA</span></a></p>
<p style="text-align: left;"><span style="font-family: arial, helvetica, sans-serif; font-size: 10pt; color: #000000;">&#8211; Meeting de l&rsquo;air sur la BA 120 de Cazaux</span></p>
<p style="text-align: left;"><a href="http://www.aaesor721.fr/wp-content/uploads/2020/02/M4.-Prise-de-commandement-BA-et-EFSOAA.pdf" target="_blank" rel="noopener noreferrer"><span style="font-family: arial, helvetica, sans-serif; font-size: 10pt; color: #000000;">&#8211; Prise de commandement de l&rsquo;EFSOAA</span></a></p>
<p style="text-align: left;"><span style="font-family: arial, helvetica, sans-serif; font-size: 10pt; color: #000000;">Paris &#8211; Île de France</span></p>
<p style="text-align: left;"><span style="font-family: arial, helvetica, sans-serif; font-size: 10pt; color: #000000;">&#8211; Hommage au Médecin capitaine Laycuras</span></p>
<p style="text-align: left;"><span style="font-family: arial, helvetica, sans-serif; font-size: 10pt; color: #000000;">&#8211; Centenaire de la mort de Jules Védrines</span></p>
<p style="text-align: left;"><span style="font-family: arial, helvetica, sans-serif; font-size: 10pt; color: #000000;">&#8211; Journée du souvenir de la déportation</span></p>
<p style="text-align: left;"><span style="font-family: arial, helvetica, sans-serif; font-size: 10pt; color: #000000;">&#8211; Hommage aux pionniers du La Fayette</span></p>
<p style="text-align: left;"><span style="font-family: arial, helvetica, sans-serif; font-size: 10pt; color: #000000;">&#8211; 77° anniversaire de la sortie de Bir-Hakeim</span></p>
<p style="text-align: left;"><span style="font-family: arial, helvetica, sans-serif; font-size: 10pt; color: #000000;">&#8211; Commémoration du 18 juin 1940</span></p>
<p style="text-align: left;"><span style="font-family: arial, helvetica, sans-serif; font-size: 10pt; color: #000000;">&#8211; Centenaire du Traité de Versailles</span></p>
<p style="text-align: left;"><span style="font-family: arial, helvetica, sans-serif; font-size: 10pt; color: #000000;">&#8211; Commémoration de la rafle du Vel d&rsquo;Hiv</span></p>
<p style="text-align: left;"><span style="font-family: arial, helvetica, sans-serif; font-size: 10pt; color: #000000;">&#8211; Cérémonie à la cascade du Bois de Boulogne</span></p>
<p style="text-align: left;"><a href="http://www.aaesor721.fr/wp-content/uploads/2020/05/o10_acte_reddition_troupes_allemandes.pdf" target="_blank" rel="noopener noreferrer"><span style="font-family: arial, helvetica, sans-serif; font-size: 10pt; color: #000000;">&#8211; Acte de reddition des troupes allemandes à Paris</span></a></p>
<p style="text-align: left;"><span style="font-family: arial, helvetica, sans-serif; font-size: 10pt; color: #000000;">&#8211; 75° anniversaire de la libération de Paris</span></p>
<p style="text-align: left;"><a href="http://www.aaesor721.fr/wp-content/uploads/2020/10/O12.-Hommage-à-Rene-Mouchotte-min.pdf" target="_blank" rel="noopener noreferrer"><span style="background-color: yellow; font-family: arial, helvetica, sans-serif; font-size: 10pt; color: #000000;">&#8211; Hommage à René Mouchotte</span></a></p>
<p style="text-align: left;"><span style="font-family: arial, helvetica, sans-serif; font-size: 10pt; color: #000000;">&#8211; Rendez vous avec Célestin Pégoud</span></p>
<p style="text-align: left;"><span style="font-family: arial, helvetica, sans-serif; font-size: 10pt; color: #000000;">&#8211; Visite guidée du Mont Valérien</span></p>
<p style="text-align: left;"><span style="font-family: arial, helvetica, sans-serif; font-size: 10pt; color: #000000;">Provence-Alpes-Côte d&rsquo;Azur</span></p>
<p style="text-align: left;"><a href="http://www.aaesor721.fr/wp-content/uploads/2020/02/Q1.-Médaille-aéro-bien-méritée.pdf" target="_blank" rel="noopener noreferrer"><span style="font-family: arial, helvetica, sans-serif; font-size: 10pt; color: #000000;">&#8211; Une médaille de l&rsquo;Aéronautique bien méritée</span></a></p>
<p style="text-align: left;"><span style="font-family: arial, helvetica, sans-serif; font-size: 10pt; color: #000000;"><strong>HISTOIRE</strong></span></p>
<p style="text-align: left;"><span style="font-family: arial, helvetica, sans-serif; font-size: 10pt; color: #000000;">Les ailes françaises dans les débarquements de 1944</span></p>
<p style="text-align: left;"><span style="font-family: arial, helvetica, sans-serif; font-size: 10pt; color: #000000;">31 juillet 1944, disparition de Saint Éxupéry</span></p>
<p style="text-align: left;"><span style="font-family: arial, helvetica, sans-serif; font-size: 10pt; color: #000000;"><strong>DIVERS</strong></span></p>
<p style="text-align: left;"><span style="font-family: arial, helvetica, sans-serif; font-size: 10pt; color: #000000;">Nécrologie</span></p>
<p style="text-align: left;"><span style="font-family: arial, helvetica, sans-serif; font-size: 10pt; color: #000000;">Nouveaux adhérents</span></p>
<p style="text-align: left;"><span style="font-family: arial, helvetica, sans-serif; font-size: 10pt; color: #000000;">Informations aux adhérents</span></p>
<p style="text-align: left;"><span style="font-family: arial, helvetica, sans-serif; font-size: 10pt; color: #000000;">La boutique</span></p>
<p style="text-align: left;"><span style="font-family: arial, helvetica, sans-serif; font-size: 10pt; color: #000000;">Coordonnées du trésorier</span></p>

<p>Le mot du Président La biographie du Général ASSEMBLÉES, CONSEILS, RÉUNIONS AG et CA des 5 et 6 juin 2019 Visite du Bunker de La Rochelle le 7 juin ACTIVITÉS DANS LES RÉGIONS Centre Val de Loire &#8211; Remise de brevets de pilote à Avord &#8211; Prise de commandement et macaronage à Avord &#8211; Prise [&hellip;]</p>
