{"id":686,"date":"2020-01-14T13:58:53","date_gmt":"2020-01-14T12:58:53","guid":{"rendered":"http:\/\/www.aaesor721.fr\/?page_id=686"},"modified":"2020-11-01T17:48:54","modified_gmt":"2020-11-01T16:48:54","slug":"sommaire-mille-pattes-n-33-juin-2019","status":"publish","type":"page","link":"http:\/\/www.aaesor721.fr\/index.php\/sommaire-mille-pattes-n-33-juin-2019\/","title":{"rendered":"Sommaire Mille Pattes n\u00b0 33 \/ Juin 2019"},"content":{"rendered":"<p style=\"text-align: left;\"><span style=\"font-family: arial, helvetica, sans-serif; color: #000000; font-size: 10pt;\">Le mot du Pr\u00e9sident<\/span><\/p>\n<p style=\"text-align: left;\"><span style=\"font-family: arial, helvetica, sans-serif; color: #000000; font-size: 10pt;\"><strong>ACTIVIT\u00c9S DANS LES R\u00c9GIONS<\/strong><\/span><\/p>\n<p style=\"text-align: left;\"><span style=\"font-family: arial, helvetica, sans-serif; color: #000000; font-size: 10pt;\">Centre Val de Loire<\/span><\/p>\n<p style=\"text-align: left;\"><span style=\"font-family: arial, helvetica, sans-serif; color: #000000; font-size: 10pt;\">&#8211; Remise de brevets \u00e0 Avord<\/span><\/p>\n<p style=\"text-align: left;\"><span style=\"font-family: arial, helvetica, sans-serif; color: #000000; font-size: 10pt;\">Grand Est<\/span><\/p>\n<p style=\"text-align: left;\"><a href=\"http:\/\/www.aaesor721.fr\/wp-content\/uploads\/2020\/05\/crash_mirage_2000_nancy.pdf\" target=\"_blank\" rel=\"noopener noreferrer\"><span style=\"font-family: arial, helvetica, sans-serif; color: #000000; font-size: 10pt;\">&#8211; Crash d&rsquo;un Mirage 2000 D de Nancy<\/span><\/a><\/p>\n<p style=\"text-align: left;\"><span style=\"font-family: arial, helvetica, sans-serif; color: #000000; font-size: 10pt;\">Nouvelle Aquitaine<\/span><\/p>\n<p style=\"text-align: left;\"><span style=\"font-family: arial, helvetica, sans-serif; color: #000000; font-size: 10pt;\">&#8211; 40 ans \u00e0 Saint Agnant, visite de Soubise<\/span><\/p>\n<p style=\"text-align: left;\"><span style=\"font-family: arial, helvetica, sans-serif; color: #000000; font-size: 10pt;\">&#8211; Attestations de stage remises \u00e0 des \u00e9l\u00e8ves civils<\/span><\/p>\n<p style=\"text-align: left;\"><span style=\"font-family: arial, helvetica, sans-serif; color: #000000; font-size: 10pt;\">&#8211; C\u00e9r\u00e9monie d&rsquo;hommage aux pilotes polonais de 1940<\/span><\/p>\n<p style=\"text-align: left;\"><span style=\"font-family: arial, helvetica, sans-serif; color: #000000; font-size: 10pt;\">&#8211; Bapt\u00eame de la P151\u00a0 \u00e0 Saintes<\/span><\/p>\n<p style=\"text-align: left;\"><span style=\"font-family: arial, helvetica, sans-serif; color: #000000; font-size: 10pt;\">&#8211; R\u00e9union Campus a\u00e9ronautique Nlle Aquitaine \u00e0 l&rsquo;EFSOAA<\/span><\/p>\n<p style=\"text-align: left;\"><a href=\"http:\/\/www.aaesor721.fr\/wp-content\/uploads\/2020\/11\/Le-BTS-a\u00e9ro-\u00e0-lEFSOAA-min.pdf\" target=\"_blank\" rel=\"noopener noreferrer\"><span style=\"background-color: yellow; font-family: arial, helvetica, sans-serif; color: #000000; font-size: 10pt;\">&#8211; Nouveau ! Le BTS a\u00e9ronautique \u00e0 l&rsquo;EFSOAA<\/span><\/a><\/p>\n<p style=\"text-align: left;\"><span style=\"font-family: arial, helvetica, sans-serif; color: #000000; font-size: 10pt;\">&#8211; Le Cercle et la caserne Martrou<\/span><\/p>\n<p style=\"text-align: left;\"><a href=\"http:\/\/www.aaesor721.fr\/wp-content\/uploads\/2020\/02\/70-ans-dh\u00e9licopt\u00e8res-dans-lAA.pdf\" target=\"_blank\" rel=\"noopener noreferrer\"><span style=\"font-family: arial, helvetica, sans-serif; color: #000000; font-size: 10pt;\">&#8211; 70 ans d&rsquo;h\u00e9licopt\u00e8res dans l&rsquo;AA<\/span><\/a><\/p>\n<p style=\"text-align: left;\"><span style=\"font-family: arial, helvetica, sans-serif; color: #000000; font-size: 10pt;\">Paris &#8211; \u00cele de France<\/span><\/p>\n<p style=\"text-align: left;\"><a href=\"http:\/\/www.aaesor721.fr\/wp-content\/uploads\/2020\/11\/Ravivage-de-la-flamme-par-EAP-Rochefort-min.pdf\" target=\"_blank\" rel=\"noopener noreferrer\"><span style=\"background-color: yellow; font-family: arial, helvetica, sans-serif; color: #000000; font-size: 10pt;\">&#8211; Ravivage de la Flamme par l&rsquo;EAP de Rochefort<\/span><\/a><\/p>\n<p style=\"text-align: left;\"><span style=\"font-family: arial, helvetica, sans-serif; color: #000000; font-size: 10pt;\">&#8211; Exposition 14-18, le ciel en guerre<\/span><\/p>\n<p style=\"text-align: left;\"><span style=\"font-family: arial, helvetica, sans-serif; color: #000000; font-size: 10pt;\">&#8211; Journ\u00e9e d&rsquo;hommage aux Harkis<\/span><\/p>\n<p style=\"text-align: left;\"><span style=\"font-family: arial, helvetica, sans-serif; color: #000000; font-size: 10pt;\">&#8211; C\u00e9r\u00e9monie Garros \u00e0 l&rsquo;Arc de Triomphe<\/span><\/p>\n<p style=\"text-align: left;\"><span style=\"font-family: arial, helvetica, sans-serif; color: #000000; font-size: 10pt;\">&#8211; Trois pilotes, une guerre<\/span><\/p>\n<p style=\"text-align: left;\"><span style=\"font-family: arial, helvetica, sans-serif; color: #000000; font-size: 10pt;\">&#8211; Messe du centenaire<\/span><\/p>\n<p style=\"text-align: left;\"><span style=\"font-family: arial, helvetica, sans-serif; color: #000000; font-size: 10pt;\">&#8211; C\u00e9r\u00e9monie du 11novembre<\/span><\/p>\n<p style=\"text-align: left;\"><span style=\"font-family: arial, helvetica, sans-serif; color: #000000; font-size: 10pt;\">&#8211; Un ravivage sous haute tension<\/span><\/p>\n<p style=\"text-align: left;\"><span style=\"font-family: arial, helvetica, sans-serif; color: #000000; font-size: 10pt;\">&#8211; Colloque 019 de l&rsquo;Arm\u00e9e de l&rsquo;air<\/span><\/p>\n<p style=\"text-align: left;\"><span style=\"font-family: arial, helvetica, sans-serif; color: #000000; font-size: 10pt;\">&#8211; \u00c9crivains combattants<\/span><\/p>\n<p style=\"text-align: left;\"><span style=\"font-family: arial, helvetica, sans-serif; color: #000000; font-size: 10pt;\">&#8211; Ravivage du 4 d\u00e9cembre<\/span><\/p>\n<p style=\"text-align: left;\"><span style=\"font-family: arial, helvetica, sans-serif; color: #000000; font-size: 10pt;\">&#8211; Remise de m\u00e9dailles minist\u00e9rielles<\/span><\/p>\n<p style=\"text-align: left;\"><span style=\"font-family: arial, helvetica, sans-serif; color: #000000; font-size: 10pt;\">&#8211; Les v\u0153ux du CEMAA<\/span><\/p>\n<p style=\"text-align: left;\"><span style=\"font-family: arial, helvetica, sans-serif; color: #000000; font-size: 10pt;\">&#8211; Les v\u0153ux du CSNI<\/span><\/p>\n<p style=\"text-align: left;\"><span style=\"font-family: arial, helvetica, sans-serif; color: #000000; font-size: 10pt;\">&#8211; Avec la L\u00e9gion au fort de Nogent<\/span><\/p>\n<p style=\"text-align: left;\"><span style=\"font-family: arial, helvetica, sans-serif; color: #000000; font-size: 10pt;\">&#8211; V\u0153ux de Mme Darrieussecq<\/span><\/p>\n<p style=\"text-align: left;\"><span style=\"font-family: arial, helvetica, sans-serif; color: #000000; font-size: 10pt;\">&#8211; Les v\u0153ux du CEMA<\/span><\/p>\n<p style=\"text-align: left;\"><span style=\"font-family: arial, helvetica, sans-serif; color: #000000; font-size: 10pt;\">&#8211; Salon des m\u00e9tiers a\u00e9ronautiques<\/span><\/p>\n<p class=\"western\" style=\"text-align: left;\"><span style=\"font-family: Arial, sans-serif; font-size: 10pt; color: #000000;\">Provence-Alpes-C\u00f4te d&rsquo;Azur<\/span><\/p>\n<p class=\"western\" style=\"text-align: left;\"><a href=\"http:\/\/www.aaesor721.fr\/wp-content\/uploads\/2020\/05\/rond_point_nn_marignane.pdf\" target=\"_blank\" rel=\"noopener noreferrer\"><span style=\"font-family: Arial, sans-serif; font-size: 10pt; color: #000000;\">&#8211; Inauguration Rond point NN \u00e0 Marignane<\/span><\/a><\/p>\n<p style=\"text-align: left;\"><span style=\"font-family: arial, helvetica, sans-serif; color: #000000; font-size: 10pt;\">Autres lieux<\/span><\/p>\n<p style=\"text-align: left;\"><span style=\"font-family: arial, helvetica, sans-serif; color: #000000; font-size: 10pt;\">&#8211; Remembrance Day \u00e0 Bruxelles<\/span><\/p>\n<p style=\"text-align: left;\"><span style=\"font-family: arial, helvetica, sans-serif; color: #000000; font-size: 10pt;\"><strong>HISTOIRE<\/strong><\/span><\/p>\n<p style=\"text-align: left;\"><span style=\"font-family: arial, helvetica, sans-serif; color: #000000; font-size: 10pt;\">Le Sikorsky H 34 dans l&rsquo;Arm\u00e9e de l&rsquo;air<\/span><\/p>\n<p style=\"text-align: left;\"><a href=\"http:\/\/www.aaesor721.fr\/wp-content\/uploads\/2020\/02\/Une-trajectoire-peu-commune-2e-partie.pdf\" target=\"_blank\" rel=\"noopener noreferrer\"><span style=\"font-family: arial, helvetica, sans-serif; color: #000000; font-size: 10pt;\">Une trajectoire peu commune (\u00e9poque 2)<\/span><\/a><\/p>\n<p style=\"text-align: left;\"><span style=\"font-family: arial, helvetica, sans-serif; color: #000000; font-size: 10pt;\"><strong>DIVERS<\/strong><\/span><\/p>\n<p style=\"text-align: left;\"><span style=\"font-family: arial, helvetica, sans-serif; color: #000000; font-size: 10pt;\">N\u00e9crologie<\/span><\/p>\n<p style=\"text-align: left;\"><span style=\"font-family: arial, helvetica, sans-serif; color: #000000; font-size: 10pt;\">Nouveaux adh\u00e9rents<\/span><\/p>\n<p style=\"text-align: left;\"><span style=\"font-family: arial, helvetica, sans-serif; color: #000000; font-size: 10pt;\">Informations aux adh\u00e9rents<\/span><\/p>\n<p style=\"text-align: left;\"><span style=\"font-family: arial, helvetica, sans-serif; color: #000000; font-size: 10pt;\">La boutique<\/span><\/p>\n","protected":false},"excerpt":{"rendered":"<p>Le mot du Pr\u00e9sident ACTIVIT\u00c9S DANS LES R\u00c9GIONS Centre Val de Loire &#8211; Remise de brevets \u00e0 Avord Grand Est &#8211; Crash d&rsquo;un Mirage 2000 D de Nancy Nouvelle Aquitaine &#8211; 40 ans \u00e0 Saint Agnant, visite de Soubise &#8211; Attestations de stage remises \u00e0 des \u00e9l\u00e8ves civils &#8211; C\u00e9r\u00e9monie d&rsquo;hommage aux pilotes polonais de [&hellip;]<\/p>\n","protected":false},"author":4,"featured_media":0,"parent":0,"menu_order":0,"comment_status":"closed","ping_status":"closed","template":"","meta":[],"_links":{"self":[{"href":"http:\/\/www.aaesor721.fr\/index.php\/wp-json\/wp\/v2\/pages\/686"}],"collection":[{"href":"http:\/\/www.aaesor721.fr\/index.php\/wp-json\/wp\/v2\/pages"}],"about":[{"href":"http:\/\/www.aaesor721.fr\/index.php\/wp-json\/wp\/v2\/types\/page"}],"author":[{"embeddable":true,"href":"http:\/\/www.aaesor721.fr\/index.php\/wp-json\/wp\/v2\/users\/4"}],"replies":[{"embeddable":true,"href":"http:\/\/www.aaesor721.fr\/index.php\/wp-json\/wp\/v2\/comments?post=686"}],"version-history":[{"count":8,"href":"http:\/\/www.aaesor721.fr\/index.php\/wp-json\/wp\/v2\/pages\/686\/revisions"}],"predecessor-version":[{"id":1416,"href":"http:\/\/www.aaesor721.fr\/index.php\/wp-json\/wp\/v2\/pages\/686\/revisions\/1416"}],"wp:attachment":[{"href":"http:\/\/www.aaesor721.fr\/index.php\/wp-json\/wp\/v2\/media?parent=686"}],"curies":[{"name":"wp","href":"https:\/\/api.w.org\/{rel}","templated":true}]}}