{"id":684,"date":"2020-01-14T13:57:54","date_gmt":"2020-01-14T12:57:54","guid":{"rendered":"http:\/\/www.aaesor721.fr\/?page_id=684"},"modified":"2020-11-01T17:52:14","modified_gmt":"2020-11-01T16:52:14","slug":"sommaire-mille-pattes-n-32-novembre-2018","status":"publish","type":"page","link":"http:\/\/www.aaesor721.fr\/index.php\/sommaire-mille-pattes-n-32-novembre-2018\/","title":{"rendered":"Sommaire Mille Pattes n\u00b0 32 \/ Novembre 2018"},"content":{"rendered":"<div style=\"height: 700px; overflow: auto; text-align: left;\"><span style=\"font-family: arial, helvetica, sans-serif; color: #000000; font-size: 10pt;\">Le mot du Pr\u00e9sident<\/span><br \/>\n<span style=\"font-family: arial, helvetica, sans-serif; color: #000000; font-size: 10pt;\">Le mot du G\u00e9n\u00e9ral<\/span><br \/>\n<span style=\"font-family: arial, helvetica, sans-serif; color: #000000; font-size: 10pt;\"><strong>ASSEMBL\u00c9ES, CONSEILS, R\u00c9UNIONS <\/strong><\/span><br \/>\n<a href=\"http:\/\/www.aaesor721.fr\/wp-content\/uploads\/2020\/11\/AG-et-CA-en-mai-et-juin-2018-min.pdf\" target=\"_blank\" rel=\"noopener noreferrer\"><span style=\"background-color: yellow; font-family: arial, helvetica, sans-serif; color: #000000; font-size: 10pt;\">AG et CA en mai et juin 2018<\/span><\/a><br \/>\n<span style=\"font-family: arial, helvetica, sans-serif; color: #000000; font-size: 10pt;\">Visite de la station de lagunage<\/span><br \/>\n<span style=\"font-family: arial, helvetica, sans-serif; color: #000000; font-size: 10pt;\"><strong>ACTIVIT\u00c9S DANS LES R\u00c9GIONS<\/strong><\/span><br \/>\n<span style=\"font-family: arial, helvetica, sans-serif; color: #000000; font-size: 10pt;\">Centre Val de Loire<\/span><br \/>\n<span style=\"font-family: arial, helvetica, sans-serif; color: #000000; font-size: 10pt;\">&#8211; Macaronage de pilotes \u00e0 Avord<\/span><br \/>\n<span style=\"font-family: arial, helvetica, sans-serif; color: #000000; font-size: 10pt;\">&#8211; Prise de commandement base d&rsquo;Avord<\/span><br \/>\n<span style=\"font-family: arial, helvetica, sans-serif; color: #000000; font-size: 10pt;\">&#8211; Prise de commandement unit\u00e9s d&rsquo;Avord<\/span><br \/>\n<span style=\"font-family: arial, helvetica, sans-serif; color: #000000; font-size: 10pt;\">Grand Est<\/span><br \/>\n<span style=\"font-family: arial, helvetica, sans-serif; color: #000000; font-size: 10pt;\">&#8211; Meeting de l&rsquo;air base de Nancy<\/span><br \/>\n<span style=\"font-family: arial, helvetica, sans-serif; color: #000000; font-size: 10pt;\">Hauts de France<\/span><br \/>\n<span style=\"font-family: arial, helvetica, sans-serif; color: #000000; font-size: 10pt;\">&#8211; Journ\u00e9e de l&rsquo;aviateur \u00e0 Creil<\/span><br \/>\n<span style=\"font-family: arial, helvetica, sans-serif; color: #000000; font-size: 10pt;\">Normandie<\/span><br \/>\n<a href=\"http:\/\/www.aaesor721.fr\/wp-content\/uploads\/2020\/05\/meeting_base_evreux.pdf\" target=\"_blank\" rel=\"noopener noreferrer\"><span style=\"font-family: arial, helvetica, sans-serif; color: #000000; font-size: 10pt;\">&#8211; Meeting de l&rsquo;air base d&rsquo;\u00c9vreux<\/span><\/a><br \/>\n<span style=\"font-family: arial, helvetica, sans-serif; color: #000000; font-size: 10pt;\">Nouvelle Aquitaine<\/span><br \/>\n<span style=\"font-family: arial, helvetica, sans-serif; color: #000000; font-size: 10pt;\">&#8211; Prises de commandement \u00e0 Mont de Marsan<\/span><br \/>\n<span style=\"font-family: arial, helvetica, sans-serif; color: #000000; font-size: 10pt;\">&#8211; Bapt\u00eame de la promotion 2017 de l&rsquo;EFSOAA<\/span><br \/>\n<a href=\"http:\/\/www.aaesor721.fr\/wp-content\/uploads\/2020\/11\/Les-40-ans-de-St-Agnant-P\u00e9lerinage-sur-base-de-Soubise-min.pdf\" target=\"_blank\" rel=\"noopener noreferrer\"><span style=\"background-color: yellow; font-family: arial, helvetica, sans-serif; color: #000000; font-size: 10pt;\">&#8211; 40 ans \u00e0 Saint Agnant, p\u00e8lerinage \u00e0 Soubise<\/span><\/a><br \/>\n<span style=\"font-family: arial, helvetica, sans-serif; color: #000000; font-size: 10pt;\">Paris &#8211; \u00cele de France<\/span><br \/>\n<span style=\"font-family: arial, helvetica, sans-serif; color: #000000; font-size: 10pt;\">&#8211; Comm\u00e9moration de la bataille de Stalingrad<\/span><br \/>\n<span style=\"font-family: arial, helvetica, sans-serif; color: #000000; font-size: 10pt;\">&#8211; Les 120 ans de l&rsquo;A\u00e9roclub de France<\/span><br \/>\n<span style=\"font-family: arial, helvetica, sans-serif; color: #000000; font-size: 10pt;\">&#8211; Carrefour de l&rsquo;air 2018<\/span><br \/>\n<span style=\"font-family: arial, helvetica, sans-serif; color: #000000; font-size: 10pt;\">&#8211; Journ\u00e9e nationale de la d\u00e9portation<\/span><br \/>\n<span style=\"font-family: arial, helvetica, sans-serif; color: #000000; font-size: 10pt;\">&#8211; Centenaire de la RAF<\/span><br \/>\n<span style=\"font-family: arial, helvetica, sans-serif; color: #000000; font-size: 10pt;\">&#8211; Comm\u00e9moration de la cr\u00e9ation du CNR<\/span><br \/>\n<span style=\"font-family: arial, helvetica, sans-serif; color: #000000; font-size: 10pt;\">&#8211; D\u00e9c\u00e8s de Serge Dassault<\/span><br \/>\n<span style=\"font-family: arial, helvetica, sans-serif; color: #000000; font-size: 10pt;\">&#8211;<a href=\"http:\/\/www.aaesor721.fr\/wp-content\/uploads\/2020\/01\/2018_homaages_roland_garros.pdf\" target=\"_blank\" rel=\"noopener noreferrer\"> 2018, ann\u00e9e des hommages \u00e0 Roland Garros<\/a><\/span><br \/>\n<span style=\"font-family: arial, helvetica, sans-serif; color: #000000; font-size: 10pt;\">&#8211; Hommage \u00e0 Jean Moulin<\/span><br \/>\n<span style=\"font-family: arial, helvetica, sans-serif; color: #000000; font-size: 10pt;\">&#8211; Anniversaire de l&rsquo;appel de 18 juin<\/span><br \/>\n<span style=\"font-family: arial, helvetica, sans-serif; color: #000000; font-size: 10pt;\">&#8211; Festival international de musique militaire<\/span><br \/>\n<span style=\"font-family: arial, helvetica, sans-serif; color: #000000; font-size: 10pt;\">&#8211; Les 50 ans du BIA \u00e0 Cerny<\/span><br \/>\n<span style=\"font-family: arial, helvetica, sans-serif; color: #000000; font-size: 10pt;\">&#8211; <a href=\"http:\/\/www.aaesor721.fr\/wp-content\/uploads\/2020\/01\/defile_ecole_14_juillet.pdf\" target=\"_blank\" rel=\"noopener noreferrer\">D\u00e9fil\u00e9 de l&rsquo;\u00c9cole le 14 juillet \u00e0 Paris<\/a><\/span><br \/>\n<span style=\"font-family: arial, helvetica, sans-serif; color: #000000; font-size: 10pt;\"> <strong>HISTOIRE<\/strong><\/span><br \/>\n<a href=\"http:\/\/www.aaesor721.fr\/wp-content\/uploads\/2020\/05\/trajectoire_peu_commune.pdf\" target=\"_blank\" rel=\"noopener noreferrer\"><span style=\"font-family: arial, helvetica, sans-serif; color: #000000; font-size: 10pt;\">Une trajectoire peu commune (\u00e9poque1)<\/span><\/a><br \/>\n<span style=\"font-family: arial, helvetica, sans-serif; color: #000000; font-size: 10pt;\"><strong>DIVERS<\/strong><\/span><br \/>\n<span style=\"font-family: arial, helvetica, sans-serif; color: #000000; font-size: 10pt;\">N\u00e9crologie<\/span><br \/>\n<span style=\"font-family: arial, helvetica, sans-serif; color: #000000; font-size: 10pt;\">Nouveaux adh\u00e9rents<\/span><br \/>\n<span style=\"font-family: arial, helvetica, sans-serif; color: #000000; font-size: 10pt;\">Informations aux adh\u00e9rents<\/span><br \/>\n<span style=\"font-family: arial, helvetica, sans-serif; color: #000000; font-size: 10pt;\">Cotisations<\/span><br \/>\n<span style=\"font-family: arial, helvetica, sans-serif; color: #000000; font-size: 10pt;\">La boutique<\/span><\/div>\n","protected":false},"excerpt":{"rendered":"<p>Le mot du Pr\u00e9sident Le mot du G\u00e9n\u00e9ral ASSEMBL\u00c9ES, CONSEILS, R\u00c9UNIONS AG et CA en mai et juin 2018 Visite de la station de lagunage ACTIVIT\u00c9S DANS LES R\u00c9GIONS Centre Val de Loire &#8211; Macaronage de pilotes \u00e0 Avord &#8211; Prise de commandement base d&rsquo;Avord &#8211; Prise de commandement unit\u00e9s d&rsquo;Avord Grand Est &#8211; Meeting [&hellip;]<\/p>\n","protected":false},"author":4,"featured_media":0,"parent":0,"menu_order":0,"comment_status":"closed","ping_status":"closed","template":"","meta":[],"_links":{"self":[{"href":"http:\/\/www.aaesor721.fr\/index.php\/wp-json\/wp\/v2\/pages\/684"}],"collection":[{"href":"http:\/\/www.aaesor721.fr\/index.php\/wp-json\/wp\/v2\/pages"}],"about":[{"href":"http:\/\/www.aaesor721.fr\/index.php\/wp-json\/wp\/v2\/types\/page"}],"author":[{"embeddable":true,"href":"http:\/\/www.aaesor721.fr\/index.php\/wp-json\/wp\/v2\/users\/4"}],"replies":[{"embeddable":true,"href":"http:\/\/www.aaesor721.fr\/index.php\/wp-json\/wp\/v2\/comments?post=684"}],"version-history":[{"count":23,"href":"http:\/\/www.aaesor721.fr\/index.php\/wp-json\/wp\/v2\/pages\/684\/revisions"}],"predecessor-version":[{"id":1417,"href":"http:\/\/www.aaesor721.fr\/index.php\/wp-json\/wp\/v2\/pages\/684\/revisions\/1417"}],"wp:attachment":[{"href":"http:\/\/www.aaesor721.fr\/index.php\/wp-json\/wp\/v2\/media?parent=684"}],"curies":[{"name":"wp","href":"https:\/\/api.w.org\/{rel}","templated":true}]}}