{"id":680,"date":"2020-01-14T13:56:12","date_gmt":"2020-01-14T12:56:12","guid":{"rendered":"http:\/\/www.aaesor721.fr\/?page_id=680"},"modified":"2020-11-01T18:03:57","modified_gmt":"2020-11-01T17:03:57","slug":"sommaire-mille-pattes-n-30-novembre-2017","status":"publish","type":"page","link":"http:\/\/www.aaesor721.fr\/index.php\/sommaire-mille-pattes-n-30-novembre-2017\/","title":{"rendered":"Sommaire Mille Pattes n\u00b0 30 \/ Novembre 2017"},"content":{"rendered":"<div style=\"height: 700px; overflow: scroll;\">\n<p style=\"text-align: left;\"><span style=\"font-family: arial, helvetica, sans-serif; font-size: 10pt; color: #000000;\">Le mot du Pr\u00e9sident<\/span><\/p>\n<p style=\"text-align: left;\"><span style=\"font-family: arial, helvetica, sans-serif; font-size: 10pt; color: #000000;\">Colonel Manuel Alvarez<\/span><\/p>\n<p style=\"text-align: left;\"><span style=\"font-family: arial, helvetica, sans-serif; font-size: 10pt; color: #000000;\"><strong><b>17\u00b0 ASSEMBL\u00c9E G\u00c9N\u00c9RALE <\/b><\/strong><\/span><\/p>\n<p style=\"text-align: left;\"><span style=\"font-family: arial, helvetica, sans-serif; font-size: 10pt; color: #000000;\">Journ\u00e9es des 17 et 18 mai 2017<\/span><\/p>\n<p style=\"text-align: left;\"><span style=\"font-family: arial, helvetica, sans-serif; font-size: 10pt; color: #000000;\">Visite des \u00e9pouses \u00e0 l&rsquo;exposition Pierre Loti le 18 mai<\/span><\/p>\n<p style=\"text-align: left;\"><span style=\"font-family: arial, helvetica, sans-serif; font-size: 10pt; color: #000000;\">Visite de l&rsquo;usine M\u00e9tal Chrome le 19 mai<\/span><\/p>\n<p style=\"text-align: left;\"><span style=\"font-family: arial, helvetica, sans-serif; font-size: 10pt; color: #000000;\"><strong><b>NOS R\u00c9GIONS<\/b><\/strong><\/span><\/p>\n<p style=\"text-align: left;\"><span style=\"font-family: arial, helvetica, sans-serif; font-size: 10pt; color: #000000;\">R\u00e9gion Aquitaine<\/span><\/p>\n<p style=\"text-align: left;\"><a href=\"http:\/\/www.aaesor721.fr\/wp-content\/uploads\/2020\/11\/Meeting-sur-BA-106-de-M\u00e9rignac-min.pdf\" target=\"_blank\" rel=\"noopener noreferrer\"><span style=\"background-color: yellow; font-family: arial, helvetica, sans-serif; font-size: 10pt; color: #000000;\">&#8211; Meeting sur BA 106 de M\u00e9rignac<\/span><\/a><\/p>\n<p style=\"text-align: left;\"><span style=\"font-family: arial, helvetica, sans-serif; font-size: 10pt; color: #000000;\">&#8211; 75<sup>e <\/sup>anniversaire du r\u00e9giment Normandie Niemen<\/span><\/p>\n<p style=\"text-align: left;\"><span style=\"font-family: arial, helvetica, sans-serif; font-size: 10pt; color: #000000;\">R\u00e9gion Poitou-Charentes<\/span><\/p>\n<p style=\"text-align: left;\"><a href=\"http:\/\/www.aaesor721.fr\/wp-content\/uploads\/2020\/11\/C\u00e9r\u00e9monie-du-29-juin-2017-\u00e0-Rochefort-min.pdf\" target=\"_blank\" rel=\"noopener noreferrer\"><span style=\"background-color: yellow; font-family: arial, helvetica, sans-serif; font-size: 10pt; color: #000000;\">&#8211; C\u00e9r\u00e9monie du 29 juin 2017 sur base de Rochefort<\/span><\/a><\/p>\n<p style=\"text-align: left;\"><span style=\"font-family: arial, helvetica, sans-serif; font-size: 10pt; color: #000000;\">R\u00e9gion Champagne Ardenne<\/span><\/p>\n<p style=\"text-align: left;\"><span style=\"font-family: arial, helvetica, sans-serif; font-size: 10pt; color: #000000;\">&#8211; C\u00e9r\u00e9monie \u00e0 la chapelle et au cimeti\u00e8re russes de St Hilaire le Grand<\/span><\/p>\n<p style=\"text-align: left;\"><span style=\"font-family: arial, helvetica, sans-serif; font-size: 10pt; color: #000000;\">&#8211; Meeting \u00e0 St Dizier les 1 et 2 juillet 2017<\/span><\/p>\n<p style=\"text-align: left;\"><span style=\"font-family: arial, helvetica, sans-serif; font-size: 10pt; color: #000000;\">Rh\u00f4ne Languedoc-Roussillon<\/span><\/p>\n<p style=\"text-align: left;\"><span style=\"font-family: arial, helvetica, sans-serif; font-size: 10pt; color: #000000;\">&#8211; Journ\u00e9e rencontre adh\u00e9rents \u00e0 Argel\u00e8s Plage<\/span><\/p>\n<p style=\"text-align: left;\"><span style=\"font-family: arial, helvetica, sans-serif; font-size: 10pt; color: #000000;\">R\u00e9gion Bourgogne Franche-Comt\u00e9<\/span><\/p>\n<p style=\"text-align: left;\"><span style=\"font-family: arial, helvetica, sans-serif; font-size: 10pt; color: #000000;\">&#8211; Hommage \u00e0 l&rsquo;As Georges Guynemer<\/span><\/p>\n<p style=\"text-align: left;\"><span style=\"font-family: arial, helvetica, sans-serif; font-size: 10pt; color: #000000;\">R\u00e9gion \u00eele de France<\/span><\/p>\n<p style=\"text-align: left;\"><span style=\"font-family: arial, helvetica, sans-serif; font-size: 10pt; color: #000000;\">&#8211; Carrefour de l&rsquo;air 2017<\/span><\/p>\n<p style=\"text-align: left;\"><span style=\"font-family: arial, helvetica, sans-serif; font-size: 10pt; color: #000000;\">&#8211; M\u00e9morial aux soldats morts en OPEX<\/span><\/p>\n<p style=\"text-align: left;\"><span style=\"font-family: arial, helvetica, sans-serif; font-size: 10pt; color: #000000;\">&#8211; Comm\u00e9moration journ\u00e9e nationale de la d\u00e9portation<\/span><\/p>\n<p style=\"text-align: left;\"><span style=\"font-family: arial, helvetica, sans-serif; font-size: 10pt; color: #000000;\">&#8211; Hommage aux pilotes du Normandie Niemen<\/span><\/p>\n<p style=\"text-align: left;\"><span style=\"font-family: arial, helvetica, sans-serif; font-size: 10pt; color: #000000;\">&#8211; Comm\u00e9moration victoire du 8 mai 1945<\/span><\/p>\n<p style=\"text-align: left;\"><span style=\"font-family: arial, helvetica, sans-serif; font-size: 10pt; color: #000000;\">&#8211; Ravivage de la Flamme le 14 mai<\/span><\/p>\n<p style=\"text-align: left;\"><span style=\"font-family: arial, helvetica, sans-serif; font-size: 10pt; color: #000000;\">&#8211; AG du comit\u00e9 de la flamme<\/span><\/p>\n<p style=\"text-align: left;\"><span style=\"font-family: arial, helvetica, sans-serif; font-size: 10pt; color: #000000;\">&#8211; Comm\u00e9moration appel du 18 juin<\/span><\/p>\n<p style=\"text-align: left;\"><span style=\"font-family: arial, helvetica, sans-serif; font-size: 10pt; color: #000000;\">&#8211; 75 ans de la rafle du Vel d&rsquo;Hiv<\/span><\/p>\n<p style=\"text-align: left;\"><span style=\"font-family: arial, helvetica, sans-serif; font-size: 10pt; color: #000000;\">&#8211; D\u00e9fil\u00e9 du 14 juillet \u00e0 Paris<\/span><\/p>\n<p style=\"text-align: left;\"><span style=\"font-family: arial, helvetica, sans-serif; font-size: 10pt; color: #000000;\">&#8211; Ravivage de la Flamme par l&rsquo;AAESOR<\/span><\/p>\n<p style=\"text-align: left;\"><span style=\"font-family: arial, helvetica, sans-serif; font-size: 10pt; color: #000000;\">&#8211; C\u00e9r\u00e9monie d&rsquo;hommage \u00e0 la 2<sup>e<\/sup>\u00a0DB<\/span><\/p>\n<p style=\"text-align: left;\"><span style=\"font-family: arial, helvetica, sans-serif; font-size: 10pt; color: #000000;\">&#8211; 73<sup>e <\/sup>anniversaire de la lib\u00e9ration de Paris<\/span><\/p>\n<p style=\"text-align: left;\">\n<p style=\"text-align: left;\"><span style=\"font-family: arial, helvetica, sans-serif; font-size: 10pt; color: #000000;\"><strong><b>HISTOIRE<\/b><\/strong><\/span><\/p>\n<p style=\"text-align: left;\"><span style=\"font-family: arial, helvetica, sans-serif; font-size: 10pt; color: #000000;\">P\u00e9goud, le premier des as<\/span><\/p>\n<p style=\"text-align: left;\"><span style=\"font-family: arial, helvetica, sans-serif; font-size: 10pt; color: #000000;\">Comm\u00e9moration du centenaire de la disparition du capitaine Guynemer<\/span><\/p>\n<p style=\"text-align: left;\"><span style=\"font-family: arial, helvetica, sans-serif; font-size: 10pt; color: #000000;\">Le Yorkshire Air Museum a pris possession de son Mirage IV<\/span><\/p>\n<p style=\"text-align: left;\"><span style=\"font-family: arial, helvetica, sans-serif; font-size: 10pt; color: #000000;\">Le T6 dans l&rsquo;arm\u00e9e de l&rsquo;air<\/span><\/p>\n<p style=\"text-align: left;\"><span style=\"font-family: arial, helvetica, sans-serif; font-size: 10pt; color: #000000;\"><strong><b>DIVERS<\/b><\/strong><\/span><\/p>\n<p style=\"text-align: left;\"><span style=\"font-family: arial, helvetica, sans-serif; font-size: 10pt; color: #000000;\">N\u00e9crologie<\/span><\/p>\n<p style=\"text-align: left;\"><span style=\"font-family: arial, helvetica, sans-serif; font-size: 10pt; color: #000000;\">Nouveaux adh\u00e9rents<\/span><\/p>\n<p style=\"text-align: left;\"><span style=\"font-family: arial, helvetica, sans-serif; font-size: 10pt; color: #000000;\">Informations adh\u00e9rents<\/span><\/p>\n<p style=\"text-align: left;\"><span style=\"font-family: arial, helvetica, sans-serif; font-size: 10pt; color: #000000;\">Remerciements<\/span><\/p>\n<p style=\"text-align: left;\"><span style=\"font-family: arial, helvetica, sans-serif; font-size: 10pt; color: #000000;\">Cotisation<\/span><\/p>\n<p style=\"text-align: left;\"><span style=\"font-family: arial, helvetica, sans-serif; font-size: 10pt; color: #000000;\">La boutique<\/span><\/p>\n<\/div>\n","protected":false},"excerpt":{"rendered":"<p>Le mot du Pr\u00e9sident Colonel Manuel Alvarez 17\u00b0 ASSEMBL\u00c9E G\u00c9N\u00c9RALE Journ\u00e9es des 17 et 18 mai 2017 Visite des \u00e9pouses \u00e0 l&rsquo;exposition Pierre Loti le 18 mai Visite de l&rsquo;usine M\u00e9tal Chrome le 19 mai NOS R\u00c9GIONS R\u00e9gion Aquitaine &#8211; Meeting sur BA 106 de M\u00e9rignac &#8211; 75e anniversaire du r\u00e9giment Normandie Niemen R\u00e9gion Poitou-Charentes [&hellip;]<\/p>\n","protected":false},"author":4,"featured_media":0,"parent":0,"menu_order":0,"comment_status":"closed","ping_status":"closed","template":"","meta":[],"_links":{"self":[{"href":"http:\/\/www.aaesor721.fr\/index.php\/wp-json\/wp\/v2\/pages\/680"}],"collection":[{"href":"http:\/\/www.aaesor721.fr\/index.php\/wp-json\/wp\/v2\/pages"}],"about":[{"href":"http:\/\/www.aaesor721.fr\/index.php\/wp-json\/wp\/v2\/types\/page"}],"author":[{"embeddable":true,"href":"http:\/\/www.aaesor721.fr\/index.php\/wp-json\/wp\/v2\/users\/4"}],"replies":[{"embeddable":true,"href":"http:\/\/www.aaesor721.fr\/index.php\/wp-json\/wp\/v2\/comments?post=680"}],"version-history":[{"count":8,"href":"http:\/\/www.aaesor721.fr\/index.php\/wp-json\/wp\/v2\/pages\/680\/revisions"}],"predecessor-version":[{"id":1420,"href":"http:\/\/www.aaesor721.fr\/index.php\/wp-json\/wp\/v2\/pages\/680\/revisions\/1420"}],"wp:attachment":[{"href":"http:\/\/www.aaesor721.fr\/index.php\/wp-json\/wp\/v2\/media?parent=680"}],"curies":[{"name":"wp","href":"https:\/\/api.w.org\/{rel}","templated":true}]}}