{"id":674,"date":"2020-01-14T13:53:41","date_gmt":"2020-01-14T12:53:41","guid":{"rendered":"http:\/\/www.aaesor721.fr\/?page_id=674"},"modified":"2020-11-01T18:16:02","modified_gmt":"2020-11-01T17:16:02","slug":"sommaire-mille-pattes-n-27-juin-2016","status":"publish","type":"page","link":"http:\/\/www.aaesor721.fr\/index.php\/sommaire-mille-pattes-n-27-juin-2016\/","title":{"rendered":"Sommaire Mille Pattes n\u00b0 27 \/ Juin 2016"},"content":{"rendered":"<div style=\"height: 700px; overflow: scroll;\">\n<p style=\"text-align: left;\"><span style=\"color: #000000; font-size: 10pt; font-family: arial, helvetica, sans-serif;\">Le mot du Pr\u00e9sident<\/span><\/p>\n<p style=\"text-align: left;\"><span style=\"color: #000000; font-size: 10pt; font-family: arial, helvetica, sans-serif;\">Colonel Didier Tisseyre<\/span><\/p>\n<p style=\"text-align: left;\"><span style=\"color: #000000; font-size: 10pt; font-family: arial, helvetica, sans-serif;\"><strong>EFSOAA<\/strong><\/span><\/p>\n<p style=\"text-align: left;\"><span style=\"color: #000000; font-size: 10pt; font-family: arial, helvetica, sans-serif;\">&#8211; Le mot du commandant de l&rsquo;EFSOAA<\/span><\/p>\n<p style=\"text-align: left;\"><a href=\"http:\/\/www.aaesor721.fr\/wp-content\/uploads\/2020\/02\/Parcours-dun-ESO-en-2016.pdf\" target=\"_blank\" rel=\"noopener noreferrer\"><span style=\"color: #000000; font-size: 10pt; font-family: arial, helvetica, sans-serif;\">&#8211; Parcours d&rsquo;un \u00e9l\u00e8ve sous-officier en 2016<\/span><\/a><\/p>\n<p style=\"text-align: left;\"><span style=\"color: #000000; font-size: 10pt; font-family: arial, helvetica, sans-serif;\"><strong>ACTIVIT\u00c9S DE L&rsquo;ASSOCIATION:<\/strong><\/span><\/p>\n<p style=\"text-align: left;\"><span style=\"color: #000000; font-size: 10pt; font-family: arial, helvetica, sans-serif;\">C\u00e9r\u00e9monie \u00e0 la m\u00e9moire du Normandie-Niemen le 12 septembre 2015<\/span><\/p>\n<p style=\"text-align: left;\"><span style=\"color: #000000; font-size: 10pt; font-family: arial, helvetica, sans-serif;\">9\u00b0 Salon des peintres de l&rsquo;air et de l&rsquo;espace<\/span><\/p>\n<p style=\"text-align: left;\"><span style=\"color: #000000; font-size: 10pt; font-family: arial, helvetica, sans-serif;\">C\u00e9r\u00e9monie au mur des Fusill\u00e9s \u00e0 Balard le 3 octobre 2015<\/span><\/p>\n<p style=\"text-align: left;\"><span style=\"color: #000000; font-size: 10pt; font-family: arial, helvetica, sans-serif;\">Obs\u00e8ques du g\u00e9n\u00e9ral Jean Combette<\/span><\/p>\n<p style=\"text-align: left;\"><span style=\"color: #000000; font-size: 10pt; font-family: arial, helvetica, sans-serif;\">D\u00e9jeuner annuel des vieilles racines le 10 octobre 2015<\/span><\/p>\n<p style=\"text-align: left;\"><span style=\"color: #000000; font-size: 10pt; font-family: arial, helvetica, sans-serif;\">C\u00e9r\u00e9monie \u00e0 Bruxelles<\/span><\/p>\n<p style=\"text-align: left;\"><span style=\"color: #000000; font-size: 10pt; font-family: arial, helvetica, sans-serif;\">Conseil d&rsquo;administration<\/span><\/p>\n<p style=\"text-align: left;\"><span style=\"color: #000000; font-size: 10pt; font-family: arial, helvetica, sans-serif;\">Hommage aux victimes des attentats du 13 novembre 2015<\/span><\/p>\n<p style=\"text-align: left;\"><span style=\"color: #000000; font-size: 10pt; font-family: arial, helvetica, sans-serif;\">C\u00e9r\u00e9monie \u00e0 l&rsquo;Arc de Triomphe<\/span><\/p>\n<p style=\"text-align: left;\"><span style=\"color: #000000; font-size: 10pt; font-family: arial, helvetica, sans-serif;\">Inauguration du nouveau mus\u00e9e de l&rsquo;Ordre de la Lib\u00e9ration le 19 novembre 2015<\/span><\/p>\n<p style=\"text-align: left;\"><a href=\"http:\/\/www.aaesor721.fr\/wp-content\/uploads\/2020\/11\/M\u00e9morial-du-Mont-Val\u00e9rien-le-22-11-2015-min.pdf\" target=\"_blank\" rel=\"noopener noreferrer\"><span style=\"background-color: yellow; color: #000000; font-size: 10pt; font-family: arial, helvetica, sans-serif;\">M\u00e9morial du Mont Val\u00e9rien le 22 Novembre 2015<\/span><\/a><\/p>\n<p style=\"text-align: left;\"><a href=\"http:\/\/www.aaesor721.fr\/wp-content\/uploads\/2020\/11\/Bapt\u00eame-de-la-148\u00e8me-promotion-\u00e0-Saintes-min.pdf\" target=\"_blank\" rel=\"noopener noreferrer\"><span style=\"background-color: yellow; color: #000000; font-size: 10pt; font-family: arial, helvetica, sans-serif;\">Bapt\u00eame de la 148\u00b0 promo de Saintes<\/span><\/a><\/p>\n<p style=\"text-align: left;\"><span style=\"color: #000000; font-size: 10pt; font-family: arial, helvetica, sans-serif;\">V\u0153ux du CEMAA<\/span><\/p>\n<p style=\"text-align: left;\"><span style=\"color: #000000; font-size: 10pt; font-family: arial, helvetica, sans-serif;\">V\u0153ux 2016 de la Mutuelle Un\u00e9o<\/span><\/p>\n<p style=\"text-align: left;\"><span style=\"color: #000000; font-size: 10pt; font-family: arial, helvetica, sans-serif;\">V\u0153ux du secr\u00e9taire d&rsquo;\u00e9tat<\/span><\/p>\n<p style=\"text-align: left;\"><span style=\"color: #000000; font-size: 10pt; font-family: arial, helvetica, sans-serif;\">Soir\u00e9e de lancement du centenaire de l&rsquo;ONACVG le 2 mars 2016<\/span><\/p>\n<p style=\"text-align: left;\"><span style=\"color: #000000; font-size: 10pt; font-family: arial, helvetica, sans-serif;\"><strong>NOS R\u00c9GIONS<\/strong><\/span><\/p>\n<p style=\"text-align: left;\"><span style=\"color: #000000; font-size: 10pt; font-family: arial, helvetica, sans-serif;\">R\u00e9gion Picardie<\/span><\/p>\n<p style=\"text-align: left;\"><a href=\"http:\/\/www.aaesor721.fr\/wp-content\/uploads\/2020\/02\/C\u00e9r\u00e9monie-\u00e0-Septmont.pdf\" target=\"_blank\" rel=\"noopener noreferrer\"><span style=\"color: #000000; font-size: 10pt; font-family: arial, helvetica, sans-serif;\">&#8211; C\u00e9r\u00e9monie \u00e0 Septmont<\/span><\/a><\/p>\n<p style=\"text-align: left;\"><span style=\"color: #000000; font-size: 10pt; font-family: arial, helvetica, sans-serif;\">R\u00e9gion \u00eele de France<\/span><\/p>\n<p style=\"text-align: left;\"><span style=\"color: #000000; font-size: 10pt; font-family: arial, helvetica, sans-serif;\">&#8211; D\u00e9jeuner dansant<\/span><\/p>\n<p style=\"text-align: left;\"><span style=\"color: #000000; font-size: 10pt; font-family: arial, helvetica, sans-serif;\">&#8211; Colonel Fred Moore, compagnon de la Lib\u00e9ration<\/span><\/p>\n<p style=\"text-align: left;\"><span style=\"color: #000000; font-size: 10pt; font-family: arial, helvetica, sans-serif;\"><strong>R\u00c9CITS ET SOUVENIRS<\/strong><\/span><\/p>\n<p style=\"text-align: left;\"><a href=\"http:\/\/www.aaesor721.fr\/wp-content\/uploads\/2020\/05\/centenaire_pegoud-min.pdf\" target=\"_blank\" rel=\"noopener noreferrer\"><span style=\"color: #000000; font-size: 10pt; font-family: arial, helvetica, sans-serif;\">Centenaire P\u00e9goud<\/span><\/a><\/p>\n<p style=\"text-align: left;\"><span style=\"color: #000000; font-size: 10pt; font-family: arial, helvetica, sans-serif;\">Hommage aux anciens<\/span><\/p>\n<p style=\"text-align: left;\"><a href=\"http:\/\/www.aaesor721.fr\/wp-content\/uploads\/2020\/05\/du_transall_a_a400m-min.pdf\" target=\"_blank\" rel=\"noopener noreferrer\"><span style=\"color: #000000; font-size: 10pt; font-family: arial, helvetica, sans-serif;\">Du Transall \u00e0 l&rsquo;A400M, la Caravelle<\/span><\/a><\/p>\n<p style=\"text-align: left;\"><span style=\"color: #000000; font-size: 10pt; font-family: arial, helvetica, sans-serif;\"><strong>DIVERS<\/strong><\/span><\/p>\n<p style=\"text-align: left;\"><span style=\"color: #000000; font-size: 10pt; font-family: arial, helvetica, sans-serif;\">Informations adh\u00e9rents<\/span><\/p>\n<p style=\"text-align: left;\"><span style=\"color: #000000; font-size: 10pt; font-family: arial, helvetica, sans-serif;\">Ouvrages<\/span><\/p>\n<p style=\"text-align: left;\"><span style=\"color: #000000; font-size: 10pt; font-family: arial, helvetica, sans-serif;\">N\u00e9crologie<\/span><\/p>\n<p style=\"text-align: left;\"><span style=\"color: #000000; font-size: 10pt; font-family: arial, helvetica, sans-serif;\">Nouveaux adh\u00e9rents<\/span><\/p>\n<p style=\"text-align: left;\"><span style=\"color: #000000; font-size: 10pt; font-family: arial, helvetica, sans-serif;\">Recherche<\/span><\/p>\n<p style=\"text-align: left;\"><span style=\"color: #000000; font-size: 10pt; font-family: arial, helvetica, sans-serif;\">La cotisation 2016<\/span><\/p>\n<p style=\"text-align: left;\"><span style=\"color: #000000; font-size: 10pt; font-family: arial, helvetica, sans-serif;\">La boutique<\/span><\/p>\n<\/div>\n","protected":false},"excerpt":{"rendered":"<p>Le mot du Pr\u00e9sident Colonel Didier Tisseyre EFSOAA &#8211; Le mot du commandant de l&rsquo;EFSOAA &#8211; Parcours d&rsquo;un \u00e9l\u00e8ve sous-officier en 2016 ACTIVIT\u00c9S DE L&rsquo;ASSOCIATION: C\u00e9r\u00e9monie \u00e0 la m\u00e9moire du Normandie-Niemen le 12 septembre 2015 9\u00b0 Salon des peintres de l&rsquo;air et de l&rsquo;espace C\u00e9r\u00e9monie au mur des Fusill\u00e9s \u00e0 Balard le 3 octobre 2015 [&hellip;]<\/p>\n","protected":false},"author":4,"featured_media":0,"parent":0,"menu_order":0,"comment_status":"closed","ping_status":"closed","template":"","meta":[],"_links":{"self":[{"href":"http:\/\/www.aaesor721.fr\/index.php\/wp-json\/wp\/v2\/pages\/674"}],"collection":[{"href":"http:\/\/www.aaesor721.fr\/index.php\/wp-json\/wp\/v2\/pages"}],"about":[{"href":"http:\/\/www.aaesor721.fr\/index.php\/wp-json\/wp\/v2\/types\/page"}],"author":[{"embeddable":true,"href":"http:\/\/www.aaesor721.fr\/index.php\/wp-json\/wp\/v2\/users\/4"}],"replies":[{"embeddable":true,"href":"http:\/\/www.aaesor721.fr\/index.php\/wp-json\/wp\/v2\/comments?post=674"}],"version-history":[{"count":9,"href":"http:\/\/www.aaesor721.fr\/index.php\/wp-json\/wp\/v2\/pages\/674\/revisions"}],"predecessor-version":[{"id":1423,"href":"http:\/\/www.aaesor721.fr\/index.php\/wp-json\/wp\/v2\/pages\/674\/revisions\/1423"}],"wp:attachment":[{"href":"http:\/\/www.aaesor721.fr\/index.php\/wp-json\/wp\/v2\/media?parent=674"}],"curies":[{"name":"wp","href":"https:\/\/api.w.org\/{rel}","templated":true}]}}

<div style="height: 700px; overflow: scroll;">
<p style="text-align: left;"><span style="color: #000000; font-size: 10pt; font-family: arial, helvetica, sans-serif;">Le mot du Président</span></p>
<p style="text-align: left;"><span style="color: #000000; font-size: 10pt; font-family: arial, helvetica, sans-serif;">Colonel Didier Tisseyre</span></p>
<p style="text-align: left;"><span style="color: #000000; font-size: 10pt; font-family: arial, helvetica, sans-serif;"><strong>EFSOAA</strong></span></p>
<p style="text-align: left;"><span style="color: #000000; font-size: 10pt; font-family: arial, helvetica, sans-serif;">&#8211; Le mot du commandant de l&rsquo;EFSOAA</span></p>
<p style="text-align: left;"><a href="http://www.aaesor721.fr/wp-content/uploads/2020/02/Parcours-dun-ESO-en-2016.pdf" target="_blank" rel="noopener noreferrer"><span style="color: #000000; font-size: 10pt; font-family: arial, helvetica, sans-serif;">&#8211; Parcours d&rsquo;un élève sous-officier en 2016</span></a></p>
<p style="text-align: left;"><span style="color: #000000; font-size: 10pt; font-family: arial, helvetica, sans-serif;"><strong>ACTIVITÉS DE L&rsquo;ASSOCIATION:</strong></span></p>
<p style="text-align: left;"><span style="color: #000000; font-size: 10pt; font-family: arial, helvetica, sans-serif;">Cérémonie à la mémoire du Normandie-Niemen le 12 septembre 2015</span></p>
<p style="text-align: left;"><span style="color: #000000; font-size: 10pt; font-family: arial, helvetica, sans-serif;">9° Salon des peintres de l&rsquo;air et de l&rsquo;espace</span></p>
<p style="text-align: left;"><span style="color: #000000; font-size: 10pt; font-family: arial, helvetica, sans-serif;">Cérémonie au mur des Fusillés à Balard le 3 octobre 2015</span></p>
<p style="text-align: left;"><span style="color: #000000; font-size: 10pt; font-family: arial, helvetica, sans-serif;">Obsèques du général Jean Combette</span></p>
<p style="text-align: left;"><span style="color: #000000; font-size: 10pt; font-family: arial, helvetica, sans-serif;">Déjeuner annuel des vieilles racines le 10 octobre 2015</span></p>
<p style="text-align: left;"><span style="color: #000000; font-size: 10pt; font-family: arial, helvetica, sans-serif;">Cérémonie à Bruxelles</span></p>
<p style="text-align: left;"><span style="color: #000000; font-size: 10pt; font-family: arial, helvetica, sans-serif;">Conseil d&rsquo;administration</span></p>
<p style="text-align: left;"><span style="color: #000000; font-size: 10pt; font-family: arial, helvetica, sans-serif;">Hommage aux victimes des attentats du 13 novembre 2015</span></p>
<p style="text-align: left;"><span style="color: #000000; font-size: 10pt; font-family: arial, helvetica, sans-serif;">Cérémonie à l&rsquo;Arc de Triomphe</span></p>
<p style="text-align: left;"><span style="color: #000000; font-size: 10pt; font-family: arial, helvetica, sans-serif;">Inauguration du nouveau musée de l&rsquo;Ordre de la Libération le 19 novembre 2015</span></p>
<p style="text-align: left;"><a href="http://www.aaesor721.fr/wp-content/uploads/2020/11/Mémorial-du-Mont-Valérien-le-22-11-2015-min.pdf" target="_blank" rel="noopener noreferrer"><span style="background-color: yellow; color: #000000; font-size: 10pt; font-family: arial, helvetica, sans-serif;">Mémorial du Mont Valérien le 22 Novembre 2015</span></a></p>
<p style="text-align: left;"><a href="http://www.aaesor721.fr/wp-content/uploads/2020/11/Baptême-de-la-148ème-promotion-à-Saintes-min.pdf" target="_blank" rel="noopener noreferrer"><span style="background-color: yellow; color: #000000; font-size: 10pt; font-family: arial, helvetica, sans-serif;">Baptême de la 148° promo de Saintes</span></a></p>
<p style="text-align: left;"><span style="color: #000000; font-size: 10pt; font-family: arial, helvetica, sans-serif;">Vœux du CEMAA</span></p>
<p style="text-align: left;"><span style="color: #000000; font-size: 10pt; font-family: arial, helvetica, sans-serif;">Vœux 2016 de la Mutuelle Unéo</span></p>
<p style="text-align: left;"><span style="color: #000000; font-size: 10pt; font-family: arial, helvetica, sans-serif;">Vœux du secrétaire d&rsquo;état</span></p>
<p style="text-align: left;"><span style="color: #000000; font-size: 10pt; font-family: arial, helvetica, sans-serif;">Soirée de lancement du centenaire de l&rsquo;ONACVG le 2 mars 2016</span></p>
<p style="text-align: left;"><span style="color: #000000; font-size: 10pt; font-family: arial, helvetica, sans-serif;"><strong>NOS RÉGIONS</strong></span></p>
<p style="text-align: left;"><span style="color: #000000; font-size: 10pt; font-family: arial, helvetica, sans-serif;">Région Picardie</span></p>
<p style="text-align: left;"><a href="http://www.aaesor721.fr/wp-content/uploads/2020/02/Cérémonie-à-Septmont.pdf" target="_blank" rel="noopener noreferrer"><span style="color: #000000; font-size: 10pt; font-family: arial, helvetica, sans-serif;">&#8211; Cérémonie à Septmont</span></a></p>
<p style="text-align: left;"><span style="color: #000000; font-size: 10pt; font-family: arial, helvetica, sans-serif;">Région île de France</span></p>
<p style="text-align: left;"><span style="color: #000000; font-size: 10pt; font-family: arial, helvetica, sans-serif;">&#8211; Déjeuner dansant</span></p>
<p style="text-align: left;"><span style="color: #000000; font-size: 10pt; font-family: arial, helvetica, sans-serif;">&#8211; Colonel Fred Moore, compagnon de la Libération</span></p>
<p style="text-align: left;"><span style="color: #000000; font-size: 10pt; font-family: arial, helvetica, sans-serif;"><strong>RÉCITS ET SOUVENIRS</strong></span></p>
<p style="text-align: left;"><a href="http://www.aaesor721.fr/wp-content/uploads/2020/05/centenaire_pegoud-min.pdf" target="_blank" rel="noopener noreferrer"><span style="color: #000000; font-size: 10pt; font-family: arial, helvetica, sans-serif;">Centenaire Pégoud</span></a></p>
<p style="text-align: left;"><span style="color: #000000; font-size: 10pt; font-family: arial, helvetica, sans-serif;">Hommage aux anciens</span></p>
<p style="text-align: left;"><a href="http://www.aaesor721.fr/wp-content/uploads/2020/05/du_transall_a_a400m-min.pdf" target="_blank" rel="noopener noreferrer"><span style="color: #000000; font-size: 10pt; font-family: arial, helvetica, sans-serif;">Du Transall à l&rsquo;A400M, la Caravelle</span></a></p>
<p style="text-align: left;"><span style="color: #000000; font-size: 10pt; font-family: arial, helvetica, sans-serif;"><strong>DIVERS</strong></span></p>
<p style="text-align: left;"><span style="color: #000000; font-size: 10pt; font-family: arial, helvetica, sans-serif;">Informations adhérents</span></p>
<p style="text-align: left;"><span style="color: #000000; font-size: 10pt; font-family: arial, helvetica, sans-serif;">Ouvrages</span></p>
<p style="text-align: left;"><span style="color: #000000; font-size: 10pt; font-family: arial, helvetica, sans-serif;">Nécrologie</span></p>
<p style="text-align: left;"><span style="color: #000000; font-size: 10pt; font-family: arial, helvetica, sans-serif;">Nouveaux adhérents</span></p>
<p style="text-align: left;"><span style="color: #000000; font-size: 10pt; font-family: arial, helvetica, sans-serif;">Recherche</span></p>
<p style="text-align: left;"><span style="color: #000000; font-size: 10pt; font-family: arial, helvetica, sans-serif;">La cotisation 2016</span></p>
<p style="text-align: left;"><span style="color: #000000; font-size: 10pt; font-family: arial, helvetica, sans-serif;">La boutique</span></p>
</div>

<p>Le mot du Président Colonel Didier Tisseyre EFSOAA &#8211; Le mot du commandant de l&rsquo;EFSOAA &#8211; Parcours d&rsquo;un élève sous-officier en 2016 ACTIVITÉS DE L&rsquo;ASSOCIATION: Cérémonie à la mémoire du Normandie-Niemen le 12 septembre 2015 9° Salon des peintres de l&rsquo;air et de l&rsquo;espace Cérémonie au mur des Fusillés à Balard le 3 octobre 2015 [&hellip;]</p>
