{"id":660,"date":"2020-01-14T13:47:28","date_gmt":"2020-01-14T12:47:28","guid":{"rendered":"http:\/\/www.aaesor721.fr\/?page_id=660"},"modified":"2020-04-28T10:24:47","modified_gmt":"2020-04-28T08:24:47","slug":"sommaire-mille-pattes-n-20-decembre-2012","status":"publish","type":"page","link":"http:\/\/www.aaesor721.fr\/index.php\/sommaire-mille-pattes-n-20-decembre-2012\/","title":{"rendered":"Sommaire Mille Pattes n\u00b0 20 \/ D\u00e9cembre 2012"},"content":{"rendered":"<p style=\"text-align: left;\"><span style=\"font-size: 10pt; font-family: arial, helvetica, sans-serif; color: #000000;\">Le mot du Pr\u00e9sident<\/span><\/p>\n<p style=\"text-align: left;\"><span style=\"font-size: 10pt; font-family: arial, helvetica, sans-serif; color: #000000;\">Le mot du Lieutenant-colonel Chevalier<\/span><\/p>\n<p style=\"text-align: left;\"><a href=\"http:\/\/www.aaesor721.fr\/wp-content\/uploads\/2020\/02\/Compte-rendu-de-lAG-2012.pdf\" target=\"_blank\" rel=\"noopener noreferrer\"><span style=\"font-size: 10pt; font-family: arial, helvetica, sans-serif; color: #000000;\">Compte-rendu de l&rsquo;Assembl\u00e9e G\u00e9n\u00e9rale 2012<\/span><\/a><\/p>\n<p style=\"text-align: left;\"><span style=\"font-size: 10pt; font-family: arial, helvetica, sans-serif; color: #000000;\">Hommage \u00e0 Jean Jacques Parmantier<\/span><\/p>\n<p style=\"text-align: left;\"><span style=\"font-size: 10pt; font-family: arial, helvetica, sans-serif; color: #000000;\">Visite de l&rsquo;abbaye de Trizay<\/span><\/p>\n<p style=\"text-align: left;\"><span style=\"font-size: 10pt; font-family: arial, helvetica, sans-serif; color: #000000;\">C\u00e9r\u00e9monie sur BA 721 le 19 juin 2012<\/span><\/p>\n<p style=\"text-align: left;\"><span style=\"font-size: 10pt; font-family: arial, helvetica, sans-serif; color: #000000;\">Remise des prix aux \u00e9l\u00e8ves de l&rsquo;\u00c9cole de Saintes<\/span><\/p>\n<p style=\"text-align: left;\"><a href=\"http:\/\/www.aaesor721.fr\/wp-content\/uploads\/2020\/04\/journee_base_mont_de_marsan-min.pdf\" target=\"_blank\" rel=\"noopener noreferrer\"><span style=\"background-color: yellow; font-size: 10pt; font-family: arial, helvetica, sans-serif; color: #000000;\">Journ\u00e9e de la base a\u00e9rienne de Mont de Marsan<\/span><\/a><\/p>\n<p style=\"text-align: left;\"><span style=\"font-size: 10pt; font-family: arial, helvetica, sans-serif; color: #000000;\">Journ\u00e9e de la base a\u00e9rienne 105 d&rsquo;\u00c9vreux<\/span><\/p>\n<p style=\"text-align: left;\"><span style=\"font-size: 10pt; font-family: arial, helvetica, sans-serif; color: #000000;\">Journ\u00e9es de la base a\u00e9rienne d&rsquo;Avord<\/span><\/p>\n<p style=\"text-align: left;\"><span style=\"font-size: 10pt; font-family: arial, helvetica, sans-serif; color: #000000;\">Normandie-Niemen 70\u00b0 anniversaire<\/span><\/p>\n<p style=\"text-align: left;\"><span style=\"font-size: 10pt; font-family: arial, helvetica, sans-serif; color: #000000;\">Le colonel Fabien Mandon nouveau commandant de la BA 702 Avord<\/span><\/p>\n<p style=\"text-align: left;\"><span style=\"font-size: 10pt; font-family: arial, helvetica, sans-serif; color: #000000;\">14 juillet 2012 \u00e0 Paris<\/span><\/p>\n<p style=\"text-align: left;\"><span style=\"font-size: 10pt; font-family: arial, helvetica, sans-serif; color: #000000;\">R\u00e9gion Rh\u00f4ne Alpes<\/span><\/p>\n<p style=\"text-align: left;\"><span style=\"font-size: 10pt; font-family: arial, helvetica, sans-serif; color: #000000;\">&#8211; Rapport d&rsquo;activit\u00e9: repas annuel de convivialit\u00e9<\/span><\/p>\n<p style=\"text-align: left;\"><span style=\"font-size: 10pt; font-family: arial, helvetica, sans-serif; color: #000000;\">&#8211; C\u00e9r\u00e9monie \u00e0 Pelussin<\/span><\/p>\n<p style=\"text-align: left;\"><a href=\"http:\/\/www.aaesor721.fr\/wp-content\/uploads\/2020\/02\/Hommage-\u00e0-Georges-Bouza\u00efd.pdf\" target=\"_blank\" rel=\"noopener noreferrer\"><span style=\"font-size: 10pt; font-family: arial, helvetica, sans-serif; color: #000000;\">Hommage \u00e0 notre tr\u00e9sorier Georges Bouza\u00efd<\/span><\/a><\/p>\n<p style=\"text-align: left;\"><a href=\"http:\/\/www.aaesor721.fr\/wp-content\/uploads\/2020\/04\/le_f100_super_sabre_aa-min.pdf\" target=\"_blank\" rel=\"noopener noreferrer\"><span style=\"background-color: yellow; font-size: 10pt; font-family: arial, helvetica, sans-serif; color: #000000;\">Le North-American F100 \u00ab\u00a0Super Sabre\u00a0\u00bb<\/span><\/a><\/p>\n<p style=\"text-align: left;\"><span style=\"font-size: 10pt; font-family: arial, helvetica, sans-serif; color: #000000;\">D\u00e9c\u00e8s de Ren\u00e9 Gatissou, Compagnon de la Lib\u00e9ration<\/span><\/p>\n<p style=\"text-align: left;\"><span style=\"font-size: 10pt; font-family: arial, helvetica, sans-serif; color: #000000;\"><strong>Divers:<\/strong><\/span><\/p>\n<p style=\"text-align: left;\"><span style=\"font-size: 10pt; font-family: arial, helvetica, sans-serif; color: #000000;\">&#8211; N\u00e9crologie<\/span><\/p>\n<p style=\"text-align: left;\"><span style=\"font-size: 10pt; font-family: arial, helvetica, sans-serif; color: #000000;\">&#8211; Nouveaux adh\u00e9rents<\/span><\/p>\n<p style=\"text-align: left;\"><span style=\"font-size: 10pt; font-family: arial, helvetica, sans-serif; color: #000000;\">&#8211; Rectification<\/span><\/p>\n<p style=\"text-align: left;\"><span style=\"font-size: 10pt; font-family: arial, helvetica, sans-serif; color: #000000;\">&#8211; La boutique<\/span><\/p>\n<p style=\"text-align: left;\"><span style=\"font-size: 10pt; font-family: arial, helvetica, sans-serif; color: #000000;\">&#8211; Changement de cotisation<\/span><\/p>\n","protected":false},"excerpt":{"rendered":"<p>Le mot du Pr\u00e9sident Le mot du Lieutenant-colonel Chevalier Compte-rendu de l&rsquo;Assembl\u00e9e G\u00e9n\u00e9rale 2012 Hommage \u00e0 Jean Jacques Parmantier Visite de l&rsquo;abbaye de Trizay C\u00e9r\u00e9monie sur BA 721 le 19 juin 2012 Remise des prix aux \u00e9l\u00e8ves de l&rsquo;\u00c9cole de Saintes Journ\u00e9e de la base a\u00e9rienne de Mont de Marsan Journ\u00e9e de la base a\u00e9rienne [&hellip;]<\/p>\n","protected":false},"author":4,"featured_media":0,"parent":0,"menu_order":0,"comment_status":"closed","ping_status":"closed","template":"","meta":[],"_links":{"self":[{"href":"http:\/\/www.aaesor721.fr\/index.php\/wp-json\/wp\/v2\/pages\/660"}],"collection":[{"href":"http:\/\/www.aaesor721.fr\/index.php\/wp-json\/wp\/v2\/pages"}],"about":[{"href":"http:\/\/www.aaesor721.fr\/index.php\/wp-json\/wp\/v2\/types\/page"}],"author":[{"embeddable":true,"href":"http:\/\/www.aaesor721.fr\/index.php\/wp-json\/wp\/v2\/users\/4"}],"replies":[{"embeddable":true,"href":"http:\/\/www.aaesor721.fr\/index.php\/wp-json\/wp\/v2\/comments?post=660"}],"version-history":[{"count":6,"href":"http:\/\/www.aaesor721.fr\/index.php\/wp-json\/wp\/v2\/pages\/660\/revisions"}],"predecessor-version":[{"id":1182,"href":"http:\/\/www.aaesor721.fr\/index.php\/wp-json\/wp\/v2\/pages\/660\/revisions\/1182"}],"wp:attachment":[{"href":"http:\/\/www.aaesor721.fr\/index.php\/wp-json\/wp\/v2\/media?parent=660"}],"curies":[{"name":"wp","href":"https:\/\/api.w.org\/{rel}","templated":true}]}}

Sommaire Mille Pattes n° 20 / Décembre 2012

<p style="text-align: left;"><span style="font-size: 10pt; font-family: arial, helvetica, sans-serif; color: #000000;">Le mot du Président</span></p>
<p style="text-align: left;"><span style="font-size: 10pt; font-family: arial, helvetica, sans-serif; color: #000000;">Le mot du Lieutenant-colonel Chevalier</span></p>
<p style="text-align: left;"><a href="http://www.aaesor721.fr/wp-content/uploads/2020/02/Compte-rendu-de-lAG-2012.pdf" target="_blank" rel="noopener noreferrer"><span style="font-size: 10pt; font-family: arial, helvetica, sans-serif; color: #000000;">Compte-rendu de l&rsquo;Assemblée Générale 2012</span></a></p>
<p style="text-align: left;"><span style="font-size: 10pt; font-family: arial, helvetica, sans-serif; color: #000000;">Hommage à Jean Jacques Parmantier</span></p>
<p style="text-align: left;"><span style="font-size: 10pt; font-family: arial, helvetica, sans-serif; color: #000000;">Visite de l&rsquo;abbaye de Trizay</span></p>
<p style="text-align: left;"><span style="font-size: 10pt; font-family: arial, helvetica, sans-serif; color: #000000;">Cérémonie sur BA 721 le 19 juin 2012</span></p>
<p style="text-align: left;"><span style="font-size: 10pt; font-family: arial, helvetica, sans-serif; color: #000000;">Remise des prix aux élèves de l&rsquo;École de Saintes</span></p>
<p style="text-align: left;"><a href="http://www.aaesor721.fr/wp-content/uploads/2020/04/journee_base_mont_de_marsan-min.pdf" target="_blank" rel="noopener noreferrer"><span style="background-color: yellow; font-size: 10pt; font-family: arial, helvetica, sans-serif; color: #000000;">Journée de la base aérienne de Mont de Marsan</span></a></p>
<p style="text-align: left;"><span style="font-size: 10pt; font-family: arial, helvetica, sans-serif; color: #000000;">Journée de la base aérienne 105 d&rsquo;Évreux</span></p>
<p style="text-align: left;"><span style="font-size: 10pt; font-family: arial, helvetica, sans-serif; color: #000000;">Journées de la base aérienne d&rsquo;Avord</span></p>
<p style="text-align: left;"><span style="font-size: 10pt; font-family: arial, helvetica, sans-serif; color: #000000;">Normandie-Niemen 70° anniversaire</span></p>
<p style="text-align: left;"><span style="font-size: 10pt; font-family: arial, helvetica, sans-serif; color: #000000;">Le colonel Fabien Mandon nouveau commandant de la BA 702 Avord</span></p>
<p style="text-align: left;"><span style="font-size: 10pt; font-family: arial, helvetica, sans-serif; color: #000000;">14 juillet 2012 à Paris</span></p>
<p style="text-align: left;"><span style="font-size: 10pt; font-family: arial, helvetica, sans-serif; color: #000000;">Région Rhône Alpes</span></p>
<p style="text-align: left;"><span style="font-size: 10pt; font-family: arial, helvetica, sans-serif; color: #000000;">&#8211; Rapport d&rsquo;activité: repas annuel de convivialité</span></p>
<p style="text-align: left;"><span style="font-size: 10pt; font-family: arial, helvetica, sans-serif; color: #000000;">&#8211; Cérémonie à Pelussin</span></p>
<p style="text-align: left;"><a href="http://www.aaesor721.fr/wp-content/uploads/2020/02/Hommage-à-Georges-Bouzaïd.pdf" target="_blank" rel="noopener noreferrer"><span style="font-size: 10pt; font-family: arial, helvetica, sans-serif; color: #000000;">Hommage à notre trésorier Georges Bouzaïd</span></a></p>
<p style="text-align: left;"><a href="http://www.aaesor721.fr/wp-content/uploads/2020/04/le_f100_super_sabre_aa-min.pdf" target="_blank" rel="noopener noreferrer"><span style="background-color: yellow; font-size: 10pt; font-family: arial, helvetica, sans-serif; color: #000000;">Le North-American F100 « Super Sabre »</span></a></p>
<p style="text-align: left;"><span style="font-size: 10pt; font-family: arial, helvetica, sans-serif; color: #000000;">Décès de René Gatissou, Compagnon de la Libération</span></p>
<p style="text-align: left;"><span style="font-size: 10pt; font-family: arial, helvetica, sans-serif; color: #000000;"><strong>Divers:</strong></span></p>
<p style="text-align: left;"><span style="font-size: 10pt; font-family: arial, helvetica, sans-serif; color: #000000;">&#8211; Nécrologie</span></p>
<p style="text-align: left;"><span style="font-size: 10pt; font-family: arial, helvetica, sans-serif; color: #000000;">&#8211; Nouveaux adhérents</span></p>
<p style="text-align: left;"><span style="font-size: 10pt; font-family: arial, helvetica, sans-serif; color: #000000;">&#8211; Rectification</span></p>
<p style="text-align: left;"><span style="font-size: 10pt; font-family: arial, helvetica, sans-serif; color: #000000;">&#8211; La boutique</span></p>
<p style="text-align: left;"><span style="font-size: 10pt; font-family: arial, helvetica, sans-serif; color: #000000;">&#8211; Changement de cotisation</span></p>

<p>Le mot du Président Le mot du Lieutenant-colonel Chevalier Compte-rendu de l&rsquo;Assemblée Générale 2012 Hommage à Jean Jacques Parmantier Visite de l&rsquo;abbaye de Trizay Cérémonie sur BA 721 le 19 juin 2012 Remise des prix aux élèves de l&rsquo;École de Saintes Journée de la base aérienne de Mont de Marsan Journée de la base aérienne [&hellip;]</p>
