{"id":650,"date":"2020-01-14T13:43:28","date_gmt":"2020-01-14T12:43:28","guid":{"rendered":"http:\/\/www.aaesor721.fr\/?page_id=650"},"modified":"2020-04-28T09:35:20","modified_gmt":"2020-04-28T07:35:20","slug":"sommaire-mille-pattes-n15-novembre-2009","status":"publish","type":"page","link":"http:\/\/www.aaesor721.fr\/index.php\/sommaire-mille-pattes-n15-novembre-2009\/","title":{"rendered":"Sommaire Mille Pattes n\u00b015 \/ Novembre 2009"},"content":{"rendered":"<p style=\"text-align: left;\"><a href=\"http:\/\/www.aaesor721.fr\/wp-content\/uploads\/2020\/02\/Le-mot-du-Pr\u00e9sident_mp15.pdf\" target=\"_blank\" rel=\"noopener noreferrer\"><span style=\"font-size: 10pt; font-family: arial, helvetica, sans-serif; color: #000000;\">Le mot du Pr\u00e9sident<\/span><\/a><\/p>\n<p style=\"text-align: left;\"><span style=\"font-size: 10pt; font-family: arial, helvetica, sans-serif; color: #000000;\">Le G\u00e9n\u00e9ral Br\u00e9ban quitte l&rsquo;AA<\/span><\/p>\n<p style=\"text-align: left;\"><span style=\"font-size: 10pt; font-family: arial, helvetica, sans-serif; color: #000000;\">Le mot du Pr\u00e9sident fondateur<\/span><\/p>\n<p style=\"text-align: left;\"><a href=\"http:\/\/www.aaesor721.fr\/wp-content\/uploads\/2020\/04\/cr_ag_2009-min.pdf\" target=\"_blank\" rel=\"noopener noreferrer\"><span style=\"background-color: yellow; font-size: 10pt; font-family: arial, helvetica, sans-serif; color: #000000;\">Compte-rendu de l&rsquo;Assembl\u00e9e G\u00e9n\u00e9rale 2009<\/span><\/a><\/p>\n<p style=\"text-align: left;\"><span style=\"font-size: 10pt; font-family: arial, helvetica, sans-serif; color: #000000;\">Compte d&rsquo;exploitation 2008<\/span><\/p>\n<p style=\"text-align: left;\"><span style=\"font-size: 10pt; font-family: arial, helvetica, sans-serif; color: #000000;\">Discours de Pierre Delaigle<\/span><\/p>\n<p style=\"text-align: left;\"><span style=\"font-size: 10pt; font-family: arial, helvetica, sans-serif; color: #000000;\">Intervention d&rsquo;Humbert de Candido<\/span><\/p>\n<p style=\"text-align: left;\"><span style=\"font-size: 10pt; font-family: arial, helvetica, sans-serif; color: #000000;\">Composition du Bureau<\/span><\/p>\n<p style=\"text-align: left;\"><span style=\"font-size: 10pt; font-family: arial, helvetica, sans-serif; color: #000000;\">Code des R\u00e9gions<\/span><\/p>\n<p style=\"text-align: left;\"><span style=\"font-size: 10pt; font-family: arial, helvetica, sans-serif; color: #000000;\">Cotisation 2010<\/span><\/p>\n<p style=\"text-align: left;\"><a href=\"http:\/\/www.aaesor721.fr\/wp-content\/uploads\/2020\/04\/information_minute.pdf\" target=\"_blank\" rel=\"noopener noreferrer\"><span style=\"background-color: yellow; font-size: 10pt; font-family: arial, helvetica, sans-serif; color: #000000;\">Information minute de JC Dalloz<\/span><\/a><\/p>\n<p style=\"text-align: left;\"><span style=\"font-size: 10pt; font-family: arial, helvetica, sans-serif; color: #000000;\">C\u00e9r\u00e9monie du 2 juillet \u00e0 Rochefort: bapt\u00eame promo 2008<\/span><\/p>\n<p style=\"text-align: left;\"><span style=\"font-size: 10pt; font-family: arial, helvetica, sans-serif; color: #000000;\">C\u00e9r\u00e9monie du 27 ao\u00fbt 2009 sur BA 721:<\/span><\/p>\n<p style=\"text-align: left;\"><span style=\"font-size: 10pt; font-family: arial, helvetica, sans-serif; color: #000000;\">&#8211; prises de commandement DSA\u00e9 et DFT<\/span><\/p>\n<p style=\"text-align: left;\"><span style=\"font-size: 10pt; font-family: arial, helvetica, sans-serif; color: #000000;\">&#8211; adieu aux armes du GBA Br\u00e9ban<\/span><\/p>\n<p style=\"text-align: left;\"><span style=\"font-size: 10pt; font-family: arial, helvetica, sans-serif; color: #000000;\">Le dernier Tucano quitte Salon de Provence pour Rochefort<\/span><\/p>\n<p style=\"text-align: left;\"><span style=\"font-size: 10pt; font-family: arial, helvetica, sans-serif; color: #000000;\">Les F84 de la 9<sup>e <\/sup>Escadre de chasse<\/span><\/p>\n<p style=\"text-align: left;\"><span style=\"font-size: 10pt; font-family: arial, helvetica, sans-serif; color: #000000;\">Du Noratlas au Transall (suite)<\/span><\/p>\n<p style=\"text-align: left;\"><span style=\"font-size: 10pt; font-family: arial, helvetica, sans-serif; color: #000000;\">Nos R\u00e9gions:<\/span><\/p>\n<p style=\"text-align: left;\"><span style=\"font-size: 10pt; font-family: arial, helvetica, sans-serif; color: #000000;\">Centre Val de Loire<\/span><\/p>\n<p style=\"text-align: left;\"><span style=\"font-size: 10pt; font-family: arial, helvetica, sans-serif; color: #000000;\">&#8211; Meeting sur BA 705 de Tours<\/span><\/p>\n<p style=\"text-align: left;\"><span style=\"font-size: 10pt; font-family: arial, helvetica, sans-serif; color: #000000;\">Haute Normandie<\/span><\/p>\n<p style=\"text-align: left;\"><a href=\"http:\/\/www.aaesor721.fr\/wp-content\/uploads\/2020\/02\/Comm\u00e9mo-disparition-du-Latham-47.pdf\" target=\"_blank\" rel=\"noopener noreferrer\"><span style=\"font-size: 10pt; font-family: arial, helvetica, sans-serif; color: #000000;\">&#8211; Caudebec en Caux: c\u00e9r\u00e9monie disparition du Latham 47-02 en juin 1928<\/span><\/a><\/p>\n<p style=\"text-align: left;\"><span style=\"font-size: 10pt; font-family: arial, helvetica, sans-serif; color: #000000;\">&#8211; D\u00e9c\u00e8s de Charles Mercier<\/span><\/p>\n<p style=\"text-align: left;\"><span style=\"font-size: 10pt; font-family: arial, helvetica, sans-serif; color: #000000;\">Autres d\u00e9c\u00e8s<\/span><\/p>\n<p style=\"text-align: left;\"><span style=\"font-size: 10pt; font-family: arial, helvetica, sans-serif; color: #000000;\">Nouveaux adh\u00e9rents<\/span><\/p>\n<p style=\"text-align: left;\"><span style=\"font-size: 10pt; font-family: arial, helvetica, sans-serif; color: #000000;\">La boutique<\/span><\/p>\n","protected":false},"excerpt":{"rendered":"<p>Le mot du Pr\u00e9sident Le G\u00e9n\u00e9ral Br\u00e9ban quitte l&rsquo;AA Le mot du Pr\u00e9sident fondateur Compte-rendu de l&rsquo;Assembl\u00e9e G\u00e9n\u00e9rale 2009 Compte d&rsquo;exploitation 2008 Discours de Pierre Delaigle Intervention d&rsquo;Humbert de Candido Composition du Bureau Code des R\u00e9gions Cotisation 2010 Information minute de JC Dalloz C\u00e9r\u00e9monie du 2 juillet \u00e0 Rochefort: bapt\u00eame promo 2008 C\u00e9r\u00e9monie du 27 [&hellip;]<\/p>\n","protected":false},"author":4,"featured_media":0,"parent":0,"menu_order":0,"comment_status":"closed","ping_status":"closed","template":"","meta":[],"_links":{"self":[{"href":"http:\/\/www.aaesor721.fr\/index.php\/wp-json\/wp\/v2\/pages\/650"}],"collection":[{"href":"http:\/\/www.aaesor721.fr\/index.php\/wp-json\/wp\/v2\/pages"}],"about":[{"href":"http:\/\/www.aaesor721.fr\/index.php\/wp-json\/wp\/v2\/types\/page"}],"author":[{"embeddable":true,"href":"http:\/\/www.aaesor721.fr\/index.php\/wp-json\/wp\/v2\/users\/4"}],"replies":[{"embeddable":true,"href":"http:\/\/www.aaesor721.fr\/index.php\/wp-json\/wp\/v2\/comments?post=650"}],"version-history":[{"count":7,"href":"http:\/\/www.aaesor721.fr\/index.php\/wp-json\/wp\/v2\/pages\/650\/revisions"}],"predecessor-version":[{"id":1165,"href":"http:\/\/www.aaesor721.fr\/index.php\/wp-json\/wp\/v2\/pages\/650\/revisions\/1165"}],"wp:attachment":[{"href":"http:\/\/www.aaesor721.fr\/index.php\/wp-json\/wp\/v2\/media?parent=650"}],"curies":[{"name":"wp","href":"https:\/\/api.w.org\/{rel}","templated":true}]}}

<p style="text-align: left;"><a href="http://www.aaesor721.fr/wp-content/uploads/2020/02/Le-mot-du-Président_mp15.pdf" target="_blank" rel="noopener noreferrer"><span style="font-size: 10pt; font-family: arial, helvetica, sans-serif; color: #000000;">Le mot du Président</span></a></p>
<p style="text-align: left;"><span style="font-size: 10pt; font-family: arial, helvetica, sans-serif; color: #000000;">Le Général Bréban quitte l&rsquo;AA</span></p>
<p style="text-align: left;"><span style="font-size: 10pt; font-family: arial, helvetica, sans-serif; color: #000000;">Le mot du Président fondateur</span></p>
<p style="text-align: left;"><a href="http://www.aaesor721.fr/wp-content/uploads/2020/04/cr_ag_2009-min.pdf" target="_blank" rel="noopener noreferrer"><span style="background-color: yellow; font-size: 10pt; font-family: arial, helvetica, sans-serif; color: #000000;">Compte-rendu de l&rsquo;Assemblée Générale 2009</span></a></p>
<p style="text-align: left;"><span style="font-size: 10pt; font-family: arial, helvetica, sans-serif; color: #000000;">Compte d&rsquo;exploitation 2008</span></p>
<p style="text-align: left;"><span style="font-size: 10pt; font-family: arial, helvetica, sans-serif; color: #000000;">Discours de Pierre Delaigle</span></p>
<p style="text-align: left;"><span style="font-size: 10pt; font-family: arial, helvetica, sans-serif; color: #000000;">Intervention d&rsquo;Humbert de Candido</span></p>
<p style="text-align: left;"><span style="font-size: 10pt; font-family: arial, helvetica, sans-serif; color: #000000;">Composition du Bureau</span></p>
<p style="text-align: left;"><span style="font-size: 10pt; font-family: arial, helvetica, sans-serif; color: #000000;">Code des Régions</span></p>
<p style="text-align: left;"><span style="font-size: 10pt; font-family: arial, helvetica, sans-serif; color: #000000;">Cotisation 2010</span></p>
<p style="text-align: left;"><a href="http://www.aaesor721.fr/wp-content/uploads/2020/04/information_minute.pdf" target="_blank" rel="noopener noreferrer"><span style="background-color: yellow; font-size: 10pt; font-family: arial, helvetica, sans-serif; color: #000000;">Information minute de JC Dalloz</span></a></p>
<p style="text-align: left;"><span style="font-size: 10pt; font-family: arial, helvetica, sans-serif; color: #000000;">Cérémonie du 2 juillet à Rochefort: baptême promo 2008</span></p>
<p style="text-align: left;"><span style="font-size: 10pt; font-family: arial, helvetica, sans-serif; color: #000000;">Cérémonie du 27 août 2009 sur BA 721:</span></p>
<p style="text-align: left;"><span style="font-size: 10pt; font-family: arial, helvetica, sans-serif; color: #000000;">&#8211; prises de commandement DSAé et DFT</span></p>
<p style="text-align: left;"><span style="font-size: 10pt; font-family: arial, helvetica, sans-serif; color: #000000;">&#8211; adieu aux armes du GBA Bréban</span></p>
<p style="text-align: left;"><span style="font-size: 10pt; font-family: arial, helvetica, sans-serif; color: #000000;">Le dernier Tucano quitte Salon de Provence pour Rochefort</span></p>
<p style="text-align: left;"><span style="font-size: 10pt; font-family: arial, helvetica, sans-serif; color: #000000;">Les F84 de la 9<sup>e </sup>Escadre de chasse</span></p>
<p style="text-align: left;"><span style="font-size: 10pt; font-family: arial, helvetica, sans-serif; color: #000000;">Du Noratlas au Transall (suite)</span></p>
<p style="text-align: left;"><span style="font-size: 10pt; font-family: arial, helvetica, sans-serif; color: #000000;">Nos Régions:</span></p>
<p style="text-align: left;"><span style="font-size: 10pt; font-family: arial, helvetica, sans-serif; color: #000000;">Centre Val de Loire</span></p>
<p style="text-align: left;"><span style="font-size: 10pt; font-family: arial, helvetica, sans-serif; color: #000000;">&#8211; Meeting sur BA 705 de Tours</span></p>
<p style="text-align: left;"><span style="font-size: 10pt; font-family: arial, helvetica, sans-serif; color: #000000;">Haute Normandie</span></p>
<p style="text-align: left;"><a href="http://www.aaesor721.fr/wp-content/uploads/2020/02/Commémo-disparition-du-Latham-47.pdf" target="_blank" rel="noopener noreferrer"><span style="font-size: 10pt; font-family: arial, helvetica, sans-serif; color: #000000;">&#8211; Caudebec en Caux: cérémonie disparition du Latham 47-02 en juin 1928</span></a></p>
<p style="text-align: left;"><span style="font-size: 10pt; font-family: arial, helvetica, sans-serif; color: #000000;">&#8211; Décès de Charles Mercier</span></p>
<p style="text-align: left;"><span style="font-size: 10pt; font-family: arial, helvetica, sans-serif; color: #000000;">Autres décès</span></p>
<p style="text-align: left;"><span style="font-size: 10pt; font-family: arial, helvetica, sans-serif; color: #000000;">Nouveaux adhérents</span></p>
<p style="text-align: left;"><span style="font-size: 10pt; font-family: arial, helvetica, sans-serif; color: #000000;">La boutique</span></p>

<p>Le mot du Président Le Général Bréban quitte l&rsquo;AA Le mot du Président fondateur Compte-rendu de l&rsquo;Assemblée Générale 2009 Compte d&rsquo;exploitation 2008 Discours de Pierre Delaigle Intervention d&rsquo;Humbert de Candido Composition du Bureau Code des Régions Cotisation 2010 Information minute de JC Dalloz Cérémonie du 2 juillet à Rochefort: baptême promo 2008 Cérémonie du 27 [&hellip;]</p>
