{"id":634,"date":"2020-01-14T13:36:07","date_gmt":"2020-01-14T12:36:07","guid":{"rendered":"http:\/\/www.aaesor721.fr\/?page_id=634"},"modified":"2020-10-20T15:29:35","modified_gmt":"2020-10-20T13:29:35","slug":"sommaire-mille-pattes-n-7-juin-2005","status":"publish","type":"page","link":"http:\/\/www.aaesor721.fr\/index.php\/sommaire-mille-pattes-n-7-juin-2005\/","title":{"rendered":"Sommaire Mille Pattes n\u00b0 7 \/ Juin 2005"},"content":{"rendered":"<p class=\"western\" style=\"text-align: left;\"><a href=\"http:\/\/www.aaesor721.fr\/wp-content\/uploads\/2020\/10\/Le-mot-de-Pr\u00e9sident-min_mp7.pdf\" target=\"_blank\" rel=\"noopener noreferrer\"><span style=\"background-color: yellow; font-family: Arial, sans-serif; font-size: 10pt; color: #000000;\">Le mot du Pr\u00e9sident<\/span><\/a><\/p>\n<p class=\"western\" style=\"text-align: left;\"><span style=\"font-family: Arial, sans-serif; font-size: 10pt; color: #000000;\">L&rsquo;Adieu aux armes du GCA Jean Michel<\/span><\/p>\n<p class=\"western\" style=\"text-align: left;\"><a href=\"http:\/\/www.aaesor721.fr\/wp-content\/uploads\/2020\/04\/efsoaa_general_dudret-compressed.pdf\" target=\"_blank\" rel=\"noopener noreferrer\"><span style=\"font-family: Arial, sans-serif; font-size: 10pt; color: #000000;\">L&rsquo;EFSOAA du G\u00e9n\u00e9ral Dudret<\/span><\/a><\/p>\n<p class=\"western\" style=\"text-align: left;\"><a href=\"http:\/\/www.aaesor721.fr\/wp-content\/uploads\/2020\/02\/La-BA-106-Capitaine-Michel-Croci.pdf\" target=\"_blank\" rel=\"noopener noreferrer\"><span style=\"font-family: Arial, sans-serif; font-size: 10pt; color: #000000;\">La Base a\u00e9rienne 106 \u00ab\u00a0Capitaine Michel Croci\u00a0\u00bb<\/span><\/a><\/p>\n<p class=\"western\" style=\"text-align: left;\"><span style=\"font-family: Arial, sans-serif; font-size: 10pt; color: #000000;\">Histoire -Tradition &#8211; Nostalgie:<\/span><\/p>\n<p class=\"western\" style=\"text-align: left;\"><a href=\"http:\/\/www.aaesor721.fr\/wp-content\/uploads\/2020\/10\/Naissance-de-lA\u00e9ronautique-navale-min.pdf\" target=\"_blank\" rel=\"noopener noreferrer\"><span style=\"background-color: yellow; font-family: Arial, sans-serif; font-size: 10pt; color: #000000;\">&#8211; Naissance de l&rsquo;A\u00e9ronautique navale par Daniel Grall<\/span><\/a><\/p>\n<p class=\"western\" style=\"text-align: left;\"><a href=\"http:\/\/www.aaesor721.fr\/wp-content\/uploads\/2020\/02\/JP-Besanceney_-Les-Dmoiselles-de-Rochefort.pdf\" target=\"_blank\" rel=\"noopener noreferrer\"><span style=\"font-family: Arial, sans-serif; font-size: 10pt; color: #000000;\">&#8211; \u00c9coutez le revivre de JP Besanceney (Les D&rsquo;moiselles de Rochefort)<\/span><\/a><\/p>\n<p class=\"western\" style=\"text-align: left;\"><a href=\"http:\/\/www.aaesor721.fr\/wp-content\/uploads\/2020\/04\/memoire_royal_cambouis-compressed.pdf\" target=\"_blank\" rel=\"noopener noreferrer\"><span style=\"font-family: Arial, sans-serif; font-size: 10pt; color: #000000;\">&#8211; M\u00e9moire d&rsquo;un \u00ab\u00a0Royal Cambouis\u00a0\u00bb \u00e0 Dien Bien Phu de G. Thudot<\/span><\/a><\/p>\n<p class=\"western\" style=\"text-align: left;\"><span style=\"font-family: Arial, sans-serif; font-size: 10pt; color: #000000;\">Les Infos<\/span><\/p>\n<p class=\"western\" style=\"text-align: left;\"><span style=\"font-family: Arial, sans-serif; font-size: 10pt; color: #000000;\">&#8211; Cotisation 2005<\/span><\/p>\n<p class=\"western\" style=\"text-align: left;\"><span style=\"font-family: Arial, sans-serif; font-size: 10pt; color: #000000;\">&#8211; Expo 2005 \u00ab\u00a0Des ailes et des hommes\u00a0\u00bb<\/span><\/p>\n<p class=\"western\" style=\"text-align: left;\"><span style=\"font-family: Arial, sans-serif; font-size: 10pt; color: #000000;\">&#8211; La boutique<\/span><\/p>\n<p class=\"western\" style=\"text-align: left;\"><span style=\"font-family: Arial, sans-serif; font-size: 10pt; color: #000000;\">&#8211; Ils nous ont quitt\u00e9s<\/span><\/p>\n<p class=\"western\" style=\"text-align: left;\"><span style=\"font-family: Arial, sans-serif; font-size: 10pt; color: #000000;\">&#8211; Amicale des anciens de la 11\u00e8me EC<\/span><\/p>\n<p class=\"western\" style=\"text-align: left;\"><span style=\"font-family: Arial, sans-serif; font-size: 10pt; color: #000000;\">Additif de l&rsquo;annuaire<\/span><\/p>\n","protected":false},"excerpt":{"rendered":"<p>Le mot du Pr\u00e9sident L&rsquo;Adieu aux armes du GCA Jean Michel L&rsquo;EFSOAA du G\u00e9n\u00e9ral Dudret La Base a\u00e9rienne 106 \u00ab\u00a0Capitaine Michel Croci\u00a0\u00bb Histoire -Tradition &#8211; Nostalgie: &#8211; Naissance de l&rsquo;A\u00e9ronautique navale par Daniel Grall &#8211; \u00c9coutez le revivre de JP Besanceney (Les D&rsquo;moiselles de Rochefort) &#8211; M\u00e9moire d&rsquo;un \u00ab\u00a0Royal Cambouis\u00a0\u00bb \u00e0 Dien Bien Phu de [&hellip;]<\/p>\n","protected":false},"author":4,"featured_media":0,"parent":0,"menu_order":0,"comment_status":"closed","ping_status":"closed","template":"","meta":[],"_links":{"self":[{"href":"http:\/\/www.aaesor721.fr\/index.php\/wp-json\/wp\/v2\/pages\/634"}],"collection":[{"href":"http:\/\/www.aaesor721.fr\/index.php\/wp-json\/wp\/v2\/pages"}],"about":[{"href":"http:\/\/www.aaesor721.fr\/index.php\/wp-json\/wp\/v2\/types\/page"}],"author":[{"embeddable":true,"href":"http:\/\/www.aaesor721.fr\/index.php\/wp-json\/wp\/v2\/users\/4"}],"replies":[{"embeddable":true,"href":"http:\/\/www.aaesor721.fr\/index.php\/wp-json\/wp\/v2\/comments?post=634"}],"version-history":[{"count":8,"href":"http:\/\/www.aaesor721.fr\/index.php\/wp-json\/wp\/v2\/pages\/634\/revisions"}],"predecessor-version":[{"id":1363,"href":"http:\/\/www.aaesor721.fr\/index.php\/wp-json\/wp\/v2\/pages\/634\/revisions\/1363"}],"wp:attachment":[{"href":"http:\/\/www.aaesor721.fr\/index.php\/wp-json\/wp\/v2\/media?parent=634"}],"curies":[{"name":"wp","href":"https:\/\/api.w.org\/{rel}","templated":true}]}}