{"id":535,"date":"2019-12-14T22:09:34","date_gmt":"2019-12-14T21:09:34","guid":{"rendered":"http:\/\/www.aaesor721.fr\/?page_id=535"},"modified":"2025-11-13T11:21:15","modified_gmt":"2025-11-13T10:21:15","slug":"les-membres-du-conseil-dadministration-de-laaesor","status":"publish","type":"page","link":"http:\/\/www.aaesor721.fr\/index.php\/les-membres-du-conseil-dadministration-de-laaesor\/","title":{"rendered":"Les membres du Conseil d&rsquo;Administration"},"content":{"rendered":"<table style=\"border-collapse: collapse; width: 100%; height: 168px;\" border=\"1\">\n<tbody>\n<tr style=\"height: 24px;\">\n<td style=\"width: 25%; text-align: center; height: 24px;\"><span style=\"color: #000000;\"><strong><span style=\"font-family: arial, helvetica, sans-serif; font-size: 10pt;\"><span style=\"font-size: 12pt; color: black;\">Pr\u00e9sident National<\/span> <\/span><\/strong><\/span><\/td>\n<td style=\"width: 25%; text-align: center; height: 24px;\"><strong><span style=\"font-family: arial, helvetica, sans-serif; font-size: 12pt; color: #000000;\">Vice pr\u00e9sident<\/span><\/strong><\/td>\n<td style=\"width: 25%; text-align: center; height: 24px;\"><strong><span style=\"font-size: 12pt; font-family: arial, helvetica, sans-serif; color: #000000;\">Tr\u00e9sorier<\/span><\/strong><\/td>\n<td style=\"width: 25%; text-align: center; height: 24px;\"><strong><span style=\"font-family: arial, helvetica, sans-serif; font-size: 12pt; color: #000000;\">Tr\u00e9sorier adjoint<\/span><\/strong><\/td>\n<\/tr>\n<tr style=\"height: 24px;\">\n<td style=\"width: 25%; text-align: center; height: 24px;\"><a href=\"http:\/\/www.aaesor721.fr\/wp-content\/uploads\/2018\/12\/jeanpierre-TRON.jpg\"><img decoding=\"async\" loading=\"lazy\" class=\" wp-image-96\" src=\"http:\/\/www.aaesor721.fr\/wp-content\/uploads\/2018\/12\/jeanpierre-TRON.jpg\" alt=\"Jean-Pierre Tron - Vice Pr\u00e9sident\" width=\"140\" height=\"172\" \/><\/a><\/p>\n<p><span style=\"color: #000000; font-size: 12pt; font-family: georgia, palatino, serif;\">Jean Pierre Tron<\/span><\/td>\n<td style=\"width: 25%; text-align: center; height: 24px;\"><img decoding=\"async\" loading=\"lazy\" class=\"alignnone wp-image-2463\" src=\"http:\/\/www.aaesor721.fr\/wp-content\/uploads\/2025\/07\/IMG_1772-225x300.jpeg\" alt=\"\" width=\"130\" height=\"173\" srcset=\"http:\/\/www.aaesor721.fr\/wp-content\/uploads\/2025\/07\/IMG_1772-225x300.jpeg 225w, http:\/\/www.aaesor721.fr\/wp-content\/uploads\/2025\/07\/IMG_1772-768x1024.jpeg 768w, http:\/\/www.aaesor721.fr\/wp-content\/uploads\/2025\/07\/IMG_1772-1152x1536.jpeg 1152w, http:\/\/www.aaesor721.fr\/wp-content\/uploads\/2025\/07\/IMG_1772-1536x2048.jpeg 1536w, http:\/\/www.aaesor721.fr\/wp-content\/uploads\/2025\/07\/IMG_1772-scaled.jpeg 1920w\" sizes=\"(max-width: 130px) 100vw, 130px\" \/><\/p>\n<p><span style=\"color: #000000; font-size: 12pt; font-family: georgia, palatino, serif;\">Jean Philippe Chevrier<\/span><\/td>\n<td style=\"width: 25%; text-align: center; height: 24px;\"><img decoding=\"async\" loading=\"lazy\" class=\"alignnone wp-image-2464\" src=\"http:\/\/www.aaesor721.fr\/wp-content\/uploads\/2025\/07\/IMG_20250716_143921-1-285x300.jpg\" alt=\"\" width=\"170\" height=\"179\" srcset=\"http:\/\/www.aaesor721.fr\/wp-content\/uploads\/2025\/07\/IMG_20250716_143921-1-285x300.jpg 285w, http:\/\/www.aaesor721.fr\/wp-content\/uploads\/2025\/07\/IMG_20250716_143921-1-971x1024.jpg 971w, http:\/\/www.aaesor721.fr\/wp-content\/uploads\/2025\/07\/IMG_20250716_143921-1-768x810.jpg 768w, http:\/\/www.aaesor721.fr\/wp-content\/uploads\/2025\/07\/IMG_20250716_143921-1-1457x1536.jpg 1457w, http:\/\/www.aaesor721.fr\/wp-content\/uploads\/2025\/07\/IMG_20250716_143921-1-1943x2048.jpg 1943w\" sizes=\"(max-width: 170px) 100vw, 170px\" \/><\/p>\n<p><span style=\"color: #000000; font-size: 12pt; font-family: georgia, palatino, serif;\">Jean Michel Gravier<\/span><\/td>\n<td style=\"width: 25%; text-align: center; height: 24px;\"><img decoding=\"async\" loading=\"lazy\" class=\"wp-image-1965 alignnone\" src=\"http:\/\/www.aaesor721.fr\/wp-content\/uploads\/2023\/06\/20230622_135508-207x300.jpg\" alt=\"\" width=\"123\" height=\"179\" srcset=\"http:\/\/www.aaesor721.fr\/wp-content\/uploads\/2023\/06\/20230622_135508-207x300.jpg 207w, http:\/\/www.aaesor721.fr\/wp-content\/uploads\/2023\/06\/20230622_135508-708x1024.jpg 708w, http:\/\/www.aaesor721.fr\/wp-content\/uploads\/2023\/06\/20230622_135508-768x1111.jpg 768w, http:\/\/www.aaesor721.fr\/wp-content\/uploads\/2023\/06\/20230622_135508-1061x1536.jpg 1061w, http:\/\/www.aaesor721.fr\/wp-content\/uploads\/2023\/06\/20230622_135508-1415x2048.jpg 1415w, http:\/\/www.aaesor721.fr\/wp-content\/uploads\/2023\/06\/20230622_135508-scaled.jpg 1769w\" sizes=\"(max-width: 123px) 100vw, 123px\" \/><\/p>\n<p><span style=\"color: #000000; font-size: 12pt; font-family: georgia, palatino, serif;\">Frederic Chaulacel<\/span><\/td>\n<\/tr>\n<tr style=\"height: 24px;\">\n<td style=\"text-align: center; height: 24px; width: 25%;\"><span style=\"color: #000000; font-family: arial, helvetica, sans-serif; font-size: 12pt;\"><b>Secr\u00e9taire<\/b><\/span><\/td>\n<td style=\"text-align: center; width: 25%; height: 24px;\"><strong><span style=\"font-size: 12pt; font-family: arial, helvetica, sans-serif; color: #000000;\">Secr\u00e9taire adjoint<\/span><\/strong><\/td>\n<td style=\"text-align: center; width: 25%; height: 24px;\"><strong><span style=\"font-size: 12pt; font-family: arial, helvetica, sans-serif; color: #000000;\">Chancelier<\/span><\/strong><\/td>\n<td style=\"text-align: center; width: 25%; height: 24px;\"><strong><span style=\"font-size: 12pt; font-family: arial, helvetica, sans-serif; color: #000000;\">Contr\u00f4leur aux comptes<\/span><\/strong><\/td>\n<\/tr>\n<tr style=\"height: 24px;\">\n<td style=\"width: 25%; height: 24px; text-align: center;\"><img decoding=\"async\" loading=\"lazy\" class=\"alignnone wp-image-2507\" src=\"http:\/\/www.aaesor721.fr\/wp-content\/uploads\/2025\/07\/Roger-BARON-230x300.jpg\" alt=\"\" width=\"139\" height=\"181\" srcset=\"http:\/\/www.aaesor721.fr\/wp-content\/uploads\/2025\/07\/Roger-BARON-230x300.jpg 230w, http:\/\/www.aaesor721.fr\/wp-content\/uploads\/2025\/07\/Roger-BARON-787x1024.jpg 787w, http:\/\/www.aaesor721.fr\/wp-content\/uploads\/2025\/07\/Roger-BARON-768x1000.jpg 768w, http:\/\/www.aaesor721.fr\/wp-content\/uploads\/2025\/07\/Roger-BARON-1180x1536.jpg 1180w, http:\/\/www.aaesor721.fr\/wp-content\/uploads\/2025\/07\/Roger-BARON.jpg 1313w\" sizes=\"(max-width: 139px) 100vw, 139px\" \/><\/p>\n<p><span style=\"font-family: arial, helvetica, sans-serif; font-size: 12pt; color: #000000;\">Roger Baron<\/span><\/td>\n<td style=\"width: 25%; height: 24px; text-align: center;\"><img decoding=\"async\" loading=\"lazy\" class=\"alignnone wp-image-2389\" src=\"http:\/\/www.aaesor721.fr\/wp-content\/uploads\/2024\/11\/P-Pennerat-223x300.jpg\" alt=\"\" width=\"135\" height=\"182\" srcset=\"http:\/\/www.aaesor721.fr\/wp-content\/uploads\/2024\/11\/P-Pennerat-223x300.jpg 223w, http:\/\/www.aaesor721.fr\/wp-content\/uploads\/2024\/11\/P-Pennerat-760x1024.jpg 760w, http:\/\/www.aaesor721.fr\/wp-content\/uploads\/2024\/11\/P-Pennerat-768x1035.jpg 768w, http:\/\/www.aaesor721.fr\/wp-content\/uploads\/2024\/11\/P-Pennerat-1140x1536.jpg 1140w, http:\/\/www.aaesor721.fr\/wp-content\/uploads\/2024\/11\/P-Pennerat.jpg 1393w\" sizes=\"(max-width: 135px) 100vw, 135px\" \/><\/p>\n<p><span style=\"font-family: arial, helvetica, sans-serif; font-size: 12pt; color: #000000;\">Philippe Pennerat<\/span><\/td>\n<td style=\"width: 25%; height: 24px; text-align: center;\"><img decoding=\"async\" loading=\"lazy\" class=\"wp-image-2781 alignnone\" src=\"http:\/\/www.aaesor721.fr\/wp-content\/uploads\/2025\/11\/DSC06869-Copie-293x300.jpg\" alt=\"\" width=\"194\" height=\"198\" srcset=\"http:\/\/www.aaesor721.fr\/wp-content\/uploads\/2025\/11\/DSC06869-Copie-293x300.jpg 293w, http:\/\/www.aaesor721.fr\/wp-content\/uploads\/2025\/11\/DSC06869-Copie-768x786.jpg 768w, http:\/\/www.aaesor721.fr\/wp-content\/uploads\/2025\/11\/DSC06869-Copie.jpg 975w\" sizes=\"(max-width: 194px) 100vw, 194px\" \/><\/p>\n<p><span style=\"font-family: arial, helvetica, sans-serif; font-size: 12pt; color: #000000;\">Marc Ducastel<\/span><\/td>\n<td style=\"width: 25%; height: 24px; text-align: center;\"><img decoding=\"async\" loading=\"lazy\" class=\"alignnone wp-image-2489\" src=\"http:\/\/www.aaesor721.fr\/wp-content\/uploads\/2025\/07\/20250717_094837-225x300.jpg\" alt=\"\" width=\"137\" height=\"183\" srcset=\"http:\/\/www.aaesor721.fr\/wp-content\/uploads\/2025\/07\/20250717_094837-225x300.jpg 225w, http:\/\/www.aaesor721.fr\/wp-content\/uploads\/2025\/07\/20250717_094837-768x1024.jpg 768w, http:\/\/www.aaesor721.fr\/wp-content\/uploads\/2025\/07\/20250717_094837.jpg 816w\" sizes=\"(max-width: 137px) 100vw, 137px\" \/><\/p>\n<p><span style=\"font-family: arial, helvetica, sans-serif; font-size: 12pt; color: #000000;\">Philippe Lamarre<\/span><\/td>\n<\/tr>\n<tr style=\"height: 24px;\">\n<td style=\"width: 25%; height: 24px; text-align: center;\"><\/td>\n<td style=\"width: 25%; height: 24px; text-align: center;\"><span style=\"font-size: 10pt; font-family: arial, helvetica, sans-serif; color: #000000;\">\u00a0<\/span><\/td>\n<td style=\"width: 25%; height: 24px; text-align: center;\"><\/td>\n<td style=\"width: 25%; height: 24px; text-align: center;\"><\/td>\n<\/tr>\n<tr style=\"height: 24px;\">\n<td style=\"width: 100%; height: 24px; text-align: center;\" colspan=\"4\"><span style=\"font-size: 12pt;\"><strong><span style=\"color: #000000; font-family: arial, helvetica, sans-serif;\">Deux membres de droit<\/span><\/strong><\/span><\/td>\n<\/tr>\n<tr style=\"height: 24px;\">\n<td style=\"width: 50%; text-align: center; height: 24px;\" colspan=\"2\"><a href=\"http:\/\/www.aaesor721.fr\/wp-content\/uploads\/2019\/12\/Delaigle-3.jpg\"><img decoding=\"async\" loading=\"lazy\" class=\"wp-image-497 alignnone\" src=\"http:\/\/www.aaesor721.fr\/wp-content\/uploads\/2019\/12\/Delaigle-3.jpg\" alt=\"\" width=\"139\" height=\"188\" srcset=\"http:\/\/www.aaesor721.fr\/wp-content\/uploads\/2019\/12\/Delaigle-3.jpg 929w, http:\/\/www.aaesor721.fr\/wp-content\/uploads\/2019\/12\/Delaigle-3-222x300.jpg 222w, http:\/\/www.aaesor721.fr\/wp-content\/uploads\/2019\/12\/Delaigle-3-768x1039.jpg 768w, http:\/\/www.aaesor721.fr\/wp-content\/uploads\/2019\/12\/Delaigle-3-757x1024.jpg 757w\" sizes=\"(max-width: 139px) 100vw, 139px\" \/><\/a><br \/>\n<span style=\"color: #000000; font-size: 10pt; font-family: arial, helvetica, sans-serif;\">Pdt fondateur <\/span><br \/>\n<span style=\"color: #000000; font-size: 10pt; font-family: arial, helvetica, sans-serif;\">P Delaigle\u00a0<\/span><\/td>\n<td style=\"width: 50%; text-align: center; height: 24px;\" colspan=\"2\"><img decoding=\"async\" loading=\"lazy\" class=\"wp-image-2391 aligncenter\" src=\"http:\/\/www.aaesor721.fr\/wp-content\/uploads\/2024\/11\/P-Kadikoff_2-223x300.jpg\" alt=\"\" width=\"149\" height=\"201\" srcset=\"http:\/\/www.aaesor721.fr\/wp-content\/uploads\/2024\/11\/P-Kadikoff_2-223x300.jpg 223w, http:\/\/www.aaesor721.fr\/wp-content\/uploads\/2024\/11\/P-Kadikoff_2.jpg 270w\" sizes=\"(max-width: 149px) 100vw, 149px\" \/><\/p>\n<p>P Kadikoff<\/td>\n<\/tr>\n<\/tbody>\n<\/table>\n","protected":false},"excerpt":{"rendered":"<p>Pr\u00e9sident National Vice pr\u00e9sident Tr\u00e9sorier Tr\u00e9sorier adjoint Jean Pierre Tron Jean Philippe Chevrier Jean Michel Gravier Frederic Chaulacel Secr\u00e9taire Secr\u00e9taire adjoint Chancelier Contr\u00f4leur aux comptes Roger Baron Philippe Pennerat Marc Ducastel Philippe Lamarre \u00a0 Deux membres de droit Pdt fondateur P Delaigle\u00a0 P Kadikoff<\/p>\n","protected":false},"author":4,"featured_media":0,"parent":0,"menu_order":0,"comment_status":"closed","ping_status":"closed","template":"","meta":[],"_links":{"self":[{"href":"http:\/\/www.aaesor721.fr\/index.php\/wp-json\/wp\/v2\/pages\/535"}],"collection":[{"href":"http:\/\/www.aaesor721.fr\/index.php\/wp-json\/wp\/v2\/pages"}],"about":[{"href":"http:\/\/www.aaesor721.fr\/index.php\/wp-json\/wp\/v2\/types\/page"}],"author":[{"embeddable":true,"href":"http:\/\/www.aaesor721.fr\/index.php\/wp-json\/wp\/v2\/users\/4"}],"replies":[{"embeddable":true,"href":"http:\/\/www.aaesor721.fr\/index.php\/wp-json\/wp\/v2\/comments?post=535"}],"version-history":[{"count":66,"href":"http:\/\/www.aaesor721.fr\/index.php\/wp-json\/wp\/v2\/pages\/535\/revisions"}],"predecessor-version":[{"id":2784,"href":"http:\/\/www.aaesor721.fr\/index.php\/wp-json\/wp\/v2\/pages\/535\/revisions\/2784"}],"wp:attachment":[{"href":"http:\/\/www.aaesor721.fr\/index.php\/wp-json\/wp\/v2\/media?parent=535"}],"curies":[{"name":"wp","href":"https:\/\/api.w.org\/{rel}","templated":true}]}}

<table style="border-collapse: collapse; width: 100%; height: 168px;" border="1">
<tbody>
<tr style="height: 24px;">
<td style="width: 25%; text-align: center; height: 24px;"><span style="color: #000000;"><strong><span style="font-family: arial, helvetica, sans-serif; font-size: 10pt;"><span style="font-size: 12pt; color: black;">Président National</span> </span></strong></span></td>
<td style="width: 25%; text-align: center; height: 24px;"><strong><span style="font-family: arial, helvetica, sans-serif; font-size: 12pt; color: #000000;">Vice président</span></strong></td>
<td style="width: 25%; text-align: center; height: 24px;"><strong><span style="font-size: 12pt; font-family: arial, helvetica, sans-serif; color: #000000;">Trésorier</span></strong></td>
<td style="width: 25%; text-align: center; height: 24px;"><strong><span style="font-family: arial, helvetica, sans-serif; font-size: 12pt; color: #000000;">Trésorier adjoint</span></strong></td>
</tr>
<tr style="height: 24px;">
<td style="width: 25%; text-align: center; height: 24px;"><a href="http://www.aaesor721.fr/wp-content/uploads/2018/12/jeanpierre-TRON.jpg"><img decoding="async" loading="lazy" class=" wp-image-96" src="http://www.aaesor721.fr/wp-content/uploads/2018/12/jeanpierre-TRON.jpg" alt="Jean-Pierre Tron - Vice Président" width="140" height="172" /></a></p>
<p><span style="color: #000000; font-size: 12pt; font-family: georgia, palatino, serif;">Jean Pierre Tron</span></td>
<td style="width: 25%; text-align: center; height: 24px;"><img decoding="async" loading="lazy" class="alignnone wp-image-2463" src="http://www.aaesor721.fr/wp-content/uploads/2025/07/IMG_1772-225x300.jpeg" alt="" width="130" height="173" srcset="http://www.aaesor721.fr/wp-content/uploads/2025/07/IMG_1772-225x300.jpeg 225w, http://www.aaesor721.fr/wp-content/uploads/2025/07/IMG_1772-768x1024.jpeg 768w, http://www.aaesor721.fr/wp-content/uploads/2025/07/IMG_1772-1152x1536.jpeg 1152w, http://www.aaesor721.fr/wp-content/uploads/2025/07/IMG_1772-1536x2048.jpeg 1536w, http://www.aaesor721.fr/wp-content/uploads/2025/07/IMG_1772-scaled.jpeg 1920w" sizes="(max-width: 130px) 100vw, 130px" /></p>
<p><span style="color: #000000; font-size: 12pt; font-family: georgia, palatino, serif;">Jean Philippe Chevrier</span></td>
<td style="width: 25%; text-align: center; height: 24px;"><img decoding="async" loading="lazy" class="alignnone wp-image-2464" src="http://www.aaesor721.fr/wp-content/uploads/2025/07/IMG_20250716_143921-1-285x300.jpg" alt="" width="170" height="179" srcset="http://www.aaesor721.fr/wp-content/uploads/2025/07/IMG_20250716_143921-1-285x300.jpg 285w, http://www.aaesor721.fr/wp-content/uploads/2025/07/IMG_20250716_143921-1-971x1024.jpg 971w, http://www.aaesor721.fr/wp-content/uploads/2025/07/IMG_20250716_143921-1-768x810.jpg 768w, http://www.aaesor721.fr/wp-content/uploads/2025/07/IMG_20250716_143921-1-1457x1536.jpg 1457w, http://www.aaesor721.fr/wp-content/uploads/2025/07/IMG_20250716_143921-1-1943x2048.jpg 1943w" sizes="(max-width: 170px) 100vw, 170px" /></p>
<p><span style="color: #000000; font-size: 12pt; font-family: georgia, palatino, serif;">Jean Michel Gravier</span></td>
<td style="width: 25%; text-align: center; height: 24px;"><img decoding="async" loading="lazy" class="wp-image-1965 alignnone" src="http://www.aaesor721.fr/wp-content/uploads/2023/06/20230622_135508-207x300.jpg" alt="" width="123" height="179" srcset="http://www.aaesor721.fr/wp-content/uploads/2023/06/20230622_135508-207x300.jpg 207w, http://www.aaesor721.fr/wp-content/uploads/2023/06/20230622_135508-708x1024.jpg 708w, http://www.aaesor721.fr/wp-content/uploads/2023/06/20230622_135508-768x1111.jpg 768w, http://www.aaesor721.fr/wp-content/uploads/2023/06/20230622_135508-1061x1536.jpg 1061w, http://www.aaesor721.fr/wp-content/uploads/2023/06/20230622_135508-1415x2048.jpg 1415w, http://www.aaesor721.fr/wp-content/uploads/2023/06/20230622_135508-scaled.jpg 1769w" sizes="(max-width: 123px) 100vw, 123px" /></p>
<p><span style="color: #000000; font-size: 12pt; font-family: georgia, palatino, serif;">Frederic Chaulacel</span></td>
</tr>
<tr style="height: 24px;">
<td style="text-align: center; height: 24px; width: 25%;"><span style="color: #000000; font-family: arial, helvetica, sans-serif; font-size: 12pt;"><b>Secrétaire</b></span></td>
<td style="text-align: center; width: 25%; height: 24px;"><strong><span style="font-size: 12pt; font-family: arial, helvetica, sans-serif; color: #000000;">Secrétaire adjoint</span></strong></td>
<td style="text-align: center; width: 25%; height: 24px;"><strong><span style="font-size: 12pt; font-family: arial, helvetica, sans-serif; color: #000000;">Chancelier</span></strong></td>
<td style="text-align: center; width: 25%; height: 24px;"><strong><span style="font-size: 12pt; font-family: arial, helvetica, sans-serif; color: #000000;">Contrôleur aux comptes</span></strong></td>
</tr>
<tr style="height: 24px;">
<td style="width: 25%; height: 24px; text-align: center;"><img decoding="async" loading="lazy" class="alignnone wp-image-2507" src="http://www.aaesor721.fr/wp-content/uploads/2025/07/Roger-BARON-230x300.jpg" alt="" width="139" height="181" srcset="http://www.aaesor721.fr/wp-content/uploads/2025/07/Roger-BARON-230x300.jpg 230w, http://www.aaesor721.fr/wp-content/uploads/2025/07/Roger-BARON-787x1024.jpg 787w, http://www.aaesor721.fr/wp-content/uploads/2025/07/Roger-BARON-768x1000.jpg 768w, http://www.aaesor721.fr/wp-content/uploads/2025/07/Roger-BARON-1180x1536.jpg 1180w, http://www.aaesor721.fr/wp-content/uploads/2025/07/Roger-BARON.jpg 1313w" sizes="(max-width: 139px) 100vw, 139px" /></p>
<p><span style="font-family: arial, helvetica, sans-serif; font-size: 12pt; color: #000000;">Roger Baron</span></td>
<td style="width: 25%; height: 24px; text-align: center;"><img decoding="async" loading="lazy" class="alignnone wp-image-2389" src="http://www.aaesor721.fr/wp-content/uploads/2024/11/P-Pennerat-223x300.jpg" alt="" width="135" height="182" srcset="http://www.aaesor721.fr/wp-content/uploads/2024/11/P-Pennerat-223x300.jpg 223w, http://www.aaesor721.fr/wp-content/uploads/2024/11/P-Pennerat-760x1024.jpg 760w, http://www.aaesor721.fr/wp-content/uploads/2024/11/P-Pennerat-768x1035.jpg 768w, http://www.aaesor721.fr/wp-content/uploads/2024/11/P-Pennerat-1140x1536.jpg 1140w, http://www.aaesor721.fr/wp-content/uploads/2024/11/P-Pennerat.jpg 1393w" sizes="(max-width: 135px) 100vw, 135px" /></p>
<p><span style="font-family: arial, helvetica, sans-serif; font-size: 12pt; color: #000000;">Philippe Pennerat</span></td>
<td style="width: 25%; height: 24px; text-align: center;"><img decoding="async" loading="lazy" class="wp-image-2781 alignnone" src="http://www.aaesor721.fr/wp-content/uploads/2025/11/DSC06869-Copie-293x300.jpg" alt="" width="194" height="198" srcset="http://www.aaesor721.fr/wp-content/uploads/2025/11/DSC06869-Copie-293x300.jpg 293w, http://www.aaesor721.fr/wp-content/uploads/2025/11/DSC06869-Copie-768x786.jpg 768w, http://www.aaesor721.fr/wp-content/uploads/2025/11/DSC06869-Copie.jpg 975w" sizes="(max-width: 194px) 100vw, 194px" /></p>
<p><span style="font-family: arial, helvetica, sans-serif; font-size: 12pt; color: #000000;">Marc Ducastel</span></td>
<td style="width: 25%; height: 24px; text-align: center;"><img decoding="async" loading="lazy" class="alignnone wp-image-2489" src="http://www.aaesor721.fr/wp-content/uploads/2025/07/20250717_094837-225x300.jpg" alt="" width="137" height="183" srcset="http://www.aaesor721.fr/wp-content/uploads/2025/07/20250717_094837-225x300.jpg 225w, http://www.aaesor721.fr/wp-content/uploads/2025/07/20250717_094837-768x1024.jpg 768w, http://www.aaesor721.fr/wp-content/uploads/2025/07/20250717_094837.jpg 816w" sizes="(max-width: 137px) 100vw, 137px" /></p>
<p><span style="font-family: arial, helvetica, sans-serif; font-size: 12pt; color: #000000;">Philippe Lamarre</span></td>
</tr>
<tr style="height: 24px;">
<td style="width: 25%; height: 24px; text-align: center;"></td>
<td style="width: 25%; height: 24px; text-align: center;"><span style="font-size: 10pt; font-family: arial, helvetica, sans-serif; color: #000000;"> </span></td>
<td style="width: 25%; height: 24px; text-align: center;"></td>
<td style="width: 25%; height: 24px; text-align: center;"></td>
</tr>
<tr style="height: 24px;">
<td style="width: 100%; height: 24px; text-align: center;" colspan="4"><span style="font-size: 12pt;"><strong><span style="color: #000000; font-family: arial, helvetica, sans-serif;">Deux membres de droit</span></strong></span></td>
</tr>
<tr style="height: 24px;">
<td style="width: 50%; text-align: center; height: 24px;" colspan="2"><a href="http://www.aaesor721.fr/wp-content/uploads/2019/12/Delaigle-3.jpg"><img decoding="async" loading="lazy" class="wp-image-497 alignnone" src="http://www.aaesor721.fr/wp-content/uploads/2019/12/Delaigle-3.jpg" alt="" width="139" height="188" srcset="http://www.aaesor721.fr/wp-content/uploads/2019/12/Delaigle-3.jpg 929w, http://www.aaesor721.fr/wp-content/uploads/2019/12/Delaigle-3-222x300.jpg 222w, http://www.aaesor721.fr/wp-content/uploads/2019/12/Delaigle-3-768x1039.jpg 768w, http://www.aaesor721.fr/wp-content/uploads/2019/12/Delaigle-3-757x1024.jpg 757w" sizes="(max-width: 139px) 100vw, 139px" /></a><br />
<span style="color: #000000; font-size: 10pt; font-family: arial, helvetica, sans-serif;">Pdt fondateur </span><br />
<span style="color: #000000; font-size: 10pt; font-family: arial, helvetica, sans-serif;">P Delaigle </span></td>
<td style="width: 50%; text-align: center; height: 24px;" colspan="2"><img decoding="async" loading="lazy" class="wp-image-2391 aligncenter" src="http://www.aaesor721.fr/wp-content/uploads/2024/11/P-Kadikoff_2-223x300.jpg" alt="" width="149" height="201" srcset="http://www.aaesor721.fr/wp-content/uploads/2024/11/P-Kadikoff_2-223x300.jpg 223w, http://www.aaesor721.fr/wp-content/uploads/2024/11/P-Kadikoff_2.jpg 270w" sizes="(max-width: 149px) 100vw, 149px" /></p>
<p>P Kadikoff</td>
</tr>
</tbody>
</table>

<p>Président National Vice président Trésorier Trésorier adjoint Jean Pierre Tron Jean Philippe Chevrier Jean Michel Gravier Frederic Chaulacel Secrétaire Secrétaire adjoint Chancelier Contrôleur aux comptes Roger Baron Philippe Pennerat Marc Ducastel Philippe Lamarre   Deux membres de droit Pdt fondateur P Delaigle  P Kadikoff</p>
