{"id":2814,"date":"2026-01-15T09:31:01","date_gmt":"2026-01-15T08:31:01","guid":{"rendered":"http:\/\/www.aaesor721.fr\/?page_id=2814"},"modified":"2026-01-15T09:37:09","modified_gmt":"2026-01-15T08:37:09","slug":"voeux-2026","status":"publish","type":"page","link":"http:\/\/www.aaesor721.fr\/index.php\/voeux-2026\/","title":{"rendered":"Voeux 2026"},"content":{"rendered":"<p><img decoding=\"async\" loading=\"lazy\" class=\"alignnone size-medium wp-image-2813\" src=\"http:\/\/www.aaesor721.fr\/wp-content\/uploads\/2026\/01\/Projet-Carte-de-Voeux-300x151.png\" alt=\"\" width=\"300\" height=\"151\" srcset=\"http:\/\/www.aaesor721.fr\/wp-content\/uploads\/2026\/01\/Projet-Carte-de-Voeux-300x151.png 300w, http:\/\/www.aaesor721.fr\/wp-content\/uploads\/2026\/01\/Projet-Carte-de-Voeux-1024x516.png 1024w, http:\/\/www.aaesor721.fr\/wp-content\/uploads\/2026\/01\/Projet-Carte-de-Voeux-768x387.png 768w, http:\/\/www.aaesor721.fr\/wp-content\/uploads\/2026\/01\/Projet-Carte-de-Voeux.png 1276w\" sizes=\"(max-width: 300px) 100vw, 300px\" \/><\/p>\n<p style=\"text-align: center;\">Bonjour \u00e0 toutes et \u00e0 tous,<\/p>\n<div>\n<p style=\"text-align: left;\">\u00a0En cette fin d&rsquo;ann\u00e9e, je vous souhaite, \u00e0 vous et \u00e0 vos proches, une bonne et heureuse ann\u00e9e 2026, avec une pens\u00e9e particuli\u00e8re pour ceux qui sont\u00a0 seuls ou qui ont des\u00a0 soucis de sant\u00e9.<\/p>\n<p style=\"text-align: left;\">Que 2026 vous permette de r\u00e9aliser vos souhaits personnels et vous garde en forme.<\/p>\n<p style=\"text-align: left;\">Pour le pr\u00e9sent, je vous souhaite de franchir le cap de la nouvelle ann\u00e9e dans la joie et la bonne humeur, gages de s\u00e9r\u00e9nit\u00e9.<\/p>\n<p style=\"text-align: left;\">Amicalement<\/p>\n<p style=\"text-align: left;\">Le Pr\u00e9sident Jean Pierre Tron<\/p>\n<\/div>\n","protected":false},"excerpt":{"rendered":"<p>Bonjour \u00e0 toutes et \u00e0 tous, \u00a0En cette fin d&rsquo;ann\u00e9e, je vous souhaite, \u00e0 vous et \u00e0 vos proches, une bonne et heureuse ann\u00e9e 2026, avec une pens\u00e9e particuli\u00e8re pour ceux qui sont\u00a0 seuls ou qui ont des\u00a0 soucis de sant\u00e9. Que 2026 vous permette de r\u00e9aliser vos souhaits personnels et vous garde en forme. [&hellip;]<\/p>\n","protected":false},"author":4,"featured_media":0,"parent":0,"menu_order":0,"comment_status":"closed","ping_status":"closed","template":"","meta":[],"_links":{"self":[{"href":"http:\/\/www.aaesor721.fr\/index.php\/wp-json\/wp\/v2\/pages\/2814"}],"collection":[{"href":"http:\/\/www.aaesor721.fr\/index.php\/wp-json\/wp\/v2\/pages"}],"about":[{"href":"http:\/\/www.aaesor721.fr\/index.php\/wp-json\/wp\/v2\/types\/page"}],"author":[{"embeddable":true,"href":"http:\/\/www.aaesor721.fr\/index.php\/wp-json\/wp\/v2\/users\/4"}],"replies":[{"embeddable":true,"href":"http:\/\/www.aaesor721.fr\/index.php\/wp-json\/wp\/v2\/comments?post=2814"}],"version-history":[{"count":3,"href":"http:\/\/www.aaesor721.fr\/index.php\/wp-json\/wp\/v2\/pages\/2814\/revisions"}],"predecessor-version":[{"id":2818,"href":"http:\/\/www.aaesor721.fr\/index.php\/wp-json\/wp\/v2\/pages\/2814\/revisions\/2818"}],"wp:attachment":[{"href":"http:\/\/www.aaesor721.fr\/index.php\/wp-json\/wp\/v2\/media?parent=2814"}],"curies":[{"name":"wp","href":"https:\/\/api.w.org\/{rel}","templated":true}]}}