{"id":2792,"date":"2025-11-14T18:29:57","date_gmt":"2025-11-14T17:29:57","guid":{"rendered":"http:\/\/www.aaesor721.fr\/?page_id=2792"},"modified":"2025-11-14T18:48:23","modified_gmt":"2025-11-14T17:48:23","slug":"ceremonie-sur-la-tombe-du-general-de-gaule","status":"publish","type":"page","link":"http:\/\/www.aaesor721.fr\/index.php\/ceremonie-sur-la-tombe-du-general-de-gaule\/","title":{"rendered":"Hommage au G\u00e9n\u00e9ral de Gaulle pour le 55\u1d49 anniversaire de sa disparition"},"content":{"rendered":"<p style=\"text-align: left;\">Dimanche 9 novembre, \u00e0 l\u2019occasion du 55\u1d49 anniversaire de la mort du g\u00e9n\u00e9ral de Gaulle, une c\u00e9r\u00e9monie comm\u00e9morative s\u2019est tenue \u00e0\u00a0 Colombey-les-Deux-\u00c9glises. Entour\u00e9 d\u2019\u00e9lus, de repr\u00e9sentants d\u2019associations patriotiques, d\u2019anciens combattants et de nombreux habitants, notre association a rendu hommage \u00e0 celui qui demeure une r\u00e9f\u00e9rence majeure de l\u2019histoire nationale et de l\u2019esprit de r\u00e9sistance. \u00a0La ferveur qui porte la comm\u00e9moration de l\u2019anniversaire de la disparition du G\u00e9n\u00e9ral de Gaulle ne faiblit pas, m\u00eame si le rendez-vous est \u2013 effet du temps qui passe -, moins fr\u00e9quent\u00e9. Dans le m\u00eame temps, le Grand Charles, qui n\u2019a jamais quitt\u00e9 la sc\u00e8ne de la politique fran\u00e7aise, y tient aujourd\u2019hui une place pivot : alors que nous traversons une p\u00e9riode de fortes turbulences, il incarne plus que jamais l\u2019id\u00e9e de la Nation fran\u00e7aise, un id\u00e9al dont on se souvient avec une profonde nostalgie. Ceci explique peut-\u00eatre cela, la ministre des Arm\u00e9es et des Anciens combattants a fait le d\u00e9placement \u00e0 Colombey. Quand le portefeuille de la D\u00e9fense est rarement repr\u00e9sent\u00e9 le 9 novembre. Catherine Vautrin a en outre pass\u00e9 du temps \u00e0 Colombey-les-Deux-Eglises.<\/p>\n<p style=\"text-align: left;\">Sa qualit\u00e9 de \u00ab voisine \u00bb qu\u2019elle a aim\u00e9 \u00e0 rappeler \u2013 elle est Marnaise \u2013 ne saurait motiver sa venue.<\/p>\n<p><img decoding=\"async\" loading=\"lazy\" class=\"alignnone wp-image-2791\" src=\"http:\/\/www.aaesor721.fr\/wp-content\/uploads\/2025\/11\/Nos-deux-Jean-Pierre-scaled-e1763141127335-225x300.jpg\" alt=\"\" width=\"159\" height=\"212\" srcset=\"http:\/\/www.aaesor721.fr\/wp-content\/uploads\/2025\/11\/Nos-deux-Jean-Pierre-scaled-e1763141127335-225x300.jpg 225w, http:\/\/www.aaesor721.fr\/wp-content\/uploads\/2025\/11\/Nos-deux-Jean-Pierre-scaled-e1763141127335-768x1024.jpg 768w, http:\/\/www.aaesor721.fr\/wp-content\/uploads\/2025\/11\/Nos-deux-Jean-Pierre-scaled-e1763141127335-1152x1536.jpg 1152w, http:\/\/www.aaesor721.fr\/wp-content\/uploads\/2025\/11\/Nos-deux-Jean-Pierre-scaled-e1763141127335-1536x2048.jpg 1536w, http:\/\/www.aaesor721.fr\/wp-content\/uploads\/2025\/11\/Nos-deux-Jean-Pierre-scaled-e1763141127335.jpg 1920w\" sizes=\"(max-width: 159px) 100vw, 159px\" \/> <img decoding=\"async\" loading=\"lazy\" class=\"alignnone wp-image-2790\" src=\"http:\/\/www.aaesor721.fr\/wp-content\/uploads\/2025\/11\/Mme-la-Ministre-300x225.jpg\" alt=\"\" width=\"284\" height=\"213\" srcset=\"http:\/\/www.aaesor721.fr\/wp-content\/uploads\/2025\/11\/Mme-la-Ministre-300x225.jpg 300w, http:\/\/www.aaesor721.fr\/wp-content\/uploads\/2025\/11\/Mme-la-Ministre-1024x768.jpg 1024w, http:\/\/www.aaesor721.fr\/wp-content\/uploads\/2025\/11\/Mme-la-Ministre-768x576.jpg 768w, http:\/\/www.aaesor721.fr\/wp-content\/uploads\/2025\/11\/Mme-la-Ministre-1536x1152.jpg 1536w, http:\/\/www.aaesor721.fr\/wp-content\/uploads\/2025\/11\/Mme-la-Ministre-2048x1536.jpg 2048w\" sizes=\"(max-width: 284px) 100vw, 284px\" \/> <img decoding=\"async\" loading=\"lazy\" class=\"alignnone wp-image-2788\" src=\"http:\/\/www.aaesor721.fr\/wp-content\/uploads\/2025\/11\/Les-autorites-300x225.jpg\" alt=\"\" width=\"285\" height=\"214\" srcset=\"http:\/\/www.aaesor721.fr\/wp-content\/uploads\/2025\/11\/Les-autorites-300x225.jpg 300w, http:\/\/www.aaesor721.fr\/wp-content\/uploads\/2025\/11\/Les-autorites-768x576.jpg 768w, http:\/\/www.aaesor721.fr\/wp-content\/uploads\/2025\/11\/Les-autorites.jpg 1008w\" sizes=\"(max-width: 285px) 100vw, 285px\" \/> <img decoding=\"async\" loading=\"lazy\" class=\"alignnone wp-image-2787\" src=\"http:\/\/www.aaesor721.fr\/wp-content\/uploads\/2025\/11\/Devant-la-tombe-du-General-225x300.jpg\" alt=\"\" width=\"161\" height=\"215\" srcset=\"http:\/\/www.aaesor721.fr\/wp-content\/uploads\/2025\/11\/Devant-la-tombe-du-General-225x300.jpg 225w, http:\/\/www.aaesor721.fr\/wp-content\/uploads\/2025\/11\/Devant-la-tombe-du-General.jpg 600w\" sizes=\"(max-width: 161px) 100vw, 161px\" \/> <img decoding=\"async\" loading=\"lazy\" class=\"alignnone wp-image-2786\" src=\"http:\/\/www.aaesor721.fr\/wp-content\/uploads\/2025\/11\/Depot-de-gerbe-300x225.jpg\" alt=\"\" width=\"284\" height=\"213\" srcset=\"http:\/\/www.aaesor721.fr\/wp-content\/uploads\/2025\/11\/Depot-de-gerbe-300x225.jpg 300w, http:\/\/www.aaesor721.fr\/wp-content\/uploads\/2025\/11\/Depot-de-gerbe-1024x768.jpg 1024w, http:\/\/www.aaesor721.fr\/wp-content\/uploads\/2025\/11\/Depot-de-gerbe-768x576.jpg 768w, http:\/\/www.aaesor721.fr\/wp-content\/uploads\/2025\/11\/Depot-de-gerbe-1536x1152.jpg 1536w, http:\/\/www.aaesor721.fr\/wp-content\/uploads\/2025\/11\/Depot-de-gerbe-2048x1536.jpg 2048w\" sizes=\"(max-width: 284px) 100vw, 284px\" \/><\/p>\n","protected":false},"excerpt":{"rendered":"<p>Dimanche 9 novembre, \u00e0 l\u2019occasion du 55\u1d49 anniversaire de la mort du g\u00e9n\u00e9ral de Gaulle, une c\u00e9r\u00e9monie comm\u00e9morative s\u2019est tenue \u00e0\u00a0 Colombey-les-Deux-\u00c9glises. Entour\u00e9 d\u2019\u00e9lus, de repr\u00e9sentants d\u2019associations patriotiques, d\u2019anciens combattants et de nombreux habitants, notre association a rendu hommage \u00e0 celui qui demeure une r\u00e9f\u00e9rence majeure de l\u2019histoire nationale et de l\u2019esprit de r\u00e9sistance. \u00a0La [&hellip;]<\/p>\n","protected":false},"author":4,"featured_media":0,"parent":0,"menu_order":0,"comment_status":"closed","ping_status":"closed","template":"","meta":[],"_links":{"self":[{"href":"http:\/\/www.aaesor721.fr\/index.php\/wp-json\/wp\/v2\/pages\/2792"}],"collection":[{"href":"http:\/\/www.aaesor721.fr\/index.php\/wp-json\/wp\/v2\/pages"}],"about":[{"href":"http:\/\/www.aaesor721.fr\/index.php\/wp-json\/wp\/v2\/types\/page"}],"author":[{"embeddable":true,"href":"http:\/\/www.aaesor721.fr\/index.php\/wp-json\/wp\/v2\/users\/4"}],"replies":[{"embeddable":true,"href":"http:\/\/www.aaesor721.fr\/index.php\/wp-json\/wp\/v2\/comments?post=2792"}],"version-history":[{"count":8,"href":"http:\/\/www.aaesor721.fr\/index.php\/wp-json\/wp\/v2\/pages\/2792\/revisions"}],"predecessor-version":[{"id":2801,"href":"http:\/\/www.aaesor721.fr\/index.php\/wp-json\/wp\/v2\/pages\/2792\/revisions\/2801"}],"wp:attachment":[{"href":"http:\/\/www.aaesor721.fr\/index.php\/wp-json\/wp\/v2\/media?parent=2792"}],"curies":[{"name":"wp","href":"https:\/\/api.w.org\/{rel}","templated":true}]}}

Hommage au Général de Gaulle pour le 55ᵉ anniversaire de sa disparition

<p style="text-align: left;">Dimanche 9 novembre, à l’occasion du 55ᵉ anniversaire de la mort du général de Gaulle, une cérémonie commémorative s’est tenue à  Colombey-les-Deux-Églises. Entouré d’élus, de représentants d’associations patriotiques, d’anciens combattants et de nombreux habitants, notre association a rendu hommage à celui qui demeure une référence majeure de l’histoire nationale et de l’esprit de résistance.  La ferveur qui porte la commémoration de l’anniversaire de la disparition du Général de Gaulle ne faiblit pas, même si le rendez-vous est – effet du temps qui passe -, moins fréquenté. Dans le même temps, le Grand Charles, qui n’a jamais quitté la scène de la politique française, y tient aujourd’hui une place pivot : alors que nous traversons une période de fortes turbulences, il incarne plus que jamais l’idée de la Nation française, un idéal dont on se souvient avec une profonde nostalgie. Ceci explique peut-être cela, la ministre des Armées et des Anciens combattants a fait le déplacement à Colombey. Quand le portefeuille de la Défense est rarement représenté le 9 novembre. Catherine Vautrin a en outre passé du temps à Colombey-les-Deux-Eglises.</p>
<p style="text-align: left;">Sa qualité de « voisine » qu’elle a aimé à rappeler – elle est Marnaise – ne saurait motiver sa venue.</p>
<p><img decoding="async" loading="lazy" class="alignnone wp-image-2791" src="http://www.aaesor721.fr/wp-content/uploads/2025/11/Nos-deux-Jean-Pierre-scaled-e1763141127335-225x300.jpg" alt="" width="159" height="212" srcset="http://www.aaesor721.fr/wp-content/uploads/2025/11/Nos-deux-Jean-Pierre-scaled-e1763141127335-225x300.jpg 225w, http://www.aaesor721.fr/wp-content/uploads/2025/11/Nos-deux-Jean-Pierre-scaled-e1763141127335-768x1024.jpg 768w, http://www.aaesor721.fr/wp-content/uploads/2025/11/Nos-deux-Jean-Pierre-scaled-e1763141127335-1152x1536.jpg 1152w, http://www.aaesor721.fr/wp-content/uploads/2025/11/Nos-deux-Jean-Pierre-scaled-e1763141127335-1536x2048.jpg 1536w, http://www.aaesor721.fr/wp-content/uploads/2025/11/Nos-deux-Jean-Pierre-scaled-e1763141127335.jpg 1920w" sizes="(max-width: 159px) 100vw, 159px" /> <img decoding="async" loading="lazy" class="alignnone wp-image-2790" src="http://www.aaesor721.fr/wp-content/uploads/2025/11/Mme-la-Ministre-300x225.jpg" alt="" width="284" height="213" srcset="http://www.aaesor721.fr/wp-content/uploads/2025/11/Mme-la-Ministre-300x225.jpg 300w, http://www.aaesor721.fr/wp-content/uploads/2025/11/Mme-la-Ministre-1024x768.jpg 1024w, http://www.aaesor721.fr/wp-content/uploads/2025/11/Mme-la-Ministre-768x576.jpg 768w, http://www.aaesor721.fr/wp-content/uploads/2025/11/Mme-la-Ministre-1536x1152.jpg 1536w, http://www.aaesor721.fr/wp-content/uploads/2025/11/Mme-la-Ministre-2048x1536.jpg 2048w" sizes="(max-width: 284px) 100vw, 284px" /> <img decoding="async" loading="lazy" class="alignnone wp-image-2788" src="http://www.aaesor721.fr/wp-content/uploads/2025/11/Les-autorites-300x225.jpg" alt="" width="285" height="214" srcset="http://www.aaesor721.fr/wp-content/uploads/2025/11/Les-autorites-300x225.jpg 300w, http://www.aaesor721.fr/wp-content/uploads/2025/11/Les-autorites-768x576.jpg 768w, http://www.aaesor721.fr/wp-content/uploads/2025/11/Les-autorites.jpg 1008w" sizes="(max-width: 285px) 100vw, 285px" /> <img decoding="async" loading="lazy" class="alignnone wp-image-2787" src="http://www.aaesor721.fr/wp-content/uploads/2025/11/Devant-la-tombe-du-General-225x300.jpg" alt="" width="161" height="215" srcset="http://www.aaesor721.fr/wp-content/uploads/2025/11/Devant-la-tombe-du-General-225x300.jpg 225w, http://www.aaesor721.fr/wp-content/uploads/2025/11/Devant-la-tombe-du-General.jpg 600w" sizes="(max-width: 161px) 100vw, 161px" /> <img decoding="async" loading="lazy" class="alignnone wp-image-2786" src="http://www.aaesor721.fr/wp-content/uploads/2025/11/Depot-de-gerbe-300x225.jpg" alt="" width="284" height="213" srcset="http://www.aaesor721.fr/wp-content/uploads/2025/11/Depot-de-gerbe-300x225.jpg 300w, http://www.aaesor721.fr/wp-content/uploads/2025/11/Depot-de-gerbe-1024x768.jpg 1024w, http://www.aaesor721.fr/wp-content/uploads/2025/11/Depot-de-gerbe-768x576.jpg 768w, http://www.aaesor721.fr/wp-content/uploads/2025/11/Depot-de-gerbe-1536x1152.jpg 1536w, http://www.aaesor721.fr/wp-content/uploads/2025/11/Depot-de-gerbe-2048x1536.jpg 2048w" sizes="(max-width: 284px) 100vw, 284px" /></p>

<p>Dimanche 9 novembre, à l’occasion du 55ᵉ anniversaire de la mort du général de Gaulle, une cérémonie commémorative s’est tenue à  Colombey-les-Deux-Églises. Entouré d’élus, de représentants d’associations patriotiques, d’anciens combattants et de nombreux habitants, notre association a rendu hommage à celui qui demeure une référence majeure de l’histoire nationale et de l’esprit de résistance.  La [&hellip;]</p>
