{"id":2532,"date":"2025-07-21T16:22:48","date_gmt":"2025-07-21T14:22:48","guid":{"rendered":"http:\/\/www.aaesor721.fr\/?page_id=2532"},"modified":"2025-07-21T17:51:13","modified_gmt":"2025-07-21T15:51:13","slug":"defile-de-la-ba-721-sur-les-champs-elysees-pour-le-14-juillet-2025","status":"publish","type":"page","link":"http:\/\/www.aaesor721.fr\/index.php\/defile-de-la-ba-721-sur-les-champs-elysees-pour-le-14-juillet-2025\/","title":{"rendered":"D\u00e9fil\u00e9 de la BA 721 sur les Champs Elys\u00e9es"},"content":{"rendered":"<div class=\"x14z9mp xat24cr x1lziwak x1vvkbs xtlvy1s x126k92a\">\n<div dir=\"auto\">Les \u00e9l\u00e8ves et cadres de l\u2019EFSOAAE ont eu l\u2019honneur de d\u00e9filer sur les Champs-\u00c9lys\u00e9es, aux couleurs de l\u2019arm\u00e9e de l\u2019Air et de l\u2019Espace.<\/div>\n<div dir=\"auto\"><\/div>\n<\/div>\n<div class=\"x14z9mp xat24cr x1lziwak x1vvkbs xtlvy1s x126k92a\">\n<div dir=\"auto\"><\/div>\n<\/div>\n<div dir=\"auto\"><\/div>\n<div dir=\"auto\">\u00a0<img decoding=\"async\" loading=\"lazy\" class=\"alignnone wp-image-2535\" src=\"http:\/\/www.aaesor721.fr\/wp-content\/uploads\/2025\/07\/Defile-de-lecole-de-Rochefort-sur-les-Champs-Elysees-en-2025-300x199.jpg\" alt=\"\" width=\"280\" height=\"186\" srcset=\"http:\/\/www.aaesor721.fr\/wp-content\/uploads\/2025\/07\/Defile-de-lecole-de-Rochefort-sur-les-Champs-Elysees-en-2025-300x199.jpg 300w, http:\/\/www.aaesor721.fr\/wp-content\/uploads\/2025\/07\/Defile-de-lecole-de-Rochefort-sur-les-Champs-Elysees-en-2025-1024x681.jpg 1024w, http:\/\/www.aaesor721.fr\/wp-content\/uploads\/2025\/07\/Defile-de-lecole-de-Rochefort-sur-les-Champs-Elysees-en-2025-768x510.jpg 768w, http:\/\/www.aaesor721.fr\/wp-content\/uploads\/2025\/07\/Defile-de-lecole-de-Rochefort-sur-les-Champs-Elysees-en-2025.jpg 1440w\" sizes=\"(max-width: 280px) 100vw, 280px\" \/>\u00a0 \u00a0 \u00a0 \u00a0 \u00a0 \u00a0 \u00a0 \u00a0 \u00a0 \u00a0<img decoding=\"async\" loading=\"lazy\" class=\"alignnone wp-image-2533\" src=\"http:\/\/www.aaesor721.fr\/wp-content\/uploads\/2025\/07\/521161357_18072991429989857_1504775972097265685_n-300x199.jpg\" alt=\"\" width=\"275\" height=\"183\" srcset=\"http:\/\/www.aaesor721.fr\/wp-content\/uploads\/2025\/07\/521161357_18072991429989857_1504775972097265685_n-300x199.jpg 300w, http:\/\/www.aaesor721.fr\/wp-content\/uploads\/2025\/07\/521161357_18072991429989857_1504775972097265685_n-1024x681.jpg 1024w, http:\/\/www.aaesor721.fr\/wp-content\/uploads\/2025\/07\/521161357_18072991429989857_1504775972097265685_n-768x510.jpg 768w, http:\/\/www.aaesor721.fr\/wp-content\/uploads\/2025\/07\/521161357_18072991429989857_1504775972097265685_n.jpg 1440w\" sizes=\"(max-width: 275px) 100vw, 275px\" \/>\u00a0 \u00a0 \u00a0 \u00a0 \u00a0 <img decoding=\"async\" loading=\"lazy\" class=\"alignnone wp-image-2534\" src=\"http:\/\/www.aaesor721.fr\/wp-content\/uploads\/2025\/07\/521256027_18072991417989857_7075671316800474478_n-300x199.jpg\" alt=\"\" width=\"276\" height=\"183\" srcset=\"http:\/\/www.aaesor721.fr\/wp-content\/uploads\/2025\/07\/521256027_18072991417989857_7075671316800474478_n-300x199.jpg 300w, http:\/\/www.aaesor721.fr\/wp-content\/uploads\/2025\/07\/521256027_18072991417989857_7075671316800474478_n-1024x681.jpg 1024w, http:\/\/www.aaesor721.fr\/wp-content\/uploads\/2025\/07\/521256027_18072991417989857_7075671316800474478_n-768x510.jpg 768w, http:\/\/www.aaesor721.fr\/wp-content\/uploads\/2025\/07\/521256027_18072991417989857_7075671316800474478_n.jpg 1440w\" sizes=\"(max-width: 276px) 100vw, 276px\" \/><\/div>\n<div dir=\"auto\"><\/div>\n<div dir=\"auto\">Revivez cette journ\u00e9e d\u2019exception \u00e0 travers ces images charg\u00e9es d\u2019\u00e9motion et de sens.<\/div>\n","protected":false},"excerpt":{"rendered":"<p>Les \u00e9l\u00e8ves et cadres de l\u2019EFSOAAE ont eu l\u2019honneur de d\u00e9filer sur les Champs-\u00c9lys\u00e9es, aux couleurs de l\u2019arm\u00e9e de l\u2019Air et de l\u2019Espace. \u00a0\u00a0 \u00a0 \u00a0 \u00a0 \u00a0 \u00a0 \u00a0 \u00a0 \u00a0 \u00a0\u00a0 \u00a0 \u00a0 \u00a0 \u00a0 Revivez cette journ\u00e9e d\u2019exception \u00e0 travers ces images charg\u00e9es d\u2019\u00e9motion et de sens.<\/p>\n","protected":false},"author":4,"featured_media":0,"parent":0,"menu_order":0,"comment_status":"closed","ping_status":"closed","template":"","meta":[],"_links":{"self":[{"href":"http:\/\/www.aaesor721.fr\/index.php\/wp-json\/wp\/v2\/pages\/2532"}],"collection":[{"href":"http:\/\/www.aaesor721.fr\/index.php\/wp-json\/wp\/v2\/pages"}],"about":[{"href":"http:\/\/www.aaesor721.fr\/index.php\/wp-json\/wp\/v2\/types\/page"}],"author":[{"embeddable":true,"href":"http:\/\/www.aaesor721.fr\/index.php\/wp-json\/wp\/v2\/users\/4"}],"replies":[{"embeddable":true,"href":"http:\/\/www.aaesor721.fr\/index.php\/wp-json\/wp\/v2\/comments?post=2532"}],"version-history":[{"count":20,"href":"http:\/\/www.aaesor721.fr\/index.php\/wp-json\/wp\/v2\/pages\/2532\/revisions"}],"predecessor-version":[{"id":2556,"href":"http:\/\/www.aaesor721.fr\/index.php\/wp-json\/wp\/v2\/pages\/2532\/revisions\/2556"}],"wp:attachment":[{"href":"http:\/\/www.aaesor721.fr\/index.php\/wp-json\/wp\/v2\/media?parent=2532"}],"curies":[{"name":"wp","href":"https:\/\/api.w.org\/{rel}","templated":true}]}}

Défilé de la BA 721 sur les Champs Elysées

<div class="x14z9mp xat24cr x1lziwak x1vvkbs xtlvy1s x126k92a">
<div dir="auto">Les élèves et cadres de l’EFSOAAE ont eu l’honneur de défiler sur les Champs-Élysées, aux couleurs de l’armée de l’Air et de l’Espace.</div>
<div dir="auto"></div>
</div>
<div class="x14z9mp xat24cr x1lziwak x1vvkbs xtlvy1s x126k92a">
<div dir="auto"></div>
</div>
<div dir="auto"></div>
<div dir="auto"> <img decoding="async" loading="lazy" class="alignnone wp-image-2535" src="http://www.aaesor721.fr/wp-content/uploads/2025/07/Defile-de-lecole-de-Rochefort-sur-les-Champs-Elysees-en-2025-300x199.jpg" alt="" width="280" height="186" srcset="http://www.aaesor721.fr/wp-content/uploads/2025/07/Defile-de-lecole-de-Rochefort-sur-les-Champs-Elysees-en-2025-300x199.jpg 300w, http://www.aaesor721.fr/wp-content/uploads/2025/07/Defile-de-lecole-de-Rochefort-sur-les-Champs-Elysees-en-2025-1024x681.jpg 1024w, http://www.aaesor721.fr/wp-content/uploads/2025/07/Defile-de-lecole-de-Rochefort-sur-les-Champs-Elysees-en-2025-768x510.jpg 768w, http://www.aaesor721.fr/wp-content/uploads/2025/07/Defile-de-lecole-de-Rochefort-sur-les-Champs-Elysees-en-2025.jpg 1440w" sizes="(max-width: 280px) 100vw, 280px" />                   <img decoding="async" loading="lazy" class="alignnone wp-image-2533" src="http://www.aaesor721.fr/wp-content/uploads/2025/07/521161357_18072991429989857_1504775972097265685_n-300x199.jpg" alt="" width="275" height="183" srcset="http://www.aaesor721.fr/wp-content/uploads/2025/07/521161357_18072991429989857_1504775972097265685_n-300x199.jpg 300w, http://www.aaesor721.fr/wp-content/uploads/2025/07/521161357_18072991429989857_1504775972097265685_n-1024x681.jpg 1024w, http://www.aaesor721.fr/wp-content/uploads/2025/07/521161357_18072991429989857_1504775972097265685_n-768x510.jpg 768w, http://www.aaesor721.fr/wp-content/uploads/2025/07/521161357_18072991429989857_1504775972097265685_n.jpg 1440w" sizes="(max-width: 275px) 100vw, 275px" />          <img decoding="async" loading="lazy" class="alignnone wp-image-2534" src="http://www.aaesor721.fr/wp-content/uploads/2025/07/521256027_18072991417989857_7075671316800474478_n-300x199.jpg" alt="" width="276" height="183" srcset="http://www.aaesor721.fr/wp-content/uploads/2025/07/521256027_18072991417989857_7075671316800474478_n-300x199.jpg 300w, http://www.aaesor721.fr/wp-content/uploads/2025/07/521256027_18072991417989857_7075671316800474478_n-1024x681.jpg 1024w, http://www.aaesor721.fr/wp-content/uploads/2025/07/521256027_18072991417989857_7075671316800474478_n-768x510.jpg 768w, http://www.aaesor721.fr/wp-content/uploads/2025/07/521256027_18072991417989857_7075671316800474478_n.jpg 1440w" sizes="(max-width: 276px) 100vw, 276px" /></div>
<div dir="auto"></div>
<div dir="auto">Revivez cette journée d’exception à travers ces images chargées d’émotion et de sens.</div>

<p>Les élèves et cadres de l’EFSOAAE ont eu l’honneur de défiler sur les Champs-Élysées, aux couleurs de l’armée de l’Air et de l’Espace.                               Revivez cette journée d’exception à travers ces images chargées d’émotion et de sens.</p>
