{"id":2518,"date":"2025-07-19T15:25:53","date_gmt":"2025-07-19T13:25:53","guid":{"rendered":"http:\/\/www.aaesor721.fr\/?page_id=2518"},"modified":"2025-07-19T15:42:04","modified_gmt":"2025-07-19T13:42:04","slug":"remise-de-glaive-par-notre-nouveau-president","status":"publish","type":"page","link":"http:\/\/www.aaesor721.fr\/index.php\/remise-de-glaive-par-notre-nouveau-president\/","title":{"rendered":"Remise du nouveau glaive par notre Pr\u00e9sident"},"content":{"rendered":"<p>Ce 14 juillet 2025 \u00e0 10h00, remise du nouveau Glaive au comit\u00e9 de la Flamme par le Pr\u00e9sident de la R\u00e9publique sous l&rsquo;Arc de Triomphe \u00e0 l&rsquo;occasion du centenaire de la Flamme.<br \/>\nNotre nouveau Pr\u00e9sident Jean Pierre TRON tr\u00e8s solennel a repr\u00e9sent\u00e9 avec honneur notre association\u00a0AAESOR.<\/p>\n<p>F\u00e9licitations Jean Pierre.<\/p>\n<p><img decoding=\"async\" loading=\"lazy\" class=\"alignnone size-medium wp-image-2522\" src=\"http:\/\/www.aaesor721.fr\/wp-content\/uploads\/2025\/07\/vlcsnap-2025-07-19-15h33m46s738-300x169.png\" alt=\"\" width=\"300\" height=\"169\" srcset=\"http:\/\/www.aaesor721.fr\/wp-content\/uploads\/2025\/07\/vlcsnap-2025-07-19-15h33m46s738-300x169.png 300w, http:\/\/www.aaesor721.fr\/wp-content\/uploads\/2025\/07\/vlcsnap-2025-07-19-15h33m46s738-768x432.png 768w, http:\/\/www.aaesor721.fr\/wp-content\/uploads\/2025\/07\/vlcsnap-2025-07-19-15h33m46s738.png 960w\" sizes=\"(max-width: 300px) 100vw, 300px\" \/>\u00a0 <img decoding=\"async\" loading=\"lazy\" class=\"alignnone size-medium wp-image-2523\" src=\"http:\/\/www.aaesor721.fr\/wp-content\/uploads\/2025\/07\/vlcsnap-2025-07-19-15h33m52s924-300x169.png\" alt=\"\" width=\"300\" height=\"169\" srcset=\"http:\/\/www.aaesor721.fr\/wp-content\/uploads\/2025\/07\/vlcsnap-2025-07-19-15h33m52s924-300x169.png 300w, http:\/\/www.aaesor721.fr\/wp-content\/uploads\/2025\/07\/vlcsnap-2025-07-19-15h33m52s924-768x432.png 768w, http:\/\/www.aaesor721.fr\/wp-content\/uploads\/2025\/07\/vlcsnap-2025-07-19-15h33m52s924.png 960w\" sizes=\"(max-width: 300px) 100vw, 300px\" \/><\/p>\n","protected":false},"excerpt":{"rendered":"<p>Ce 14 juillet 2025 \u00e0 10h00, remise du nouveau Glaive au comit\u00e9 de la Flamme par le Pr\u00e9sident de la R\u00e9publique sous l&rsquo;Arc de Triomphe \u00e0 l&rsquo;occasion du centenaire de la Flamme. Notre nouveau Pr\u00e9sident Jean Pierre TRON tr\u00e8s solennel a repr\u00e9sent\u00e9 avec honneur notre association\u00a0AAESOR. F\u00e9licitations Jean Pierre. \u00a0<\/p>\n","protected":false},"author":4,"featured_media":0,"parent":0,"menu_order":0,"comment_status":"closed","ping_status":"closed","template":"","meta":[],"_links":{"self":[{"href":"http:\/\/www.aaesor721.fr\/index.php\/wp-json\/wp\/v2\/pages\/2518"}],"collection":[{"href":"http:\/\/www.aaesor721.fr\/index.php\/wp-json\/wp\/v2\/pages"}],"about":[{"href":"http:\/\/www.aaesor721.fr\/index.php\/wp-json\/wp\/v2\/types\/page"}],"author":[{"embeddable":true,"href":"http:\/\/www.aaesor721.fr\/index.php\/wp-json\/wp\/v2\/users\/4"}],"replies":[{"embeddable":true,"href":"http:\/\/www.aaesor721.fr\/index.php\/wp-json\/wp\/v2\/comments?post=2518"}],"version-history":[{"count":5,"href":"http:\/\/www.aaesor721.fr\/index.php\/wp-json\/wp\/v2\/pages\/2518\/revisions"}],"predecessor-version":[{"id":2526,"href":"http:\/\/www.aaesor721.fr\/index.php\/wp-json\/wp\/v2\/pages\/2518\/revisions\/2526"}],"wp:attachment":[{"href":"http:\/\/www.aaesor721.fr\/index.php\/wp-json\/wp\/v2\/media?parent=2518"}],"curies":[{"name":"wp","href":"https:\/\/api.w.org\/{rel}","templated":true}]}}

Remise du nouveau glaive par notre Président

<p>Ce 14 juillet 2025 à 10h00, remise du nouveau Glaive au comité de la Flamme par le Président de la République sous l&rsquo;Arc de Triomphe à l&rsquo;occasion du centenaire de la Flamme.<br />
Notre nouveau Président Jean Pierre TRON très solennel a représenté avec honneur notre association AAESOR.</p>
<p>Félicitations Jean Pierre.</p>
<p><img decoding="async" loading="lazy" class="alignnone size-medium wp-image-2522" src="http://www.aaesor721.fr/wp-content/uploads/2025/07/vlcsnap-2025-07-19-15h33m46s738-300x169.png" alt="" width="300" height="169" srcset="http://www.aaesor721.fr/wp-content/uploads/2025/07/vlcsnap-2025-07-19-15h33m46s738-300x169.png 300w, http://www.aaesor721.fr/wp-content/uploads/2025/07/vlcsnap-2025-07-19-15h33m46s738-768x432.png 768w, http://www.aaesor721.fr/wp-content/uploads/2025/07/vlcsnap-2025-07-19-15h33m46s738.png 960w" sizes="(max-width: 300px) 100vw, 300px" />  <img decoding="async" loading="lazy" class="alignnone size-medium wp-image-2523" src="http://www.aaesor721.fr/wp-content/uploads/2025/07/vlcsnap-2025-07-19-15h33m52s924-300x169.png" alt="" width="300" height="169" srcset="http://www.aaesor721.fr/wp-content/uploads/2025/07/vlcsnap-2025-07-19-15h33m52s924-300x169.png 300w, http://www.aaesor721.fr/wp-content/uploads/2025/07/vlcsnap-2025-07-19-15h33m52s924-768x432.png 768w, http://www.aaesor721.fr/wp-content/uploads/2025/07/vlcsnap-2025-07-19-15h33m52s924.png 960w" sizes="(max-width: 300px) 100vw, 300px" /></p>

<p>Ce 14 juillet 2025 à 10h00, remise du nouveau Glaive au comité de la Flamme par le Président de la République sous l&rsquo;Arc de Triomphe à l&rsquo;occasion du centenaire de la Flamme. Notre nouveau Président Jean Pierre TRON très solennel a représenté avec honneur notre association AAESOR. Félicitations Jean Pierre.  </p>
