{"id":229,"date":"2019-03-04T16:43:10","date_gmt":"2019-03-04T15:43:10","guid":{"rendered":"http:\/\/localhost\/aaesor721_wp\/?page_id=229"},"modified":"2024-11-27T17:43:55","modified_gmt":"2024-11-27T16:43:55","slug":"boutique","status":"publish","type":"page","link":"http:\/\/www.aaesor721.fr\/index.php\/boutique\/","title":{"rendered":"Boutique"},"content":{"rendered":"<p><img decoding=\"async\" loading=\"lazy\" class=\"wp-image-1997 alignnone\" src=\"http:\/\/www.aaesor721.fr\/wp-content\/uploads\/2023\/11\/autocollant-300x300.jpg\" alt=\"\" width=\"104\" height=\"104\" srcset=\"http:\/\/www.aaesor721.fr\/wp-content\/uploads\/2023\/11\/autocollant-300x300.jpg 300w, http:\/\/www.aaesor721.fr\/wp-content\/uploads\/2023\/11\/autocollant-1024x1019.jpg 1024w, http:\/\/www.aaesor721.fr\/wp-content\/uploads\/2023\/11\/autocollant-150x150.jpg 150w, http:\/\/www.aaesor721.fr\/wp-content\/uploads\/2023\/11\/autocollant-768x764.jpg 768w, http:\/\/www.aaesor721.fr\/wp-content\/uploads\/2023\/11\/autocollant.jpg 1201w\" sizes=\"(max-width: 104px) 100vw, 104px\" \/>\u00a0 \u00a0 \u00a0 \u00a0 \u00a0 \u00a0 \u00a0 \u00a0 <img decoding=\"async\" loading=\"lazy\" class=\"alignnone wp-image-2000\" src=\"http:\/\/www.aaesor721.fr\/wp-content\/uploads\/2023\/11\/insigne.png\" alt=\"\" width=\"98\" height=\"76\" \/>\u00a0 \u00a0 \u00a0 \u00a0 \u00a0 \u00a0 \u00a0 <img decoding=\"async\" loading=\"lazy\" class=\"alignnone wp-image-1998\" src=\"http:\/\/www.aaesor721.fr\/wp-content\/uploads\/2023\/11\/coins-300x171.png\" alt=\"\" width=\"125\" height=\"71\" srcset=\"http:\/\/www.aaesor721.fr\/wp-content\/uploads\/2023\/11\/coins-300x171.png 300w, http:\/\/www.aaesor721.fr\/wp-content\/uploads\/2023\/11\/coins-768x438.png 768w, http:\/\/www.aaesor721.fr\/wp-content\/uploads\/2023\/11\/coins.png 770w\" sizes=\"(max-width: 125px) 100vw, 125px\" \/>\u00a0 \u00a0 \u00a0 \u00a0 \u00a0 <img decoding=\"async\" loading=\"lazy\" class=\"alignnone wp-image-2001\" src=\"http:\/\/www.aaesor721.fr\/wp-content\/uploads\/2023\/11\/pins-300x242.png\" alt=\"\" width=\"72\" height=\"58\" srcset=\"http:\/\/www.aaesor721.fr\/wp-content\/uploads\/2023\/11\/pins-300x242.png 300w, http:\/\/www.aaesor721.fr\/wp-content\/uploads\/2023\/11\/pins.png 625w\" sizes=\"(max-width: 72px) 100vw, 72px\" \/><\/p>\n<p>Auto collant\u00a0 \u00a0 \u00a0 \u00a0 \u00a0 \u00a0 \u00a0 \u00a0 \u00a0 \u00a0 \u00a0 \u00a0Insigne\u00a0\u00a0\u00a0\u00a0\u00a0\u00a0\u00a0\u00a0\u00a0 \u00a0\u00a0\u00a0\u00a0\u00a0\u00a0\u00a0\u00a0\u00a0\u00a0\u00a0Coin\u2019s 50 et 35 mm\u00a0 \u00a0 \u00a0 \u00a0 \u00a0 \u00a0 \u00a0 \u00a0 Pin\u2019s<\/p>\n<p style=\"text-align: left;\">\u00a0 \u00a0 \u00a0 \u00a0 \u00a0 \u00a0 \u00a0 \u00a0 \u00a0 \u00a0 \u00a0 \u00a0 \u00a0 \u00a0Gratuit\u00a0 \u00a0 \u00a0 \u00a0 \u00a0 \u00a0 \u00a0 \u00a0 \u00a0 \u00a0 \u00a0 \u00a0 \u00a0 \u00a0 \u00a0 9 \u20ac\u00a0 \u00a0 \u00a0 \u00a0 \u00a0 \u00a0 \u00a0 \u00a0 \u00a0 \u00a0 \u00a0 \u00a0 \u00a0 \u00a0 \u00a0 \u00a0 30 et 15 \u20ac\u00a0 \u00a0 \u00a0 \u00a0 \u00a0 \u00a0 \u00a0 \u00a0 \u00a0 \u00a0 \u00a0 \u00a0 3,5 \u20ac<\/p>\n<p>&nbsp;<\/p>\n<p><img decoding=\"async\" loading=\"lazy\" class=\"alignnone wp-image-1999\" src=\"http:\/\/www.aaesor721.fr\/wp-content\/uploads\/2023\/11\/cravate-221x300.png\" alt=\"\" width=\"71\" height=\"96\" srcset=\"http:\/\/www.aaesor721.fr\/wp-content\/uploads\/2023\/11\/cravate-221x300.png 221w, http:\/\/www.aaesor721.fr\/wp-content\/uploads\/2023\/11\/cravate-755x1024.png 755w, http:\/\/www.aaesor721.fr\/wp-content\/uploads\/2023\/11\/cravate-768x1042.png 768w, http:\/\/www.aaesor721.fr\/wp-content\/uploads\/2023\/11\/cravate.png 883w\" sizes=\"(max-width: 71px) 100vw, 71px\" \/>\u00a0 \u00a0 \u00a0 \u00a0 \u00a0 \u00a0 \u00a0 \u00a0 \u00a0 \u00a0 \u00a0 \u00a0 \u00a0<img decoding=\"async\" loading=\"lazy\" class=\"alignnone wp-image-2002\" src=\"http:\/\/www.aaesor721.fr\/wp-content\/uploads\/2023\/11\/timbre-300x236.png\" alt=\"\" width=\"104\" height=\"82\" srcset=\"http:\/\/www.aaesor721.fr\/wp-content\/uploads\/2023\/11\/timbre-300x236.png 300w, http:\/\/www.aaesor721.fr\/wp-content\/uploads\/2023\/11\/timbre-768x605.png 768w, http:\/\/www.aaesor721.fr\/wp-content\/uploads\/2023\/11\/timbre.png 850w\" sizes=\"(max-width: 104px) 100vw, 104px\" \/>\u00a0 \u00a0 \u00a0 \u00a0 \u00a0 \u00a0 \u00a0 \u00a0 \u00a0 \u00a0 \u00a0 <img decoding=\"async\" loading=\"lazy\" class=\"alignnone wp-image-1615\" src=\"http:\/\/www.aaesor721.fr\/wp-content\/uploads\/2023\/02\/Ecusson-brode.jpg-295x300.png\" alt=\"\" width=\"126\" height=\"128\" srcset=\"http:\/\/www.aaesor721.fr\/wp-content\/uploads\/2023\/02\/Ecusson-brode.jpg-295x300.png 295w, http:\/\/www.aaesor721.fr\/wp-content\/uploads\/2023\/02\/Ecusson-brode.jpg-1006x1024.png 1006w, http:\/\/www.aaesor721.fr\/wp-content\/uploads\/2023\/02\/Ecusson-brode.jpg-768x781.png 768w, http:\/\/www.aaesor721.fr\/wp-content\/uploads\/2023\/02\/Ecusson-brode.jpg.png 1198w\" sizes=\"(max-width: 126px) 100vw, 126px\" \/><\/p>\n<p>Cravate\u00a0 \u00a0 \u00a0 \u00a0 \u00a0 \u00a0 \u00a0 \u00a0 \u00a0 \u00a0 \u00a0 \u00a0 \u00a0 \u00a0 \u00a0Timbre 15 ans\u00a0 \u00a0 \u00a0 \u00a0 \u00a0 \u00a0 \u00a0 \u00a0 \u00a0 \u00a0 \u00a0 \u00a0 \u00a0 Ecusson brod\u00e9 AAEMR<\/p>\n<p style=\"text-align: left;\">\u00a0 \u00a0 \u00a0 \u00a0 \u00a0 \u00a0 \u00a0 \u00a0 \u00a0 \u00a0 \u00a0 \u00a0 \u00a0 \u00a0 15 \u20ac\u00a0 \u00a0\u00a0\u00a0\u00a0 \u00a0\u00a0\u00a0\u00a0\u00a0\u00a0\u00a0\u00a0\u00a0\u00a0\u00a0\u00a0\u00a0\u00a0\u00a0\u00a0\u00a0 \u00a0\u00a0\u00a0\u00a0\u00a0\u00a0\u00a0\u00a0\u00a0\u00a0\u00a0\u00a0\u00a0\u00a0\u00a01,5 \u20ac\u00a0 \u00a0 \u00a0 \u00a0 \u00a0 \u00a0 \u00a0 \u00a0 \u00a0 \u00a0 \u00a0 \u00a0 \u00a0 \u00a0 \u00a0 \u00a0 \u00a05\u20ac sans 6\u20ac avec Velcro<\/p>\n<p>&nbsp;<\/p>\n<p style=\"text-align: left;\">Nos articles sont fabriqu\u00e9s avec un r\u00e9el souci de qualit\u00e9. Pour les obtenir, envoyez un ch\u00e8que \u00e0 l\u2019ordre de l\u2019AAESOR \u00e0\u00a0 l\u2019adresse ci-dessous ou par virement sur compte:\u00a0 \u00a0 \u00a0 \u00a0 \u00a0 \u00a0 \u00a0 \u00a0 \u00a0 \u00a0 \u00a0 \u00a0 \u00a0 \u00a0 \u00a0 \u00a0 \u00a0 \u00a0 \u00a0 \u00a0 \u00a0 \u00a0 \u00a0 \u00a0 \u00a0 \u00a0 \u00a0 \u00a0 \u00a0 \u00a0 \u00a0 \u00a0 \u00a0 \u00a0 \u00a0 \u00a0 \u00a0 \u00a0 \u00a0 \u00a0 \u00a0 \u00a0 \u00a0 \u00a0 \u00a0 \u00a0 \u00a0 \u00a0 \u00a0 \u00a0 AAESOR:\u00a0 \u00a0 \u00a0 \u00a0 \u00a0Iban : SFR76 1333 5004 0108 0032 6447 813\u00a0 \u00a0 \u00a0BIC : CEPAFRPP333<\/p>\n<p>ou<\/p>\n<p style=\"text-align: center;\">AAESOR-Palais des Congr\u00e8s-BP14-<\/p>\n<p style=\"text-align: center;\">73 rue Toufaire-17300 Rochefort<\/p>\n","protected":false},"excerpt":{"rendered":"<p>\u00a0 \u00a0 \u00a0 \u00a0 \u00a0 \u00a0 \u00a0 \u00a0 \u00a0 \u00a0 \u00a0 \u00a0 \u00a0 \u00a0 \u00a0 \u00a0 \u00a0 \u00a0 \u00a0 \u00a0 Auto collant\u00a0 \u00a0 \u00a0 \u00a0 \u00a0 \u00a0 \u00a0 \u00a0 \u00a0 \u00a0 \u00a0 \u00a0Insigne\u00a0\u00a0\u00a0\u00a0\u00a0\u00a0\u00a0\u00a0\u00a0 \u00a0\u00a0\u00a0\u00a0\u00a0\u00a0\u00a0\u00a0\u00a0\u00a0\u00a0Coin\u2019s 50 et 35 mm\u00a0 \u00a0 \u00a0 \u00a0 \u00a0 \u00a0 \u00a0 \u00a0 Pin\u2019s \u00a0 \u00a0 \u00a0 \u00a0 \u00a0 \u00a0 \u00a0 \u00a0 \u00a0 [&hellip;]<\/p>\n","protected":false},"author":4,"featured_media":0,"parent":0,"menu_order":0,"comment_status":"closed","ping_status":"closed","template":"","meta":[],"_links":{"self":[{"href":"http:\/\/www.aaesor721.fr\/index.php\/wp-json\/wp\/v2\/pages\/229"}],"collection":[{"href":"http:\/\/www.aaesor721.fr\/index.php\/wp-json\/wp\/v2\/pages"}],"about":[{"href":"http:\/\/www.aaesor721.fr\/index.php\/wp-json\/wp\/v2\/types\/page"}],"author":[{"embeddable":true,"href":"http:\/\/www.aaesor721.fr\/index.php\/wp-json\/wp\/v2\/users\/4"}],"replies":[{"embeddable":true,"href":"http:\/\/www.aaesor721.fr\/index.php\/wp-json\/wp\/v2\/comments?post=229"}],"version-history":[{"count":92,"href":"http:\/\/www.aaesor721.fr\/index.php\/wp-json\/wp\/v2\/pages\/229\/revisions"}],"predecessor-version":[{"id":1614,"href":"http:\/\/www.aaesor721.fr\/index.php\/wp-json\/wp\/v2\/pages\/229\/revisions\/1614"}],"wp:attachment":[{"href":"http:\/\/www.aaesor721.fr\/index.php\/wp-json\/wp\/v2\/media?parent=229"}],"curies":[{"name":"wp","href":"https:\/\/api.w.org\/{rel}","templated":true}]}}