{"id":2279,"date":"2024-05-13T09:18:24","date_gmt":"2024-05-13T07:18:24","guid":{"rendered":"http:\/\/www.aaesor721.fr\/?page_id=2279"},"modified":"2024-05-13T09:39:01","modified_gmt":"2024-05-13T07:39:01","slug":"exposition-marcel-berthome-a-libourne","status":"publish","type":"page","link":"http:\/\/www.aaesor721.fr\/index.php\/exposition-marcel-berthome-a-libourne\/","title":{"rendered":"Exposition Marcel BERTHOM\u00c9 \u00e0 Libourne"},"content":{"rendered":"<p>Exposition MARCEL BERTHOM\u00c9 \u00e0 Libourne<br \/>\nIIIIIIIIIIIIIIIIIIIIIIIIIIIIIIIIIIIIIIIIIIIIIIIIIIIIIIIIIIIIIIIIIIIIIIIIIII<\/p>\n<p>&nbsp;<\/p>\n<p><img decoding=\"async\" loading=\"lazy\" class=\"alignnone size-medium wp-image-2278\" src=\"http:\/\/www.aaesor721.fr\/wp-content\/uploads\/2024\/05\/Invitation-Expo-Berthome-300x212.jpg\" alt=\"\" width=\"300\" height=\"212\" srcset=\"http:\/\/www.aaesor721.fr\/wp-content\/uploads\/2024\/05\/Invitation-Expo-Berthome-300x212.jpg 300w, http:\/\/www.aaesor721.fr\/wp-content\/uploads\/2024\/05\/Invitation-Expo-Berthome-768x542.jpg 768w, http:\/\/www.aaesor721.fr\/wp-content\/uploads\/2024\/05\/Invitation-Expo-Berthome.jpg 987w\" sizes=\"(max-width: 300px) 100vw, 300px\" \/>\u00a0 \u00a0 \u00a0 \u00a0 \u00a0 \u00a0 <img decoding=\"async\" loading=\"lazy\" class=\"alignnone size-medium wp-image-2270\" src=\"http:\/\/www.aaesor721.fr\/wp-content\/uploads\/2024\/05\/Chapelle-du-Carmel-300x212.jpg\" alt=\"\" width=\"300\" height=\"212\" srcset=\"http:\/\/www.aaesor721.fr\/wp-content\/uploads\/2024\/05\/Chapelle-du-Carmel-300x212.jpg 300w, http:\/\/www.aaesor721.fr\/wp-content\/uploads\/2024\/05\/Chapelle-du-Carmel-1024x724.jpg 1024w, http:\/\/www.aaesor721.fr\/wp-content\/uploads\/2024\/05\/Chapelle-du-Carmel-768x543.jpg 768w, http:\/\/www.aaesor721.fr\/wp-content\/uploads\/2024\/05\/Chapelle-du-Carmel.jpg 1147w\" sizes=\"(max-width: 300px) 100vw, 300px\" \/><\/p>\n<p style=\"text-align: left;\">Apr\u00e8s avoir eu connaissance de cette exposition consacr\u00e9e \u00e0 monsieur Berthom\u00e9 et organis\u00e9e par la ville de Libourne en association avec sa famille, il me fallait bien \u00e9videmment, pour \u00e9trenner mes nouvelles fonctions de d\u00e9l\u00e9gu\u00e9 r\u00e9gional Aquitaine, me rendre dans cette commune pour mieux faire connaissance avec cette l\u00e9gende locale qui avait adh\u00e9r\u00e9 \u00e0 notre association en 2020.<\/p>\n<p style=\"text-align: left;\">La petite chapelle du Carmel, d\u00e9sacralis\u00e9e, coinc\u00e9e entre le lyc\u00e9e Max Linder et les locaux de la police municipale affichait sur sa fa\u00e7ade un calicot qui reprenait l&rsquo;illustration de l&rsquo;invitation au vernissage qui avait eu lieu la veille, jeudi 4 avril, jour anniversaire de la naissance de monsieur Berthom\u00e9 en 1922. D\u00e8s l&rsquo;entr\u00e9e, la fraicheur de l&rsquo;atmosph\u00e8re me faisait du bien en ce vendredi exceptionnellement chaud. L&rsquo;exposition retrace les vies militaires et civiles de monsieur Berthom\u00e9 car il fut un aviateur, un maire, un joueur et un amateur passionn\u00e9 de football. C&rsquo;est dans cet ordre que sont pr\u00e9sent\u00e9es les images de ses trois vies. Mais je veux bien croire qu&rsquo;il en ait eu pas loin de 1000 comme le sugg\u00e8re l&rsquo;invitation. En effet un \u00e9cran nous permet de suivre une vid\u00e9o o\u00f9 monsieur Berthom\u00e9 est interview\u00e9 dans son bureau peu apr\u00e8s le 14 mars 2023 o\u00f9, sur la Base a\u00e9rienne 106 de M\u00e9rignac il fut \u00e9lev\u00e9 \u00e0 la dignit\u00e9 de Grand Officier de la L\u00e9gion d&rsquo;honneur; il y raconte avec \u00e9motion cette derni\u00e8re p\u00e9riode de sa vie (les images de cette c\u00e9r\u00e9monie y apparaissent pendant l&rsquo;interview) et les nombreux pays o\u00f9 il a voyag\u00e9 au cours de sa (ses) carriere(s) et dont il a ramen\u00e9 des souvenirs inoubliables. Une carri\u00e8re de soldat mais aussi de gestionnaire proche de tout ce qui touche \u00e0 la plan\u00e8te football, qui a permis \u00e0 ce passionn\u00e9 de faire acc\u00e9der le club de sa commune \u00e0 la D2 pendant deux saisons. Ses deux petit-fils t\u00e9moignent de leur \u00e9motion dans cette vid\u00e9o.<\/p>\n<p style=\"text-align: left;\">C&rsquo;est la p\u00e9riode militaire de sa vie, celle qui nous int\u00e9resse le plus, qui est pr\u00e9sent\u00e9e la premi\u00e8re: parmi les nombreuses photos voici celle de son engagement sur la base de Rochefort en 1939 \u00e0 17 ans, puis le voici noy\u00e9 dans un d\u00e9fil\u00e9 de l&rsquo;\u00c9cole devant le G\u00e9n\u00e9ral Vuillemin, chef d&rsquo;\u00e9tat-major de l&rsquo;arm\u00e9e de l&rsquo;Air en juin 1939.<\/p>\n<p><img decoding=\"async\" loading=\"lazy\" class=\"alignnone size-medium wp-image-2269\" src=\"http:\/\/www.aaesor721.fr\/wp-content\/uploads\/2024\/05\/20240412_114512bis-219x300.jpg\" alt=\"\" width=\"219\" height=\"300\" srcset=\"http:\/\/www.aaesor721.fr\/wp-content\/uploads\/2024\/05\/20240412_114512bis-219x300.jpg 219w, http:\/\/www.aaesor721.fr\/wp-content\/uploads\/2024\/05\/20240412_114512bis-749x1024.jpg 749w, http:\/\/www.aaesor721.fr\/wp-content\/uploads\/2024\/05\/20240412_114512bis-768x1051.jpg 768w, http:\/\/www.aaesor721.fr\/wp-content\/uploads\/2024\/05\/20240412_114512bis-1123x1536.jpg 1123w, http:\/\/www.aaesor721.fr\/wp-content\/uploads\/2024\/05\/20240412_114512bis.jpg 1207w\" sizes=\"(max-width: 219px) 100vw, 219px\" \/> <img decoding=\"async\" loading=\"lazy\" class=\"alignnone size-medium wp-image-2276\" src=\"http:\/\/www.aaesor721.fr\/wp-content\/uploads\/2024\/05\/IMG_0433-2-300x194.jpg\" alt=\"\" width=\"300\" height=\"194\" srcset=\"http:\/\/www.aaesor721.fr\/wp-content\/uploads\/2024\/05\/IMG_0433-2-300x194.jpg 300w, http:\/\/www.aaesor721.fr\/wp-content\/uploads\/2024\/05\/IMG_0433-2-1024x663.jpg 1024w, http:\/\/www.aaesor721.fr\/wp-content\/uploads\/2024\/05\/IMG_0433-2-768x497.jpg 768w, http:\/\/www.aaesor721.fr\/wp-content\/uploads\/2024\/05\/IMG_0433-2.jpg 1497w\" sizes=\"(max-width: 300px) 100vw, 300px\" \/><\/p>\n<p style=\"text-align: left;\">Ensuite, apr\u00e8s la d\u00e9faite de 1940, une photo \u00e0 l&rsquo;\u00e9cole des radios sur la base de Dumfries en Grande-Bretagne (les copains tu\u00e9s en op\u00e9rations sont rep\u00e9r\u00e9s par une croix, lui est le second en partant de la droite debout au deuxi\u00e8me rang).Elle accompagne la photo bien connue de l&rsquo;\u00e9quipage du Halifax du capitaine Muller dont il est le radio.<\/p>\n<p><img decoding=\"async\" loading=\"lazy\" class=\"alignnone size-medium wp-image-2277\" src=\"http:\/\/www.aaesor721.fr\/wp-content\/uploads\/2024\/05\/IMG_0436-2-300x224.jpg\" alt=\"\" width=\"300\" height=\"224\" srcset=\"http:\/\/www.aaesor721.fr\/wp-content\/uploads\/2024\/05\/IMG_0436-2-300x224.jpg 300w, http:\/\/www.aaesor721.fr\/wp-content\/uploads\/2024\/05\/IMG_0436-2-1024x765.jpg 1024w, http:\/\/www.aaesor721.fr\/wp-content\/uploads\/2024\/05\/IMG_0436-2-768x573.jpg 768w, http:\/\/www.aaesor721.fr\/wp-content\/uploads\/2024\/05\/IMG_0436-2-1536x1147.jpg 1536w, http:\/\/www.aaesor721.fr\/wp-content\/uploads\/2024\/05\/IMG_0436-2.jpg 1831w\" sizes=\"(max-width: 300px) 100vw, 300px\" \/> <img decoding=\"async\" loading=\"lazy\" class=\"alignnone size-medium wp-image-2272\" src=\"http:\/\/www.aaesor721.fr\/wp-content\/uploads\/2024\/05\/Equipage-Muller-300x213.jpg\" alt=\"\" width=\"300\" height=\"213\" srcset=\"http:\/\/www.aaesor721.fr\/wp-content\/uploads\/2024\/05\/Equipage-Muller-300x213.jpg 300w, http:\/\/www.aaesor721.fr\/wp-content\/uploads\/2024\/05\/Equipage-Muller-1024x726.jpg 1024w, http:\/\/www.aaesor721.fr\/wp-content\/uploads\/2024\/05\/Equipage-Muller-768x544.jpg 768w, http:\/\/www.aaesor721.fr\/wp-content\/uploads\/2024\/05\/Equipage-Muller.jpg 1026w\" sizes=\"(max-width: 300px) 100vw, 300px\" \/><\/p>\n<p style=\"text-align: left;\">Suivent pour le reste de sa carri\u00e8re dans l&rsquo;arm\u00e9e de l&rsquo;Air une photo de l&rsquo;\u00e9quipage du G\u00e9n\u00e9ral Lauzin, commandant les forces a\u00e9riennes en Indochine \u00e0 l&rsquo;\u00e9poque de Dien Bien Phu (le Sergent-chef Berthom\u00e9 deuxi\u00e8me en partant de la gauche) et plus tard nous voyons le capitaine Berthom\u00e9 (\u00e0 droite du groupe) membre de l&rsquo;\u00e9quipage d&rsquo;un C47 Dakota en transit \u00e0 Addis Ab\u00e9ba en 1967.<\/p>\n<p><img decoding=\"async\" loading=\"lazy\" class=\"alignnone size-medium wp-image-2271\" src=\"http:\/\/www.aaesor721.fr\/wp-content\/uploads\/2024\/05\/Equipage-Gal-Lauzin-226x300.jpg\" alt=\"\" width=\"226\" height=\"300\" srcset=\"http:\/\/www.aaesor721.fr\/wp-content\/uploads\/2024\/05\/Equipage-Gal-Lauzin-226x300.jpg 226w, http:\/\/www.aaesor721.fr\/wp-content\/uploads\/2024\/05\/Equipage-Gal-Lauzin-771x1024.jpg 771w, http:\/\/www.aaesor721.fr\/wp-content\/uploads\/2024\/05\/Equipage-Gal-Lauzin-768x1020.jpg 768w, http:\/\/www.aaesor721.fr\/wp-content\/uploads\/2024\/05\/Equipage-Gal-Lauzin-1157x1536.jpg 1157w, http:\/\/www.aaesor721.fr\/wp-content\/uploads\/2024\/05\/Equipage-Gal-Lauzin-1542x2048.jpg 1542w, http:\/\/www.aaesor721.fr\/wp-content\/uploads\/2024\/05\/Equipage-Gal-Lauzin.jpg 1720w\" sizes=\"(max-width: 226px) 100vw, 226px\" \/> <img decoding=\"async\" loading=\"lazy\" class=\"alignnone size-medium wp-image-2273\" src=\"http:\/\/www.aaesor721.fr\/wp-content\/uploads\/2024\/05\/IMG_0427-1-300x221.jpg\" alt=\"\" width=\"300\" height=\"221\" srcset=\"http:\/\/www.aaesor721.fr\/wp-content\/uploads\/2024\/05\/IMG_0427-1-300x221.jpg 300w, http:\/\/www.aaesor721.fr\/wp-content\/uploads\/2024\/05\/IMG_0427-1-1024x754.jpg 1024w, http:\/\/www.aaesor721.fr\/wp-content\/uploads\/2024\/05\/IMG_0427-1-768x566.jpg 768w, http:\/\/www.aaesor721.fr\/wp-content\/uploads\/2024\/05\/IMG_0427-1-1536x1131.jpg 1536w, http:\/\/www.aaesor721.fr\/wp-content\/uploads\/2024\/05\/IMG_0427-1.jpg 1799w\" sizes=\"(max-width: 300px) 100vw, 300px\" \/><\/p>\n<p style=\"text-align: left;\">Carnets de vol RAF et arm\u00e9e de l&rsquo;Air-Indochine, d\u00e9corations, la liste serait longue s&rsquo;il fallait tout \u00e9num\u00e9rer.<\/p>\n<p><img decoding=\"async\" loading=\"lazy\" class=\"alignnone size-medium wp-image-2275\" src=\"http:\/\/www.aaesor721.fr\/wp-content\/uploads\/2024\/05\/IMG_0432-1-300x209.jpg\" alt=\"\" width=\"300\" height=\"209\" srcset=\"http:\/\/www.aaesor721.fr\/wp-content\/uploads\/2024\/05\/IMG_0432-1-300x209.jpg 300w, http:\/\/www.aaesor721.fr\/wp-content\/uploads\/2024\/05\/IMG_0432-1-1024x715.jpg 1024w, http:\/\/www.aaesor721.fr\/wp-content\/uploads\/2024\/05\/IMG_0432-1-768x536.jpg 768w, http:\/\/www.aaesor721.fr\/wp-content\/uploads\/2024\/05\/IMG_0432-1-1536x1072.jpg 1536w, http:\/\/www.aaesor721.fr\/wp-content\/uploads\/2024\/05\/IMG_0432-1.jpg 1818w\" sizes=\"(max-width: 300px) 100vw, 300px\" \/> <img decoding=\"async\" loading=\"lazy\" class=\"alignnone size-medium wp-image-2274\" src=\"http:\/\/www.aaesor721.fr\/wp-content\/uploads\/2024\/05\/IMG_0431-1-300x243.jpg\" alt=\"\" width=\"300\" height=\"243\" srcset=\"http:\/\/www.aaesor721.fr\/wp-content\/uploads\/2024\/05\/IMG_0431-1-300x243.jpg 300w, http:\/\/www.aaesor721.fr\/wp-content\/uploads\/2024\/05\/IMG_0431-1-1024x828.jpg 1024w, http:\/\/www.aaesor721.fr\/wp-content\/uploads\/2024\/05\/IMG_0431-1-768x621.jpg 768w, http:\/\/www.aaesor721.fr\/wp-content\/uploads\/2024\/05\/IMG_0431-1-1536x1242.jpg 1536w, http:\/\/www.aaesor721.fr\/wp-content\/uploads\/2024\/05\/IMG_0431-1.jpg 1867w\" sizes=\"(max-width: 300px) 100vw, 300px\" \/><\/p>\n<p style=\"text-align: left;\">Les deux parties du\u00a0 reste de l&rsquo;exposition montrent que le baroudeur militaire qu&rsquo;il fut d\u00e9pensa la m\u00eame \u00e9nergie dans sa vie civile au service de sa commune et de ses administr\u00e9s. Il fut un maire appr\u00e9ci\u00e9 et sa passion pour le sport fit beaucoup pour sa popularit\u00e9 lorsqu&rsquo;il devint pr\u00e9sident du club de foot de Saint-Seurin-sur-l&rsquo;Isle qu&rsquo;il amena \u00e0 la D2.<\/p>\n<p style=\"padding-left: 40px;\"><img decoding=\"async\" loading=\"lazy\" class=\"alignnone size-medium wp-image-2268\" src=\"http:\/\/www.aaesor721.fr\/wp-content\/uploads\/2024\/05\/2023_A106_024_L_002_164-300x200.jpg\" alt=\"\" width=\"300\" height=\"200\" srcset=\"http:\/\/www.aaesor721.fr\/wp-content\/uploads\/2024\/05\/2023_A106_024_L_002_164-300x200.jpg 300w, http:\/\/www.aaesor721.fr\/wp-content\/uploads\/2024\/05\/2023_A106_024_L_002_164-1024x682.jpg 1024w, http:\/\/www.aaesor721.fr\/wp-content\/uploads\/2024\/05\/2023_A106_024_L_002_164-768x512.jpg 768w, http:\/\/www.aaesor721.fr\/wp-content\/uploads\/2024\/05\/2023_A106_024_L_002_164-1536x1024.jpg 1536w, http:\/\/www.aaesor721.fr\/wp-content\/uploads\/2024\/05\/2023_A106_024_L_002_164.jpg 2000w\" sizes=\"(max-width: 300px) 100vw, 300px\" \/><\/p>\n<p style=\"text-align: left;\">En quittant l&rsquo;exposition, j&rsquo;ai \u00e9crit quelques lignes sur le livre d&rsquo;or pour t\u00e9moigner de mon admiration pour l&rsquo;exemple donn\u00e9 par cet homme, entr\u00e9 \u00e0 Rochefort 40 ans avant moi et dont je m&rsquo;aper\u00e7ois combien je suis fier d&rsquo;avoir \u00e9t\u00e9 \u00e0 ses c\u00f4t\u00e9s le 14 mars 2023, sur la photo souvenir prise devant le Broussard apr\u00e8s la remise de sa d\u00e9coration sur la base de M\u00e9rignac.<\/p>\n<p>&nbsp;<\/p>\n<p style=\"text-align: left;\">Jean-Philippe Chevrier<\/p>\n<p style=\"text-align: left;\">2024.04.05<\/p>\n<p>&nbsp;<\/p>\n<p>&nbsp;<\/p>\n","protected":false},"excerpt":{"rendered":"<p>Exposition MARCEL BERTHOM\u00c9 \u00e0 Libourne IIIIIIIIIIIIIIIIIIIIIIIIIIIIIIIIIIIIIIIIIIIIIIIIIIIIIIIIIIIIIIIIIIIIIIIIIII &nbsp; \u00a0 \u00a0 \u00a0 \u00a0 \u00a0 \u00a0 Apr\u00e8s avoir eu connaissance de cette exposition consacr\u00e9e \u00e0 monsieur Berthom\u00e9 et organis\u00e9e par la ville de Libourne en association avec sa famille, il me fallait bien \u00e9videmment, pour \u00e9trenner mes nouvelles fonctions de d\u00e9l\u00e9gu\u00e9 r\u00e9gional Aquitaine, me rendre dans cette commune [&hellip;]<\/p>\n","protected":false},"author":4,"featured_media":0,"parent":0,"menu_order":0,"comment_status":"closed","ping_status":"closed","template":"","meta":[],"_links":{"self":[{"href":"http:\/\/www.aaesor721.fr\/index.php\/wp-json\/wp\/v2\/pages\/2279"}],"collection":[{"href":"http:\/\/www.aaesor721.fr\/index.php\/wp-json\/wp\/v2\/pages"}],"about":[{"href":"http:\/\/www.aaesor721.fr\/index.php\/wp-json\/wp\/v2\/types\/page"}],"author":[{"embeddable":true,"href":"http:\/\/www.aaesor721.fr\/index.php\/wp-json\/wp\/v2\/users\/4"}],"replies":[{"embeddable":true,"href":"http:\/\/www.aaesor721.fr\/index.php\/wp-json\/wp\/v2\/comments?post=2279"}],"version-history":[{"count":6,"href":"http:\/\/www.aaesor721.fr\/index.php\/wp-json\/wp\/v2\/pages\/2279\/revisions"}],"predecessor-version":[{"id":2286,"href":"http:\/\/www.aaesor721.fr\/index.php\/wp-json\/wp\/v2\/pages\/2279\/revisions\/2286"}],"wp:attachment":[{"href":"http:\/\/www.aaesor721.fr\/index.php\/wp-json\/wp\/v2\/media?parent=2279"}],"curies":[{"name":"wp","href":"https:\/\/api.w.org\/{rel}","templated":true}]}}