{"id":2260,"date":"2024-01-12T18:03:32","date_gmt":"2024-01-12T17:03:32","guid":{"rendered":"http:\/\/www.aaesor721.fr\/?page_id=2260"},"modified":"2024-01-15T18:31:45","modified_gmt":"2024-01-15T17:31:45","slug":"mille-pattes-n-39","status":"publish","type":"page","link":"http:\/\/www.aaesor721.fr\/index.php\/mille-pattes-n-39\/","title":{"rendered":"Mille Pattes n\u00b0 39"},"content":{"rendered":"<p>SOMMAIRE du MILLE-PATTES N\u00b0 39 de novembre 2023<\/p>\n<p>&nbsp;<\/p>\n<p>Le mot du Pr\u00e9sident<br \/>\nLe mot du G\u00e9n\u00e9ral<br \/>\n<strong>ASSEMBL\u00c9ES, CONSEILS, R\u00c9UNIONS<\/strong><\/p>\n<p>L\u2019assembl\u00e9e g\u00e9n\u00e9rale 2023 de l&rsquo;AAESOR<\/p>\n<p><strong>ACTIVIT\u00c9S DANS LES R\u00c9GIONS<\/strong><\/p>\n<p>CENTRE &#8211; VAL DE LOIRE<br \/>\n&#8211; L&rsquo;AAESOR visite la PCA et la BA 123<\/p>\n<p>&#8211; L&rsquo;AAESOR visite CANOPEE et le site de Bellande<br \/>\n&#8211; Passation de commandements sur la BA 123 d&rsquo;Orl\u00e9ans<br \/>\nNOUVELLE AQUITAINE<\/p>\n<p>&#8211; Bapt\u00eame de la promotion 155 de l&rsquo;EETAAE<br \/>\n&#8211; Mr Berthom\u00e9 honor\u00e9 sur la BA 106<\/p>\n<ul>\n<li>Bapt\u00eame de la promotion 2022 de l&rsquo;EFSOAAE<\/li>\n<li>Prises de commandement sur la BA 118<\/li>\n<\/ul>\n<p>PARIS-\u00ceLE DE FRANCE<\/p>\n<p>&#8211; C\u00e9r\u00e9monie sur l&rsquo;a\u00e9rodrome d&rsquo;\u00c9tampes-Mond\u00e9sir<\/p>\n<p>&#8211; C\u00e9r\u00e9monie su stand de tir de Balard<\/p>\n<p>&#8211; 83<sup>e<\/sup> anniversaire de l&rsquo;appel du 18 juin 1940<\/p>\n<p>&#8211; Salon du Bourget du 19 au 25 juin 2023<\/p>\n<p>&#8211; Exposition du 14 juillet aux Invalides<\/p>\n<p>&#8211; Exposition du 14 juillet au parc Citro\u00ebn<\/p>\n<p>&#8211; Comm\u00e9moration de la rafle du Vel d&rsquo;Hiv<\/p>\n<p>PROVENCE-ALPES-C\u00d4TE D&rsquo;AZUR<\/p>\n<p>&#8211; Meeting sur BA 701 Salon de Provence<\/p>\n<p>&nbsp;<\/p>\n<p><strong>HISTOIRE-TECHNIQUE<\/strong><\/p>\n<p>&#8211; Historique de la Patrouille de France<\/p>\n<p>&#8211; Les deux Jaguar de Saint-Dizier<\/p>\n<p>&#8211; Les Microjet 200 et 200B<\/p>\n<p>&nbsp;<\/p>\n<p><strong>DIVERS<\/strong><\/p>\n<p>Nos disparus<\/p>\n<p>Nouveaux adh\u00e9rents<\/p>\n<p>Les reconnaissez-vous\u00a0?<\/p>\n<p>Informations aux adh\u00e9rents<\/p>\n<p>Cotisations-Coordonn\u00e9es du tr\u00e9sorier<br \/>\nLa boutique<\/p>\n<p>&nbsp;<\/p>\n","protected":false},"excerpt":{"rendered":"<p>SOMMAIRE du MILLE-PATTES N\u00b0 39 de novembre 2023 &nbsp; Le mot du Pr\u00e9sident Le mot du G\u00e9n\u00e9ral ASSEMBL\u00c9ES, CONSEILS, R\u00c9UNIONS L\u2019assembl\u00e9e g\u00e9n\u00e9rale 2023 de l&rsquo;AAESOR ACTIVIT\u00c9S DANS LES R\u00c9GIONS CENTRE &#8211; VAL DE LOIRE &#8211; L&rsquo;AAESOR visite la PCA et la BA 123 &#8211; L&rsquo;AAESOR visite CANOPEE et le site de Bellande &#8211; Passation de [&hellip;]<\/p>\n","protected":false},"author":4,"featured_media":0,"parent":0,"menu_order":0,"comment_status":"closed","ping_status":"closed","template":"","meta":[],"_links":{"self":[{"href":"http:\/\/www.aaesor721.fr\/index.php\/wp-json\/wp\/v2\/pages\/2260"}],"collection":[{"href":"http:\/\/www.aaesor721.fr\/index.php\/wp-json\/wp\/v2\/pages"}],"about":[{"href":"http:\/\/www.aaesor721.fr\/index.php\/wp-json\/wp\/v2\/types\/page"}],"author":[{"embeddable":true,"href":"http:\/\/www.aaesor721.fr\/index.php\/wp-json\/wp\/v2\/users\/4"}],"replies":[{"embeddable":true,"href":"http:\/\/www.aaesor721.fr\/index.php\/wp-json\/wp\/v2\/comments?post=2260"}],"version-history":[{"count":3,"href":"http:\/\/www.aaesor721.fr\/index.php\/wp-json\/wp\/v2\/pages\/2260\/revisions"}],"predecessor-version":[{"id":2264,"href":"http:\/\/www.aaesor721.fr\/index.php\/wp-json\/wp\/v2\/pages\/2260\/revisions\/2264"}],"wp:attachment":[{"href":"http:\/\/www.aaesor721.fr\/index.php\/wp-json\/wp\/v2\/media?parent=2260"}],"curies":[{"name":"wp","href":"https:\/\/api.w.org\/{rel}","templated":true}]}}

<p>SOMMAIRE du MILLE-PATTES N° 39 de novembre 2023</p>
<p>&nbsp;</p>
<p>Le mot du Président<br />
Le mot du Général<br />
<strong>ASSEMBLÉES, CONSEILS, RÉUNIONS</strong></p>
<p>L’assemblée générale 2023 de l&rsquo;AAESOR</p>
<p><strong>ACTIVITÉS DANS LES RÉGIONS</strong></p>
<p>CENTRE &#8211; VAL DE LOIRE<br />
&#8211; L&rsquo;AAESOR visite la PCA et la BA 123</p>
<p>&#8211; L&rsquo;AAESOR visite CANOPEE et le site de Bellande<br />
&#8211; Passation de commandements sur la BA 123 d&rsquo;Orléans<br />
NOUVELLE AQUITAINE</p>
<p>&#8211; Baptême de la promotion 155 de l&rsquo;EETAAE<br />
&#8211; Mr Berthomé honoré sur la BA 106</p>
<ul>
<li>Baptême de la promotion 2022 de l&rsquo;EFSOAAE</li>
<li>Prises de commandement sur la BA 118</li>
</ul>
<p>PARIS-ÎLE DE FRANCE</p>
<p>&#8211; Cérémonie sur l&rsquo;aérodrome d&rsquo;Étampes-Mondésir</p>
<p>&#8211; Cérémonie su stand de tir de Balard</p>
<p>&#8211; 83<sup>e</sup> anniversaire de l&rsquo;appel du 18 juin 1940</p>
<p>&#8211; Salon du Bourget du 19 au 25 juin 2023</p>
<p>&#8211; Exposition du 14 juillet aux Invalides</p>
<p>&#8211; Exposition du 14 juillet au parc Citroën</p>
<p>&#8211; Commémoration de la rafle du Vel d&rsquo;Hiv</p>
<p>PROVENCE-ALPES-CÔTE D&rsquo;AZUR</p>
<p>&#8211; Meeting sur BA 701 Salon de Provence</p>
<p>&nbsp;</p>
<p><strong>HISTOIRE-TECHNIQUE</strong></p>
<p>&#8211; Historique de la Patrouille de France</p>
<p>&#8211; Les deux Jaguar de Saint-Dizier</p>
<p>&#8211; Les Microjet 200 et 200B</p>
<p>&nbsp;</p>
<p><strong>DIVERS</strong></p>
<p>Nos disparus</p>
<p>Nouveaux adhérents</p>
<p>Les reconnaissez-vous ?</p>
<p>Informations aux adhérents</p>
<p>Cotisations-Coordonnées du trésorier<br />
La boutique</p>
<p>&nbsp;</p>

<p>SOMMAIRE du MILLE-PATTES N° 39 de novembre 2023 &nbsp; Le mot du Président Le mot du Général ASSEMBLÉES, CONSEILS, RÉUNIONS L’assemblée générale 2023 de l&rsquo;AAESOR ACTIVITÉS DANS LES RÉGIONS CENTRE &#8211; VAL DE LOIRE &#8211; L&rsquo;AAESOR visite la PCA et la BA 123 &#8211; L&rsquo;AAESOR visite CANOPEE et le site de Bellande &#8211; Passation de [&hellip;]</p>
