{"id":1788,"date":"2023-03-13T19:45:45","date_gmt":"2023-03-13T18:45:45","guid":{"rendered":"http:\/\/www.aaesor721.fr\/?page_id=1788"},"modified":"2023-05-01T11:14:10","modified_gmt":"2023-05-01T09:14:10","slug":"mr-berthome-honore-sur-la-ba-106","status":"publish","type":"page","link":"http:\/\/www.aaesor721.fr\/index.php\/mr-berthome-honore-sur-la-ba-106\/","title":{"rendered":"Mr Berthom\u00e9 honor\u00e9 sur la BA 106"},"content":{"rendered":"<p style=\"text-align: center;\">Monsieur Berthom\u00e9 honor\u00e9 sur la BA 106.<\/p>\n<p style=\"text-align: left;\">Le 14 mars 2023, le commandant Berthom\u00e9, commandeur de la L\u00e9gion d&rsquo;Honneur depuis 2005\u00a0 \u00e0 \u00e9t\u00e9 \u00e9lev\u00e9 \u00e0 la dignit\u00e9 de grand officier de la L\u00e9gion d&rsquo;honneur lors d&rsquo;une c\u00e9r\u00e9monie organis\u00e9e sur la Base a\u00e9rienne 106 de Bordeaux-M\u00e9rignac et pr\u00e9sid\u00e9e par le g\u00e9n\u00e9ral de corps a\u00e9rien Laurent Lherbette, commandant des forces a\u00e9riennes. Cette distinction lui a \u00e9t\u00e9 remise par le g\u00e9n\u00e9ral d&rsquo;arm\u00e9e a\u00e9rienne Vincent Lanata, Grand Croix de la L\u00e9gion d&rsquo;honneur.<\/p>\n<p><img decoding=\"async\" loading=\"lazy\" class=\"alignnone size-medium wp-image-1814\" src=\"http:\/\/www.aaesor721.fr\/wp-content\/uploads\/2023\/04\/berthome-1-300x199.jpg\" alt=\"\" width=\"300\" height=\"199\" srcset=\"http:\/\/www.aaesor721.fr\/wp-content\/uploads\/2023\/04\/berthome-1-300x199.jpg 300w, http:\/\/www.aaesor721.fr\/wp-content\/uploads\/2023\/04\/berthome-1-1024x680.jpg 1024w, http:\/\/www.aaesor721.fr\/wp-content\/uploads\/2023\/04\/berthome-1-768x510.jpg 768w, http:\/\/www.aaesor721.fr\/wp-content\/uploads\/2023\/04\/berthome-1.jpg 1043w\" sizes=\"(max-width: 300px) 100vw, 300px\" \/><\/p>\n<p style=\"text-align: left;\">Monsieur Marcel Berthom\u00e9 est \u00e0 101 ans le doyen de notre association. N\u00e9 en 1922, entr\u00e9 \u00e0 l&rsquo;\u00e9cole de Rochefort en 1939, sa fabuleuse carri\u00e8re de\u00a0 m\u00e9canicien radio navigant l&rsquo;a amen\u00e9 \u00e0 participer \u00e0 des missions de bombardement sur l&rsquo;Allemagne nazie dans les Groupes Lourds fran\u00e7ais int\u00e9gr\u00e9s \u00e0 la RAF; Apr\u00e8s la guerre, la carri\u00e8re qu&rsquo;il a poursuivie dans l&rsquo;arm\u00e9e de l&rsquo;air l&rsquo;a entre autres fait participer de mani\u00e8re directe \u00e0 permettre une prise \u00a0de d\u00e9cision tactique concernant le d\u00e9clenchement l&rsquo;op\u00e9ration Castor \u00e0 Dien Bien Phu. En fin de carri\u00e8re, en 1973, Monsieur Berthom\u00e9 avait \u00e9t\u00e9 promu au grade de Commandant de r\u00e9serve. Il totalisait \u00e0 l&rsquo;\u00e9poque 7500 heures de vol, 454 missions de guerre et arborait un grand nombre de d\u00e9corations fran\u00e7aises et \u00e9trang\u00e8res.<\/p>\n<p><img decoding=\"async\" loading=\"lazy\" class=\"alignnone size-medium wp-image-1815\" src=\"http:\/\/www.aaesor721.fr\/wp-content\/uploads\/2023\/04\/Berthome.2-300x199.jpg\" alt=\"\" width=\"300\" height=\"199\" srcset=\"http:\/\/www.aaesor721.fr\/wp-content\/uploads\/2023\/04\/Berthome.2-300x199.jpg 300w, http:\/\/www.aaesor721.fr\/wp-content\/uploads\/2023\/04\/Berthome.2-1024x679.jpg 1024w, http:\/\/www.aaesor721.fr\/wp-content\/uploads\/2023\/04\/Berthome.2-768x509.jpg 768w, http:\/\/www.aaesor721.fr\/wp-content\/uploads\/2023\/04\/Berthome.2.jpg 1045w\" sizes=\"(max-width: 300px) 100vw, 300px\" \/><\/p>\n<p style=\"text-align: left;\">Le Pr\u00e9sident de l&rsquo;AAESOR\u00a0 et tous les adh\u00e9rents le f\u00e9licitent chaleureusement.<\/p>\n","protected":false},"excerpt":{"rendered":"<p>Monsieur Berthom\u00e9 honor\u00e9 sur la BA 106. Le 14 mars 2023, le commandant Berthom\u00e9, commandeur de la L\u00e9gion d&rsquo;Honneur depuis 2005\u00a0 \u00e0 \u00e9t\u00e9 \u00e9lev\u00e9 \u00e0 la dignit\u00e9 de grand officier de la L\u00e9gion d&rsquo;honneur lors d&rsquo;une c\u00e9r\u00e9monie organis\u00e9e sur la Base a\u00e9rienne 106 de Bordeaux-M\u00e9rignac et pr\u00e9sid\u00e9e par le g\u00e9n\u00e9ral de corps a\u00e9rien Laurent Lherbette, [&hellip;]<\/p>\n","protected":false},"author":4,"featured_media":0,"parent":0,"menu_order":0,"comment_status":"closed","ping_status":"closed","template":"","meta":[],"_links":{"self":[{"href":"http:\/\/www.aaesor721.fr\/index.php\/wp-json\/wp\/v2\/pages\/1788"}],"collection":[{"href":"http:\/\/www.aaesor721.fr\/index.php\/wp-json\/wp\/v2\/pages"}],"about":[{"href":"http:\/\/www.aaesor721.fr\/index.php\/wp-json\/wp\/v2\/types\/page"}],"author":[{"embeddable":true,"href":"http:\/\/www.aaesor721.fr\/index.php\/wp-json\/wp\/v2\/users\/4"}],"replies":[{"embeddable":true,"href":"http:\/\/www.aaesor721.fr\/index.php\/wp-json\/wp\/v2\/comments?post=1788"}],"version-history":[{"count":9,"href":"http:\/\/www.aaesor721.fr\/index.php\/wp-json\/wp\/v2\/pages\/1788\/revisions"}],"predecessor-version":[{"id":1817,"href":"http:\/\/www.aaesor721.fr\/index.php\/wp-json\/wp\/v2\/pages\/1788\/revisions\/1817"}],"wp:attachment":[{"href":"http:\/\/www.aaesor721.fr\/index.php\/wp-json\/wp\/v2\/media?parent=1788"}],"curies":[{"name":"wp","href":"https:\/\/api.w.org\/{rel}","templated":true}]}}